{"id":701,"date":"2022-03-22T12:00:46","date_gmt":"2022-03-22T10:00:46","guid":{"rendered":"http:\/\/ventilatsiooniseade.ee\/?post_type=product&#038;p=701"},"modified":"2022-03-22T12:03:24","modified_gmt":"2022-03-22T10:03:24","slug":"vents-micra-80-a3","status":"publish","type":"product","link":"https:\/\/ventilatsiooniseade.ee\/?product=vents-micra-80-a3","title":{"rendered":"Vents MICRA 80 A3"},"content":{"rendered":"<table width=\"507\">\n<tbody>\n<tr>\n<td width=\"278\"><strong>Parameetrid<\/strong><\/td>\n<td colspan=\"2\" width=\"165\"><strong>V\u00e4\u00e4rtus<\/strong><\/td>\n<td width=\"64\"><strong>M\u00f5\u00f5t\u00fchi<\/strong>k<\/td>\n<\/tr>\n<tr>\n<td width=\"278\">Soojustagastuse efektiivsus<\/td>\n<td colspan=\"2\" width=\"165\">77<\/td>\n<td width=\"64\">kuni %<\/td>\n<\/tr>\n<tr>\n<td width=\"278\">Kiirus<\/td>\n<td colspan=\"2\" width=\"165\">1;3<\/td>\n<td width=\"64\"><\/td>\n<\/tr>\n<tr>\n<td width=\"278\">Toitepinge<\/td>\n<td colspan=\"2\" width=\"165\">230<\/td>\n<td width=\"64\">V<\/td>\n<\/tr>\n<tr>\n<td>Faaside arv<\/td>\n<td colspan=\"2\" width=\"165\">1<\/td>\n<td width=\"64\">\u02dc<\/td>\n<\/tr>\n<tr>\n<td width=\"278\">V\u00f5imsus<\/td>\n<td colspan=\"2\" width=\"165\">25\u00a0\u00a0\/\u00a0\u00a057<\/td>\n<td width=\"64\">W<\/td>\n<\/tr>\n<tr>\n<td width=\"278\">Voolusagedus<\/td>\n<td colspan=\"2\" width=\"165\">50<\/td>\n<td width=\"64\">Hz<\/td>\n<\/tr>\n<tr>\n<td width=\"278\">Voolutarve<\/td>\n<td colspan=\"2\" width=\"165\">0.15\u00a0\u00a0\/\u00a0\u00a00.34<\/td>\n<td width=\"64\">A<\/td>\n<\/tr>\n<tr>\n<td width=\"278\">\u00d5huhulgad<\/td>\n<td colspan=\"2\" width=\"165\">40\u00a0\u00a0\/\u00a0\u00a080<\/td>\n<td width=\"64\">m\u00b3\/h<\/td>\n<\/tr>\n<tr>\n<td width=\"278\"><\/td>\n<td colspan=\"2\" width=\"165\">23,56\u00a0\u00a0\/\u00a0\u00a047,12<\/td>\n<td width=\"64\">CFM<\/td>\n<\/tr>\n<tr>\n<td width=\"278\"><\/td>\n<td colspan=\"2\" width=\"165\">11,12\u00a0\u00a0\/\u00a0\u00a022,24<\/td>\n<td width=\"64\">l\/s<\/td>\n<\/tr>\n<tr>\n<td width=\"278\"><\/td>\n<td colspan=\"2\" width=\"165\">0,01112\u00a0\u00a0\/\u00a0\u00a00,02224<\/td>\n<td width=\"64\">m\u00b3\/s<\/td>\n<\/tr>\n<tr>\n<td width=\"278\"><\/td>\n<td colspan=\"2\" width=\"165\">668\u00a0\u00a0\/\u00a0\u00a01336<\/td>\n<td width=\"64\">l\/m<\/td>\n<\/tr>\n<tr>\n<td width=\"278\">Helisurve 3 meetri kaugusel<\/td>\n<td colspan=\"2\" width=\"165\">24\u00a0\u00a0\/\u00a0\u00a041<\/td>\n<td width=\"64\">[dBA]<\/td>\n<\/tr>\n<tr>\n<td width=\"278\">Kesta materjal<\/td>\n<td colspan=\"2\" width=\"165\">pol\u00fcmeeriga kaetud teras<\/td>\n<td width=\"64\"><\/td>\n<\/tr>\n<tr>\n<td width=\"278\">Isolatsioon<\/td>\n<td colspan=\"2\" width=\"165\">pol\u00fcet\u00fcleenvaht<\/td>\n<td width=\"64\"><\/td>\n<\/tr>\n<tr>\n<td width=\"278\">Isolatsiooni paksus<\/td>\n<td colspan=\"2\" width=\"165\">15<\/td>\n<td width=\"64\">mm<\/td>\n<\/tr>\n<tr>\n<td width=\"278\">Filter: v\u00e4ljat\u00f5mme<\/td>\n<td colspan=\"2\" width=\"165\">G4<\/td>\n<td width=\"64\"><\/td>\n<\/tr>\n<tr>\n<td width=\"278\">Filter: sissepuhe<\/td>\n<td colspan=\"2\" width=\"165\">G4<\/td>\n<td width=\"64\"><\/td>\n<\/tr>\n<tr>\n<td width=\"278\">\u00dchendustoru diameeter<\/td>\n<td colspan=\"2\" width=\"165\">125<\/td>\n<td width=\"64\">mm<\/td>\n<\/tr>\n<tr>\n<td width=\"278\">Soojustagasti t\u00fc\u00fcp<\/td>\n<td colspan=\"2\" width=\"165\">ristvoolne<\/td>\n<td width=\"64\"><\/td>\n<\/tr>\n<tr>\n<td width=\"278\">Soojusvaheti materjal<\/td>\n<td colspan=\"2\" width=\"165\">pol\u00fcmeeritud tselluloos<\/td>\n<td width=\"64\"><\/td>\n<\/tr>\n<tr>\n<td>Maksimaalne t\u00f6\u00f6deldava \u00f5hu temperatuur<\/td>\n<td colspan=\"2\" width=\"165\">\u00a0-25 +50<\/td>\n<td width=\"64\"><sup>\u043e<\/sup>C<\/td>\n<\/tr>\n<tr>\n<td width=\"278\">Kaal<\/td>\n<td colspan=\"2\" width=\"165\">17<\/td>\n<td width=\"64\">kg<\/td>\n<\/tr>\n<\/tbody>\n<\/table>\n<div id=\"attachment_702\" style=\"width: 260px\" class=\"wp-caption alignleft\"><a href=\"https:\/\/ventilatsiooniseade.ee\/wp-content\/uploads\/2015\/11\/VENTS-MICRA-80-A3-m\u00f5\u00f5dud.jpg\"><img loading=\"lazy\" decoding=\"async\" aria-describedby=\"caption-attachment-702\" class=\"size-full wp-image-702\" src=\"https:\/\/ventilatsiooniseade.ee\/wp-content\/uploads\/2015\/11\/VENTS-MICRA-80-A3-m\u00f5\u00f5dud.jpg\" alt=\"Ruumip\u00f5hine soojustagastusega ventilatsiooniseade\" width=\"250\" height=\"345\" srcset=\"https:\/\/ventilatsiooniseade.ee\/wp-content\/uploads\/2015\/11\/VENTS-MICRA-80-A3-m\u00f5\u00f5dud.jpg 250w, https:\/\/ventilatsiooniseade.ee\/wp-content\/uploads\/2015\/11\/VENTS-MICRA-80-A3-m\u00f5\u00f5dud-217x300.jpg 217w, https:\/\/ventilatsiooniseade.ee\/wp-content\/uploads\/2015\/11\/VENTS-MICRA-80-A3-m\u00f5\u00f5dud-78x107.jpg 78w\" sizes=\"auto, (max-width: 250px) 100vw, 250px\" \/><\/a><p id=\"caption-attachment-702\" class=\"wp-caption-text\">VENTS MICRA 80 A3 m\u00f5\u00f5dud<\/p><\/div>\n","protected":false},"excerpt":{"rendered":"<p>Ruumip\u00f5hine soojustagastusega ventilatsiooniseade tasakaalustatud energias\u00e4\u00e4stuks. M\u00f5eldud kasutamiseks korterites, maamajades ning \u00fchiskondlikes- ja \u00e4rihoonetes. Ei ole vaja t\u00fclikaid trorusid laiali vedada, kuna seade kinnitub otse ruumis olevale v\u00e4lisseinale.<\/p>\n<p>\u00d5huvahetus 40-80 m3\/h.<\/p>\n<p>Soojustagastuse m\u00e4\u00e4r 68-77%.<\/p>\n","protected":false},"featured_media":718,"comment_status":"closed","ping_status":"closed","template":"","meta":[],"product_brand":[],"product_cat":[20],"product_tag":[],"class_list":{"0":"post-701","1":"product","2":"type-product","3":"status-publish","4":"has-post-thumbnail","6":"product_cat-ruumipohised-seadmed","8":"first","9":"instock","10":"shipping-taxable","11":"purchasable","12":"product-type-simple"},"_links":{"self":[{"href":"https:\/\/ventilatsiooniseade.ee\/index.php?rest_route=\/wp\/v2\/product\/701","targetHints":{"allow":["GET"]}}],"collection":[{"href":"https:\/\/ventilatsiooniseade.ee\/index.php?rest_route=\/wp\/v2\/product"}],"about":[{"href":"https:\/\/ventilatsiooniseade.ee\/index.php?rest_route=\/wp\/v2\/types\/product"}],"replies":[{"embeddable":true,"href":"https:\/\/ventilatsiooniseade.ee\/index.php?rest_route=%2Fwp%2Fv2%2Fcomments&post=701"}],"wp:featuredmedia":[{"embeddable":true,"href":"https:\/\/ventilatsiooniseade.ee\/index.php?rest_route=\/wp\/v2\/media\/718"}],"wp:attachment":[{"href":"https:\/\/ventilatsiooniseade.ee\/index.php?rest_route=%2Fwp%2Fv2%2Fmedia&parent=701"}],"wp:term":[{"taxonomy":"product_brand","embeddable":true,"href":"https:\/\/ventilatsiooniseade.ee\/index.php?rest_route=%2Fwp%2Fv2%2Fproduct_brand&post=701"},{"taxonomy":"product_cat","embeddable":true,"href":"https:\/\/ventilatsiooniseade.ee\/index.php?rest_route=%2Fwp%2Fv2%2Fproduct_cat&post=701"},{"taxonomy":"product_tag","embeddable":true,"href":"https:\/\/ventilatsiooniseade.ee\/index.php?rest_route=%2Fwp%2Fv2%2Fproduct_tag&post=701"}],"curies":[{"name":"wp","href":"https:\/\/api.w.org\/{rel}","templated":true}]}}