{"id":6577,"date":"2026-03-25T16:18:44","date_gmt":"2026-03-25T14:18:44","guid":{"rendered":"https:\/\/ventilatsiooniseade.ee\/?post_type=product&#038;p=6577"},"modified":"2026-04-22T16:58:54","modified_gmt":"2026-04-22T13:58:54","slug":"renson-flux-wall-475","status":"publish","type":"product","link":"https:\/\/ventilatsiooniseade.ee\/?product=renson-flux-wall-475","title":{"rendered":"Renson Flux+ Wall 475"},"content":{"rendered":"<p><strong>N\u00f5udlusp\u00f5hine, energiat\u00f5hus tasakaalustatud ventilatsioon lihtsa paigaldusega.<\/strong><br \/>\nFlux+ Wall on osa energiat\u00f5husast D+ ventilatsioonikontseptsioonist, mis p\u00f5hineb n\u00f5udlusp\u00f5hisel tasakaalustatud ventilatsioonil ja soojustagastusel.<br \/>\nSee v\u00e4ga t\u00f5hus seade tagab alati hea \u00f5hukvaliteedi k\u00f5ige energias\u00e4\u00e4stlikumal viisil.<\/p>\n<h3 data-start=\"400\" data-end=\"421\">Peamised omadused<\/h3>\n<p><!--StartFragment --><\/p>\n<ul>\n<li>Revolutsioon D+ ventilatsioonis: <strong>30% v\u00e4iksem energiatarve <\/strong>v\u00f5rreldes konkurentidega<\/li>\n<li><!--StartFragment --><!--EndFragment -->N\u00f5udlusp\u00f5hine juhtimine CO\u2082-, niiskus- (RH) ja VOC\u2011sensorite abil seadme sees<\/li>\n<li>Vastuvoolu soojusvaheti kuni <strong>91% soojustagastusega<\/strong><\/li>\n<li>Aja kokkuhoid: paigaldaja rakenduses samm\u2011sammuline t\u00f6\u00f6voog ventilatsioonis\u00fcsteemi kiireks ja t\u00f6\u00f6kindlaks seadistamiseks (vaata allpool video)<\/li>\n<li>Muudetav vasakult\u2011paremale versiooniks <strong>tarkvaraseadistusega<\/strong> paigaldusrakenduses<\/li>\n<li>Paindlik paigaldus t\u00e4nu <strong>\u00fclemistele ja k\u00fclg\u00fchendustele<\/strong><\/li>\n<li>Lihtne hooldus: iga komponent on v\u00f5imalik eemaldada <strong>v\u00e4hem kui 5 minutiga<\/strong><\/li>\n<li>Nutikas filtriteavituss\u00fcsteem: m\u00f5\u00f5dab filtri tegelikku m\u00e4\u00e4rdumist ja saadab info elanikule<\/li>\n<li>H\u00fcbriidne k\u00fclmakaitse koos (valikulise) <strong>integreeritud elektrilise k\u00fctteelemendiga<\/strong><\/li>\n<\/ul>\n<p><!--EndFragment --><\/p>\n<h3 data-start=\"1058\" data-end=\"1079\">Tehnilised andmed<\/h3>\n<p><!--StartFragment --><\/p>\n<table>\n<thead>\n<tr>\n<th>Spetsifikatsioon<\/th>\n<th>Kirjeldus<\/th>\n<\/tr>\n<\/thead>\n<tbody>\n<tr>\n<td><strong>Maksimaalne ventilatsioonivool<\/strong><\/td>\n<td>475 m\u00b3\/h r\u00f5hul 200 Pa<\/td>\n<\/tr>\n<tr>\n<td><strong>Soojustagastuse efektiivsus (EN13141-7)<\/strong><\/td>\n<td>Vastab Eesti energiadirektiivile<\/td>\n<\/tr>\n<tr>\n<td>\u2013 300 m\u00b3\/h juures<\/td>\n<td>89%<\/td>\n<\/tr>\n<tr>\n<td>\u2013 350 m\u00b3\/h juures<\/td>\n<td>88%<\/td>\n<\/tr>\n<tr>\n<td>\u2013 400 m\u00b3\/h juures<\/td>\n<td>86%<\/td>\n<\/tr>\n<tr>\n<td>\u2013 475 m\u00b3\/h juures<\/td>\n<td>85%<\/td>\n<\/tr>\n<tr>\n<td><strong>Maksimaalne energiatarve<\/strong><\/td>\n<td>2 \u00d7 83 W<\/td>\n<\/tr>\n<tr>\n<td><strong>M\u00fcratase<\/strong><\/td>\n<td>51,0 dB(A)<\/td>\n<\/tr>\n<tr>\n<td><strong>Energiaklass (direktiiv 2010\/30\/EU)<\/strong><\/td>\n<td>A+<\/td>\n<\/tr>\n<tr>\n<td><strong>Toitepinge<\/strong><\/td>\n<td>230 V AC (\u221215% \/ +10%), 50\/60 Hz<\/td>\n<\/tr>\n<tr>\n<td><strong>Toitekaabel<\/strong><\/td>\n<td>2 m, EU pistik<\/td>\n<\/tr>\n<tr>\n<td><strong>M\u00f5\u00f5tmed (K \u00d7 L \u00d7 S)<\/strong><\/td>\n<td>870 \u00d7 790 \u00d7 580 mm<\/td>\n<\/tr>\n<tr>\n<td><strong>Kaal<\/strong><\/td>\n<td>29 kg<\/td>\n<\/tr>\n<tr>\n<td><strong>Paigaldus<\/strong><\/td>\n<td>Seinale kinnitatav; tarkvaraga muudetav vasak\/parem versioon; v\u00f5imalik ka p\u00f5randapaigaldus lisatarvikuga<\/td>\n<\/tr>\n<tr>\n<td><strong>\u00dchendused<\/strong><\/td>\n<td>\u00d8180 mm sisem\u00f5\u00f5t v\u00f5i \u00d8200 mm kaasasolevate \u00e4\u00e4rikutega; kondensaadi \u00e4ravool \u00d832 mm; \u00fchendused v\u00f5imalikud pealt ja k\u00fcljelt<\/td>\n<\/tr>\n<tr>\n<td><strong>Bypass-funktsioon<\/strong><\/td>\n<td>Jah, t\u00e4ielik (100%)<\/td>\n<\/tr>\n<tr>\n<td><strong>Breeze-funktsioon<\/strong><\/td>\n<td>Passiivne jahutus vajaduse korral, suurendades ajutiselt ventilatsiooni<\/td>\n<\/tr>\n<tr>\n<td><strong>K\u00fclmakaitse<\/strong><\/td>\n<td>Standardne (tasakaalustamatusel p\u00f5hinev)<\/td>\n<\/tr>\n<tr>\n<td><strong>Automaatne juhtimine<\/strong><\/td>\n<td>Jah, konstantse \u00f5huvoolu s\u00e4ilitamiseks<\/td>\n<\/tr>\n<tr>\n<td><strong>Ventilaator<\/strong><\/td>\n<td>Uue p\u00f5lvkonna EC\u2011mootorid, vaiksed ja energiat\u00f5husad, tagasik\u00e4\u00e4nduva labaga<\/td>\n<\/tr>\n<tr>\n<td><strong>Maksimaalne ventilaatori r\u00f5hk<\/strong><\/td>\n<td>Kuni 450 Pa; soovituslik t\u00f6\u00f6vahemik \u2264 200 Pa; optimaalne 100\u2013150 Pa<\/td>\n<\/tr>\n<tr>\n<td><strong>Kalibratsioonir\u00f5hu lugemine<\/strong><\/td>\n<td>Paigaldusrakenduse ja Rensoni veebip\u00f5hise t\u00f6\u00f6riista kaudu<\/td>\n<\/tr>\n<tr>\n<td><strong>V\u00e4lised \u00fchendused<\/strong><\/td>\n<td>1\u00d7 Ethernet; 2\u00d7 USB (Wi\u2011Fi dongle kaasas); 3\u00d7 digitaalsisendid\/v\u00e4ljundid (ventilatsiooni juhtimiseks, vigade ja filtriteavituste tagasisideks)<\/td>\n<\/tr>\n<\/tbody>\n<\/table>\n<p>&nbsp;<\/p>\n<p><strong>ALLALAADIMISEKS<\/strong>:<\/p>\n<p><a href=\"https:\/\/dam.renson.net\/m\/4e5d78a7c2271c5e\/original\/TF_Flux-_Wall_en.pdf\" target=\"_blank\" rel=\"noopener\">Tootja tehniline leht<\/a><\/p>\n<p>&nbsp;<\/p>\n<p><strong>VIDEOD:<\/strong><\/p>\n<div style=\"width: 1920px;\" class=\"wp-video\"><video class=\"wp-video-shortcode\" id=\"video-6577-1\" width=\"1920\" height=\"1080\" preload=\"metadata\" controls=\"controls\"><source type=\"video\/mp4\" src=\"https:\/\/ventilatsiooniseade.ee\/wp-content\/uploads\/2026\/03\/FluxWall_animatie_ENG_V5.mp4?_=1\" \/><a href=\"https:\/\/ventilatsiooniseade.ee\/wp-content\/uploads\/2026\/03\/FluxWall_animatie_ENG_V5.mp4\">https:\/\/ventilatsiooniseade.ee\/wp-content\/uploads\/2026\/03\/FluxWall_animatie_ENG_V5.mp4<\/a><\/video><\/div>\n<p>&nbsp;<\/p>\n<div style=\"width: 888px;\" class=\"wp-video\"><video class=\"wp-video-shortcode\" id=\"video-6577-2\" width=\"888\" height=\"1920\" preload=\"metadata\" controls=\"controls\"><source type=\"video\/mp4\" src=\"https:\/\/ventilatsiooniseade.ee\/wp-content\/uploads\/2026\/03\/HTV_B2B_FluxFlatCalibration_en_EU.mp4?_=2\" \/><a href=\"https:\/\/ventilatsiooniseade.ee\/wp-content\/uploads\/2026\/03\/HTV_B2B_FluxFlatCalibration_en_EU.mp4\">https:\/\/ventilatsiooniseade.ee\/wp-content\/uploads\/2026\/03\/HTV_B2B_FluxFlatCalibration_en_EU.mp4<\/a><\/video><\/div>\n<p><!--EndFragment --><\/p>\n","protected":false},"excerpt":{"rendered":"<p><strong>Renson Flux+ Wall 475 <\/strong>n\u00f5udlusp\u00f5hine, energiat\u00f5hus tasakaalustatud ventilatsiooniseade lihtsa paigaldusega.<\/p>\n","protected":false},"featured_media":6267,"comment_status":"closed","ping_status":"closed","template":"","meta":[],"product_brand":[],"product_cat":[13,161,40],"product_tag":[306,307,309,308],"class_list":{"0":"post-6577","1":"product","2":"type-product","3":"status-publish","4":"has-post-thumbnail","6":"product_cat-ventilatsiooniseadmed","7":"product_cat-renson","8":"product_cat-porandakinnitusega-seadmed","9":"product_tag-flux","10":"product_tag-renson","11":"product_tag-ventilatsiooniseade","12":"product_tag-wall","14":"first","15":"instock","16":"shipping-taxable","17":"purchasable","18":"product-type-simple"},"_links":{"self":[{"href":"https:\/\/ventilatsiooniseade.ee\/index.php?rest_route=\/wp\/v2\/product\/6577","targetHints":{"allow":["GET"]}}],"collection":[{"href":"https:\/\/ventilatsiooniseade.ee\/index.php?rest_route=\/wp\/v2\/product"}],"about":[{"href":"https:\/\/ventilatsiooniseade.ee\/index.php?rest_route=\/wp\/v2\/types\/product"}],"replies":[{"embeddable":true,"href":"https:\/\/ventilatsiooniseade.ee\/index.php?rest_route=%2Fwp%2Fv2%2Fcomments&post=6577"}],"wp:featuredmedia":[{"embeddable":true,"href":"https:\/\/ventilatsiooniseade.ee\/index.php?rest_route=\/wp\/v2\/media\/6267"}],"wp:attachment":[{"href":"https:\/\/ventilatsiooniseade.ee\/index.php?rest_route=%2Fwp%2Fv2%2Fmedia&parent=6577"}],"wp:term":[{"taxonomy":"product_brand","embeddable":true,"href":"https:\/\/ventilatsiooniseade.ee\/index.php?rest_route=%2Fwp%2Fv2%2Fproduct_brand&post=6577"},{"taxonomy":"product_cat","embeddable":true,"href":"https:\/\/ventilatsiooniseade.ee\/index.php?rest_route=%2Fwp%2Fv2%2Fproduct_cat&post=6577"},{"taxonomy":"product_tag","embeddable":true,"href":"https:\/\/ventilatsiooniseade.ee\/index.php?rest_route=%2Fwp%2Fv2%2Fproduct_tag&post=6577"}],"curies":[{"name":"wp","href":"https:\/\/api.w.org\/{rel}","templated":true}]}}