{"id":6414,"date":"2026-01-22T09:52:11","date_gmt":"2026-01-22T07:52:11","guid":{"rendered":"https:\/\/ventilatsiooniseade.ee\/?post_type=product&#038;p=6414"},"modified":"2026-04-22T16:59:20","modified_gmt":"2026-04-22T13:59:20","slug":"airfi-mudel-350-entalpia","status":"publish","type":"product","link":"https:\/\/ventilatsiooniseade.ee\/?product=airfi-mudel-350-entalpia","title":{"rendered":"Airfi mudel 350 ENTALPIA"},"content":{"rendered":"<p><a href=\"https:\/\/ventilatsiooniseade.ee\/wp-content\/uploads\/2026\/01\/AIRFI-350-tooteleht.jpeg\"><img loading=\"lazy\" decoding=\"async\" class=\"alignnone size-full wp-image-6405\" src=\"https:\/\/ventilatsiooniseade.ee\/wp-content\/uploads\/2026\/01\/AIRFI-350-tooteleht.jpeg\" alt=\"\" width=\"707\" height=\"794\" srcset=\"https:\/\/ventilatsiooniseade.ee\/wp-content\/uploads\/2026\/01\/AIRFI-350-tooteleht.jpeg 707w, https:\/\/ventilatsiooniseade.ee\/wp-content\/uploads\/2026\/01\/AIRFI-350-tooteleht-267x300.jpeg 267w, https:\/\/ventilatsiooniseade.ee\/wp-content\/uploads\/2026\/01\/AIRFI-350-tooteleht-470x528.jpeg 470w\" sizes=\"auto, (max-width: 707px) 100vw, 707px\" \/><\/a><\/p>\n","protected":false},"excerpt":{"rendered":"<p data-start=\"728\" data-end=\"898\"><strong>Mudel 350<\/strong> sobib suurematele elamutele ja n\u00f5udlikumatele objektidele. Seade tarnitakse <strong data-start=\"814\" data-end=\"853\">reguleeritava ja kinnitatud alusega<\/strong>, mis muudab paigalduse lihtsaks ja mugavaks.<\/p>\n<h3 data-start=\"974\" data-end=\"999\"><strong data-start=\"978\" data-end=\"999\">Tehnilised andmed:<\/strong><\/h3>\n<p data-start=\"1153\" data-end=\"1194\"><strong data-start=\"1153\" data-end=\"1180\">Maksimaalne elamispind:<\/strong> kuni 550 m\u00b2<br \/>\n<strong data-start=\"1197\" data-end=\"1220\">Sissepuhke \u00f5huhulk:<br \/>\n<\/strong>elektriline k\u00fctmine: 349 dm\u00b3\/s<br \/>\nveek\u00fcttega: 345 dm\u00b3\/s<br \/>\n<strong data-start=\"1290\" data-end=\"1313\">V\u00e4ljat\u00f5mbe \u00f5huhulk:<\/strong> 368 dm\u00b3\/s (elekter \/ vesi)<\/p>\n<p><a href=\"https:\/\/ventilatsiooniseade.ee\/wp-content\/uploads\/2024\/05\/Kataloog.pdf\"><span style=\"color: #0000ff;\"><strong>Airfi kataloog<\/strong><\/span><\/a><\/p>\n","protected":false},"featured_media":6397,"comment_status":"closed","ping_status":"closed","template":"","meta":[],"product_brand":[],"product_cat":[13,159],"product_tag":[],"class_list":{"0":"post-6414","1":"product","2":"type-product","3":"status-publish","4":"has-post-thumbnail","6":"product_cat-ventilatsiooniseadmed","7":"product_cat-airfi","9":"first","10":"instock","11":"shipping-taxable","12":"product-type-simple"},"_links":{"self":[{"href":"https:\/\/ventilatsiooniseade.ee\/index.php?rest_route=\/wp\/v2\/product\/6414","targetHints":{"allow":["GET"]}}],"collection":[{"href":"https:\/\/ventilatsiooniseade.ee\/index.php?rest_route=\/wp\/v2\/product"}],"about":[{"href":"https:\/\/ventilatsiooniseade.ee\/index.php?rest_route=\/wp\/v2\/types\/product"}],"replies":[{"embeddable":true,"href":"https:\/\/ventilatsiooniseade.ee\/index.php?rest_route=%2Fwp%2Fv2%2Fcomments&post=6414"}],"wp:featuredmedia":[{"embeddable":true,"href":"https:\/\/ventilatsiooniseade.ee\/index.php?rest_route=\/wp\/v2\/media\/6397"}],"wp:attachment":[{"href":"https:\/\/ventilatsiooniseade.ee\/index.php?rest_route=%2Fwp%2Fv2%2Fmedia&parent=6414"}],"wp:term":[{"taxonomy":"product_brand","embeddable":true,"href":"https:\/\/ventilatsiooniseade.ee\/index.php?rest_route=%2Fwp%2Fv2%2Fproduct_brand&post=6414"},{"taxonomy":"product_cat","embeddable":true,"href":"https:\/\/ventilatsiooniseade.ee\/index.php?rest_route=%2Fwp%2Fv2%2Fproduct_cat&post=6414"},{"taxonomy":"product_tag","embeddable":true,"href":"https:\/\/ventilatsiooniseade.ee\/index.php?rest_route=%2Fwp%2Fv2%2Fproduct_tag&post=6414"}],"curies":[{"name":"wp","href":"https:\/\/api.w.org\/{rel}","templated":true}]}}