{"id":6412,"date":"2026-01-22T09:50:20","date_gmt":"2026-01-22T07:50:20","guid":{"rendered":"https:\/\/ventilatsiooniseade.ee\/?post_type=product&#038;p=6412"},"modified":"2026-04-22T16:59:29","modified_gmt":"2026-04-22T13:59:29","slug":"airfi-mudel-150-entalpia","status":"publish","type":"product","link":"https:\/\/ventilatsiooniseade.ee\/?product=airfi-mudel-150-entalpia","title":{"rendered":"Airfi mudel 150 ENTALPIA"},"content":{"rendered":"<p><a href=\"https:\/\/ventilatsiooniseade.ee\/wp-content\/uploads\/2026\/01\/Toote-infoleht-Airfi-150.jpeg\"><img loading=\"lazy\" decoding=\"async\" class=\"alignnone size-full wp-image-6391\" src=\"https:\/\/ventilatsiooniseade.ee\/wp-content\/uploads\/2026\/01\/Toote-infoleht-Airfi-150.jpeg\" alt=\"\" width=\"689\" height=\"772\" srcset=\"https:\/\/ventilatsiooniseade.ee\/wp-content\/uploads\/2026\/01\/Toote-infoleht-Airfi-150.jpeg 689w, https:\/\/ventilatsiooniseade.ee\/wp-content\/uploads\/2026\/01\/Toote-infoleht-Airfi-150-268x300.jpeg 268w, https:\/\/ventilatsiooniseade.ee\/wp-content\/uploads\/2026\/01\/Toote-infoleht-Airfi-150-470x527.jpeg 470w\" sizes=\"auto, (max-width: 689px) 100vw, 689px\" \/><\/a><\/p>\n","protected":false},"excerpt":{"rendered":"<p data-start=\"179\" data-end=\"403\"><strong data-start=\"179\" data-end=\"198\">Airfi Model 150<\/strong> tagab v\u00e4rske ja tervisliku sise\u00f5hu ka suuremates eluruumides. Seade on spetsiaalselt loodud <strong data-start=\"291\" data-end=\"337\">P\u00f5hjamaade n\u00f5udlikesse kliimatingimustesse<\/strong>, pakkudes t\u00f6\u00f6kindlust ja energiat\u00f5husust ka k\u00fclmadel perioodidel.<\/p>\n<p data-start=\"405\" data-end=\"609\">T\u00e4nu t\u00e4iustatud niiskuse eemaldamise lahendusele seadme p\u00f5hja kaudu t\u00f6\u00f6tab Airfi Model 150 <strong data-start=\"496\" data-end=\"534\">efektiivselt ja energias\u00e4\u00e4stlikult<\/strong>, v\u00e4hendades kondensatsiooni ja tagades stabiilse sisekliima aastaringselt.<\/p>\n<p data-start=\"611\" data-end=\"699\">Seade tarnitakse koos <strong data-start=\"633\" data-end=\"653\">seinakinnitusega<\/strong>, mis v\u00f5imaldab lihtsat ja mugavat paigaldust.<\/p>\n<h3 data-start=\"974\" data-end=\"999\"><strong data-start=\"978\" data-end=\"999\">Tehnilised andmed:<\/strong><\/h3>\n<p data-start=\"1002\" data-end=\"1049\"><strong data-start=\"1002\" data-end=\"1035\">Maksimaalne teenindatav pind:<\/strong> kuni 300 m\u00b2<br \/>\n<strong data-start=\"1052\" data-end=\"1075\">Sissepuhke\u00f5hu maht:<\/strong> 159 dm\u00b3\/s<br \/>\n<strong data-start=\"1090\" data-end=\"1113\">V\u00e4ljat\u00f5mbe\u00f5hu maht:<\/strong> 180 dm\u00b3\/s<br \/>\n<strong data-start=\"1128\" data-end=\"1145\">Energiaklass:<\/strong> A+<\/p>\n<p><a href=\"https:\/\/ventilatsiooniseade.ee\/wp-content\/uploads\/2024\/05\/Kataloog.pdf\"><span style=\"color: #0000ff;\"><strong>Airfi kataloog<\/strong><\/span><\/a><\/p>\n","protected":false},"featured_media":6389,"comment_status":"closed","ping_status":"closed","template":"","meta":[],"product_brand":[],"product_cat":[13,159],"product_tag":[],"class_list":{"0":"post-6412","1":"product","2":"type-product","3":"status-publish","4":"has-post-thumbnail","6":"product_cat-ventilatsiooniseadmed","7":"product_cat-airfi","9":"first","10":"instock","11":"shipping-taxable","12":"product-type-simple"},"_links":{"self":[{"href":"https:\/\/ventilatsiooniseade.ee\/index.php?rest_route=\/wp\/v2\/product\/6412","targetHints":{"allow":["GET"]}}],"collection":[{"href":"https:\/\/ventilatsiooniseade.ee\/index.php?rest_route=\/wp\/v2\/product"}],"about":[{"href":"https:\/\/ventilatsiooniseade.ee\/index.php?rest_route=\/wp\/v2\/types\/product"}],"replies":[{"embeddable":true,"href":"https:\/\/ventilatsiooniseade.ee\/index.php?rest_route=%2Fwp%2Fv2%2Fcomments&post=6412"}],"wp:featuredmedia":[{"embeddable":true,"href":"https:\/\/ventilatsiooniseade.ee\/index.php?rest_route=\/wp\/v2\/media\/6389"}],"wp:attachment":[{"href":"https:\/\/ventilatsiooniseade.ee\/index.php?rest_route=%2Fwp%2Fv2%2Fmedia&parent=6412"}],"wp:term":[{"taxonomy":"product_brand","embeddable":true,"href":"https:\/\/ventilatsiooniseade.ee\/index.php?rest_route=%2Fwp%2Fv2%2Fproduct_brand&post=6412"},{"taxonomy":"product_cat","embeddable":true,"href":"https:\/\/ventilatsiooniseade.ee\/index.php?rest_route=%2Fwp%2Fv2%2Fproduct_cat&post=6412"},{"taxonomy":"product_tag","embeddable":true,"href":"https:\/\/ventilatsiooniseade.ee\/index.php?rest_route=%2Fwp%2Fv2%2Fproduct_tag&post=6412"}],"curies":[{"name":"wp","href":"https:\/\/api.w.org\/{rel}","templated":true}]}}