{"id":6266,"date":"2026-03-05T11:31:49","date_gmt":"2026-03-05T09:31:49","guid":{"rendered":"http:\/\/ventilatsiooniseade.ee\/?post_type=product&#038;p=6266"},"modified":"2026-03-26T12:24:29","modified_gmt":"2026-03-26T10:24:29","slug":"flux-go-wall-330","status":"publish","type":"product","link":"https:\/\/ventilatsiooniseade.ee\/?product=flux-go-wall-330","title":{"rendered":"Renson Flux Go Wall 330"},"content":{"rendered":"<h3 data-start=\"400\" data-end=\"421\">Peamised omadused<\/h3>\n<ul data-start=\"422\" data-end=\"1056\">\n<li data-start=\"422\" data-end=\"477\">\n<p data-start=\"424\" data-end=\"477\">Maksimaalne \u00f5huvooluhulk <strong data-start=\"449\" data-end=\"461\">330 m\u00b3\/h<\/strong> (200 Pa juures)<\/p>\n<\/li>\n<li data-start=\"478\" data-end=\"544\">\n<p data-start=\"480\" data-end=\"544\">V\u00e4ga k\u00f5rge soojuslik efektiivsus (kuni <strong data-start=\"519\" data-end=\"526\">93%<\/strong> soojuse tagastus)<\/p>\n<\/li>\n<li data-start=\"545\" data-end=\"628\">\n<p data-start=\"547\" data-end=\"628\">V\u00e4ike energiakulu \u2013 kuni <strong data-start=\"572\" data-end=\"598\">30% madalam voolutarve<\/strong> v\u00f5rreldes sarnaste seadmetega<\/p>\n<\/li>\n<li data-start=\"629\" data-end=\"738\">\n<p data-start=\"631\" data-end=\"738\">Sisseehitatud niiskusandur, mis juhib ventilatsiooni automaatselt ja tagab ruumides alati hea \u00f5hukvaliteedi<\/p>\n<\/li>\n<li data-start=\"739\" data-end=\"852\">\n<p data-start=\"741\" data-end=\"852\">Kompaktne ja paindlik paigaldus: sobib seina- ja p\u00f5randapaigalduseks, \u00fchendused v\u00f5imalikud \u00fclevalt ja k\u00fclgedelt<\/p>\n<\/li>\n<li data-start=\"853\" data-end=\"947\">\n<p data-start=\"855\" data-end=\"947\">Kiire ja lihtne hooldus \u2013 k\u00f5ik komponendid on ligip\u00e4\u00e4setavad ja eemaldatavad alla 5 minutiga<\/p>\n<\/li>\n<li data-start=\"948\" data-end=\"1012\">\n<p data-start=\"950\" data-end=\"1012\">Integreeritav nutikodulahendustega (USB ja Etherneti liidesed)<\/p>\n<\/li>\n<li data-start=\"1013\" data-end=\"1056\">\n<p data-start=\"1015\" data-end=\"1056\">Vaikne t\u00f6\u00f6 \u2013 helitase alates <strong data-start=\"1044\" data-end=\"1056\">45 dB(A)<\/strong><\/p>\n<\/li>\n<\/ul>\n<h3 data-start=\"1058\" data-end=\"1079\">Tehnilised andmed<\/h3>\n<ul data-start=\"1080\" data-end=\"1360\">\n<li data-start=\"1080\" data-end=\"1125\">\n<p data-start=\"1082\" data-end=\"1125\">M\u00f5\u00f5tmed: <strong data-start=\"1091\" data-end=\"1113\">870 \u00d7 790 \u00d7 580 mm<\/strong> (K \u00d7 L \u00d7 S)<\/p>\n<\/li>\n<li data-start=\"1126\" data-end=\"1143\">\n<p data-start=\"1128\" data-end=\"1143\">Kaal: <strong data-start=\"1134\" data-end=\"1143\">29 kg<\/strong><\/p>\n<\/li>\n<li data-start=\"1144\" data-end=\"1163\">\n<p data-start=\"1146\" data-end=\"1163\">V\u00f5imsus: 2 x 50 W<\/p>\n<\/li>\n<li data-start=\"1164\" data-end=\"1219\">\n<p data-start=\"1166\" data-end=\"1219\">Elektritoide: 230 V (EU pistikuga toitekaabel kaasas)<\/p>\n<\/li>\n<li data-start=\"1220\" data-end=\"1298\">\n<p data-start=\"1222\" data-end=\"1298\">Bypass funktsioon automaatseks ja passiivseks jaheduse reguleerimiseks suvel<\/p>\n<\/li>\n<li data-start=\"1299\" data-end=\"1360\">\n<p data-start=\"1301\" data-end=\"1360\">K\u00f5rge soojuslik efektiivsus vastavalt EN13141-7 standardile<\/p>\n<\/li>\n<\/ul>\n<div style=\"width: 1920px;\" class=\"wp-video\"><video class=\"wp-video-shortcode\" id=\"video-6266-1\" width=\"1920\" height=\"1080\" preload=\"metadata\" controls=\"controls\"><source type=\"video\/mp4\" src=\"https:\/\/ventilatsiooniseade.ee\/wp-content\/uploads\/2026\/03\/FluxWall_animatie_ENG_V5.mp4?_=1\" \/><a href=\"https:\/\/ventilatsiooniseade.ee\/wp-content\/uploads\/2026\/03\/FluxWall_animatie_ENG_V5.mp4\">https:\/\/ventilatsiooniseade.ee\/wp-content\/uploads\/2026\/03\/FluxWall_animatie_ENG_V5.mp4<\/a><\/video><\/div>\n<p>&nbsp;<\/p>\n<p><strong>ALLALAADIMISEKS<\/strong>:<\/p>\n<p><a href=\"https:\/\/ventilatsiooniseade.ee\/wp-content\/uploads\/2026\/03\/TF_Flux_Go_Wall_en.pdf\" target=\"_blank\" rel=\"noopener\">Tootja tehniline leht<\/a><\/p>\n<p><a href=\"https:\/\/ventilatsiooniseade.ee\/wp-content\/uploads\/2026\/03\/Intallation_guide_Flux_Wall_DE_EN.pdf\">Paigaldamisjuhend<\/a><\/p>\n","protected":false},"excerpt":{"rendered":"<p>Renson&#8217;i<strong data-start=\"123\" data-end=\"143\"> Flux Go Wall 330<\/strong> on uusima p\u00f5lvkonna ventilatsiooniseade. V\u00e4ga energiat\u00f5hus, vaikne ja kerg paigaldada ja hooldada.<\/p>\n","protected":false},"featured_media":6267,"comment_status":"closed","ping_status":"closed","template":"","meta":[],"product_brand":[],"product_cat":[121,13,161,40,42],"product_tag":[306,307,309,308],"class_list":{"0":"post-6266","1":"product","2":"type-product","3":"status-publish","4":"has-post-thumbnail","6":"product_cat-top-tooted","7":"product_cat-ventilatsiooniseadmed","8":"product_cat-renson","9":"product_cat-porandakinnitusega-seadmed","10":"product_cat-porandakinnitusega-seadmed-tsentraalsed-seadmed","11":"product_tag-flux","12":"product_tag-renson","13":"product_tag-ventilatsiooniseade","14":"product_tag-wall","16":"first","17":"instock","18":"shipping-taxable","19":"purchasable","20":"product-type-simple"},"_links":{"self":[{"href":"https:\/\/ventilatsiooniseade.ee\/index.php?rest_route=\/wp\/v2\/product\/6266","targetHints":{"allow":["GET"]}}],"collection":[{"href":"https:\/\/ventilatsiooniseade.ee\/index.php?rest_route=\/wp\/v2\/product"}],"about":[{"href":"https:\/\/ventilatsiooniseade.ee\/index.php?rest_route=\/wp\/v2\/types\/product"}],"replies":[{"embeddable":true,"href":"https:\/\/ventilatsiooniseade.ee\/index.php?rest_route=%2Fwp%2Fv2%2Fcomments&post=6266"}],"wp:featuredmedia":[{"embeddable":true,"href":"https:\/\/ventilatsiooniseade.ee\/index.php?rest_route=\/wp\/v2\/media\/6267"}],"wp:attachment":[{"href":"https:\/\/ventilatsiooniseade.ee\/index.php?rest_route=%2Fwp%2Fv2%2Fmedia&parent=6266"}],"wp:term":[{"taxonomy":"product_brand","embeddable":true,"href":"https:\/\/ventilatsiooniseade.ee\/index.php?rest_route=%2Fwp%2Fv2%2Fproduct_brand&post=6266"},{"taxonomy":"product_cat","embeddable":true,"href":"https:\/\/ventilatsiooniseade.ee\/index.php?rest_route=%2Fwp%2Fv2%2Fproduct_cat&post=6266"},{"taxonomy":"product_tag","embeddable":true,"href":"https:\/\/ventilatsiooniseade.ee\/index.php?rest_route=%2Fwp%2Fv2%2Fproduct_tag&post=6266"}],"curies":[{"name":"wp","href":"https:\/\/api.w.org\/{rel}","templated":true}]}}