{"id":6021,"date":"2025-01-20T11:42:16","date_gmt":"2025-01-20T09:42:16","guid":{"rendered":"http:\/\/ventilatsiooniseade.ee\/?product=breezy-eco-160-e-smart-l07"},"modified":"2025-05-30T15:01:08","modified_gmt":"2025-05-30T12:01:08","slug":"breezy-eco-160-e-smart-l07","status":"publish","type":"product","link":"https:\/\/ventilatsiooniseade.ee\/?product=breezy-eco-160-e-smart-l07","title":{"rendered":"Breezy Eco 160-E L07"},"content":{"rendered":"<p><strong>Breezy 160-E L07 &#8211; Tehnilised andmed<\/strong><\/p>\n<table>\n<thead>\n<tr>\n<th><strong>Kirjeldus<\/strong><\/th>\n<th><strong>M\u00f5\u00f5t\u00fchik<\/strong><\/th>\n<th><strong>V\u00e4\u00e4rtus<\/strong><\/th>\n<\/tr>\n<\/thead>\n<tbody>\n<tr>\n<td><strong>\u00d5hukanali l\u00e4bim\u00f5\u00f5t<\/strong><\/td>\n<td>mm<\/td>\n<td>160<\/td>\n<\/tr>\n<tr>\n<td><strong>Faase<\/strong><\/td>\n<td>&#8211;<\/td>\n<td>1<\/td>\n<\/tr>\n<tr>\n<td><strong>Minimaalne toitepinge<\/strong><\/td>\n<td>V<\/td>\n<td>230<\/td>\n<\/tr>\n<tr>\n<td><strong>Maksimaalne toitepinge<\/strong><\/td>\n<td>V<\/td>\n<td>230<\/td>\n<\/tr>\n<tr>\n<td><strong>Toitesagedus<\/strong><\/td>\n<td>Hz<\/td>\n<td>50\/60<\/td>\n<\/tr>\n<tr>\n<td><strong>Nimiv\u00f5imsus<\/strong><\/td>\n<td>W<\/td>\n<td>22<\/td>\n<\/tr>\n<tr>\n<td><strong>Elektrilise eelsoojendi v\u00f5imsus<\/strong><\/td>\n<td>W<\/td>\n<td>100<\/td>\n<\/tr>\n<tr>\n<td><strong>Seadme voolutarve<\/strong><\/td>\n<td>A<\/td>\n<td>0.62<\/td>\n<\/tr>\n<tr>\n<td><strong>Maksimaalne \u00f5huvool<\/strong><\/td>\n<td>m\u00b3\/h<\/td>\n<td>57<\/td>\n<\/tr>\n<tr>\n<td><strong>M\u00fcratase 3 m kaugusel<\/strong><\/td>\n<td>dB(A)<\/td>\n<td>42<\/td>\n<\/tr>\n<tr>\n<td><strong>Soojusenergia taaskasutuse efektiivsus<\/strong><\/td>\n<td>%<\/td>\n<td>88<\/td>\n<\/tr>\n<tr>\n<td><strong>Soojusenergia taaskasutuse efektiivsus max<\/strong><\/td>\n<td>%<\/td>\n<td>88<\/td>\n<\/tr>\n<tr>\n<td><strong>Soojusvaheti materjal<\/strong><\/td>\n<td>&#8211;<\/td>\n<td>Vask<\/td>\n<\/tr>\n<tr>\n<td><strong>Filter<\/strong><\/td>\n<td>&#8211;<\/td>\n<td>G3<\/td>\n<\/tr>\n<tr>\n<td><strong>Transporditava \u00f5hu maksimaalne temperatuur<\/strong><\/td>\n<td>\u00b0C<\/td>\n<td>50<\/td>\n<\/tr>\n<tr>\n<td><strong>Transporditava \u00f5hu minimaalne temperatuur<\/strong><\/td>\n<td>\u00b0C<\/td>\n<td>-30<\/td>\n<\/tr>\n<tr>\n<td><strong>Kaitseklass<\/strong><\/td>\n<td>&#8211;<\/td>\n<td>IPX4<\/td>\n<\/tr>\n<tr>\n<td><strong>Maksimaalne seina paksus<\/strong><\/td>\n<td>mm<\/td>\n<td>700<\/td>\n<\/tr>\n<\/tbody>\n<\/table>\n<p>&nbsp;<\/p>\n<p><a href=\"https:\/\/ventilation-system.com\/download\/breezy-manual-14555.pdf\"><span style=\"color: #0000ff;\"><strong>Kasutusjuhend<\/strong><\/span><\/a><\/p>\n","protected":false},"excerpt":{"rendered":"<p><strong>Nutikas soojustagastusega ventilatsiooniseade \u00fche ruumi jaoks<br \/>\n<a href=\"https:\/\/ventilatsiooniseade.ee\/wp-content\/uploads\/2025\/01\/Kuvat\u00f5mmis_20-1-2025_114248_ventilation-system.com_.jpeg\"><img loading=\"lazy\" decoding=\"async\" class=\"alignleft size-full wp-image-6022\" src=\"https:\/\/ventilatsiooniseade.ee\/wp-content\/uploads\/2025\/01\/Kuvat\u00f5mmis_20-1-2025_114248_ventilation-system.com_.jpeg\" alt=\"EC mootor, Wifi\" width=\"121\" height=\"70\" srcset=\"https:\/\/ventilatsiooniseade.ee\/wp-content\/uploads\/2025\/01\/Kuvat\u00f5mmis_20-1-2025_114248_ventilation-system.com_.jpeg 121w, https:\/\/ventilatsiooniseade.ee\/wp-content\/uploads\/2025\/01\/Kuvat\u00f5mmis_20-1-2025_114248_ventilation-system.com_-80x46.jpeg 80w\" sizes=\"auto, (max-width: 121px) 100vw, 121px\" \/><\/a><br \/>\n<\/strong><\/p>\n<p>&nbsp;<\/p>\n<p>&nbsp;<\/p>\n<p><strong>Elektrilise eelsoojendi v\u00f5imsus:<\/strong> 100 W<br \/>\n<strong>Maksimaalne \u00f5huvool:<\/strong> 57 m\u00b3\/h<br \/>\n<strong>M\u00fcratase 3 m kaugusel:<\/strong> 42 dB(A)<br \/>\n<strong>Soojustagastuse efektiivsus:<\/strong> 88%<br \/>\n<strong>Filter:<\/strong> G3<br \/>\n<strong>Mootori t\u00fc\u00fcp:<\/strong> EC<br \/>\n<strong>Eelsoojendi t\u00fc\u00fcp:<\/strong> Elektriline<br \/>\n<strong>Juhtimine:<\/strong> Kaugjuhtimispult<br \/>\n<strong>Korpuse materjal:<\/strong> Plastik<br \/>\n<strong>Niiskusandur:<\/strong> Jah<br \/>\n<strong>CO2-andur:<\/strong> Jah<br \/>\n<strong>VOC-andur:<\/strong> Jah<br \/>\n<strong>Sisseehitatud temperatuuriandur:<\/strong> Jah<\/p>\n<p>See kaasaegne ventilatsiooniseade pakub t\u00f5husat soojustagastusega ventilatsiooni, tagades ruumis v\u00e4rske \u00f5hu ning energias\u00e4\u00e4stu. T\u00e4nu elektrilisele eelsoojendile ja nutikatele sensoritele kohandub seade automaatselt ruumi tingimustega, pakkudes mugavust igas olukorras.<\/p>\n<p><a href=\"https:\/\/ventilation-system.com\/download\/breezy-eco-datasheet-12070.pdf\"><span style=\"color: #0000ff;\"><strong>Infoleht<\/strong><\/span><\/a><\/p>\n","protected":false},"featured_media":6178,"comment_status":"closed","ping_status":"closed","template":"","meta":[],"product_brand":[],"product_cat":[13,164,17,20],"product_tag":[],"class_list":{"0":"post-6021","1":"product","2":"type-product","3":"status-publish","4":"has-post-thumbnail","6":"product_cat-ventilatsiooniseadmed","7":"product_cat-vents","8":"product_cat-soojustagastusega-ventilatsiooniseadmed","9":"product_cat-ruumipohised-seadmed","11":"first","12":"instock","13":"shipping-taxable","14":"purchasable","15":"product-type-simple"},"_links":{"self":[{"href":"https:\/\/ventilatsiooniseade.ee\/index.php?rest_route=\/wp\/v2\/product\/6021","targetHints":{"allow":["GET"]}}],"collection":[{"href":"https:\/\/ventilatsiooniseade.ee\/index.php?rest_route=\/wp\/v2\/product"}],"about":[{"href":"https:\/\/ventilatsiooniseade.ee\/index.php?rest_route=\/wp\/v2\/types\/product"}],"replies":[{"embeddable":true,"href":"https:\/\/ventilatsiooniseade.ee\/index.php?rest_route=%2Fwp%2Fv2%2Fcomments&post=6021"}],"wp:featuredmedia":[{"embeddable":true,"href":"https:\/\/ventilatsiooniseade.ee\/index.php?rest_route=\/wp\/v2\/media\/6178"}],"wp:attachment":[{"href":"https:\/\/ventilatsiooniseade.ee\/index.php?rest_route=%2Fwp%2Fv2%2Fmedia&parent=6021"}],"wp:term":[{"taxonomy":"product_brand","embeddable":true,"href":"https:\/\/ventilatsiooniseade.ee\/index.php?rest_route=%2Fwp%2Fv2%2Fproduct_brand&post=6021"},{"taxonomy":"product_cat","embeddable":true,"href":"https:\/\/ventilatsiooniseade.ee\/index.php?rest_route=%2Fwp%2Fv2%2Fproduct_cat&post=6021"},{"taxonomy":"product_tag","embeddable":true,"href":"https:\/\/ventilatsiooniseade.ee\/index.php?rest_route=%2Fwp%2Fv2%2Fproduct_tag&post=6021"}],"curies":[{"name":"wp","href":"https:\/\/api.w.org\/{rel}","templated":true}]}}