{"id":5307,"date":"2023-03-10T12:48:08","date_gmt":"2023-03-10T10:48:08","guid":{"rendered":"http:\/\/ventilatsiooniseade.ee\/?product=proff-murasummuti-125-50mm-075m"},"modified":"2024-05-06T11:48:06","modified_gmt":"2024-05-06T08:48:06","slug":"proff-murasummuti-125-50mm-075m","status":"publish","type":"product","link":"https:\/\/ventilatsiooniseade.ee\/?product=proff-murasummuti-125-50mm-075m","title":{"rendered":"Proff m\u00fcrasummuti 125 (50mm) 0,75m"},"content":{"rendered":"<p>M\u00fcrasummutite \u00fchendamine:<\/p>\n<p><a href=\"https:\/\/ventilatsiooniseade.ee\/wp-content\/uploads\/2020\/01\/summuti1-3.png\"><img loading=\"lazy\" decoding=\"async\" class=\"alignnone size-full wp-image-2695\" src=\"https:\/\/ventilatsiooniseade.ee\/wp-content\/uploads\/2020\/01\/summuti1-3.png\" alt=\"summuti1\" width=\"756\" height=\"569\" srcset=\"https:\/\/ventilatsiooniseade.ee\/wp-content\/uploads\/2020\/01\/summuti1-3.png 756w, https:\/\/ventilatsiooniseade.ee\/wp-content\/uploads\/2020\/01\/summuti1-3-470x354.png 470w, https:\/\/ventilatsiooniseade.ee\/wp-content\/uploads\/2020\/01\/summuti1-3-300x226.png 300w, https:\/\/ventilatsiooniseade.ee\/wp-content\/uploads\/2020\/01\/summuti1-3-80x60.png 80w\" sizes=\"auto, (max-width: 756px) 100vw, 756px\" \/><\/a><\/p>\n<p>Allolevas tabelis on v\u00e4lja toodud maksimaalne v\u00f5imalik m\u00fcrasummutus erinevate l\u00e4bim\u00f5\u00f5tudega ja paigaldamisviiside korral<a href=\"https:\/\/ventilatsiooniseade.ee\/wp-content\/uploads\/2020\/01\/M\u00dcRATABEL_075.png\"><img loading=\"lazy\" decoding=\"async\" class=\"alignnone size-full wp-image-2708\" src=\"https:\/\/ventilatsiooniseade.ee\/wp-content\/uploads\/2020\/01\/M\u00dcRATABEL_075.png\" alt=\"M\u00dcRATABEL_0,75\" width=\"1237\" height=\"527\" srcset=\"https:\/\/ventilatsiooniseade.ee\/wp-content\/uploads\/2020\/01\/M\u00dcRATABEL_075.png 1237w, https:\/\/ventilatsiooniseade.ee\/wp-content\/uploads\/2020\/01\/M\u00dcRATABEL_075-470x200.png 470w, https:\/\/ventilatsiooniseade.ee\/wp-content\/uploads\/2020\/01\/M\u00dcRATABEL_075-300x128.png 300w, https:\/\/ventilatsiooniseade.ee\/wp-content\/uploads\/2020\/01\/M\u00dcRATABEL_075-768x327.png 768w, https:\/\/ventilatsiooniseade.ee\/wp-content\/uploads\/2020\/01\/M\u00dcRATABEL_075-1024x436.png 1024w, https:\/\/ventilatsiooniseade.ee\/wp-content\/uploads\/2020\/01\/M\u00dcRATABEL_075-80x34.png 80w\" sizes=\"auto, (max-width: 1237px) 100vw, 1237px\" \/><\/a><\/p>\n","protected":false},"excerpt":{"rendered":"<p>Isoleeritud alumiinuimist m\u00fcrasummuti 0,75m . Isolatsooni paksus 50mm.<\/p>\n","protected":false},"featured_media":2684,"comment_status":"closed","ping_status":"closed","template":"","meta":[],"product_brand":[],"product_cat":[121,126],"product_tag":[],"class_list":{"0":"post-5307","1":"product","2":"type-product","3":"status-publish","4":"has-post-thumbnail","6":"product_cat-top-tooted","7":"product_cat-murasummutid","9":"first","10":"instock","11":"shipping-taxable","12":"purchasable","13":"product-type-simple"},"_links":{"self":[{"href":"https:\/\/ventilatsiooniseade.ee\/index.php?rest_route=\/wp\/v2\/product\/5307","targetHints":{"allow":["GET"]}}],"collection":[{"href":"https:\/\/ventilatsiooniseade.ee\/index.php?rest_route=\/wp\/v2\/product"}],"about":[{"href":"https:\/\/ventilatsiooniseade.ee\/index.php?rest_route=\/wp\/v2\/types\/product"}],"replies":[{"embeddable":true,"href":"https:\/\/ventilatsiooniseade.ee\/index.php?rest_route=%2Fwp%2Fv2%2Fcomments&post=5307"}],"wp:featuredmedia":[{"embeddable":true,"href":"https:\/\/ventilatsiooniseade.ee\/index.php?rest_route=\/wp\/v2\/media\/2684"}],"wp:attachment":[{"href":"https:\/\/ventilatsiooniseade.ee\/index.php?rest_route=%2Fwp%2Fv2%2Fmedia&parent=5307"}],"wp:term":[{"taxonomy":"product_brand","embeddable":true,"href":"https:\/\/ventilatsiooniseade.ee\/index.php?rest_route=%2Fwp%2Fv2%2Fproduct_brand&post=5307"},{"taxonomy":"product_cat","embeddable":true,"href":"https:\/\/ventilatsiooniseade.ee\/index.php?rest_route=%2Fwp%2Fv2%2Fproduct_cat&post=5307"},{"taxonomy":"product_tag","embeddable":true,"href":"https:\/\/ventilatsiooniseade.ee\/index.php?rest_route=%2Fwp%2Fv2%2Fproduct_tag&post=5307"}],"curies":[{"name":"wp","href":"https:\/\/api.w.org\/{rel}","templated":true}]}}