{"id":5216,"date":"2022-10-13T15:41:31","date_gmt":"2022-10-13T12:41:31","guid":{"rendered":"http:\/\/ventilatsiooniseade.ee\/?post_type=product&#038;p=5216"},"modified":"2022-10-14T14:02:39","modified_gmt":"2022-10-14T11:02:39","slug":"ohk-ohk-soojuspump-ftxtm-r","status":"publish","type":"product","link":"https:\/\/ventilatsiooniseade.ee\/?product=ohk-ohk-soojuspump-ftxtm-r","title":{"rendered":"\u00d5hk-\u00f5hk soojuspump FTXTM-R"},"content":{"rendered":"<p><a href=\"https:\/\/ventilatsiooniseade.ee\/wp-content\/uploads\/2022\/10\/FTXTM-R_-Tehniline-tabel.png\"><img loading=\"lazy\" decoding=\"async\" class=\"aligncenter size-large wp-image-5222\" src=\"https:\/\/ventilatsiooniseade.ee\/wp-content\/uploads\/2022\/10\/FTXTM-R_-Tehniline-tabel-1024x570.png\" alt=\"FTXTM-R_ Tehniline tabel\" width=\"1024\" height=\"570\" srcset=\"https:\/\/ventilatsiooniseade.ee\/wp-content\/uploads\/2022\/10\/FTXTM-R_-Tehniline-tabel-1024x570.png 1024w, https:\/\/ventilatsiooniseade.ee\/wp-content\/uploads\/2022\/10\/FTXTM-R_-Tehniline-tabel-470x261.png 470w, https:\/\/ventilatsiooniseade.ee\/wp-content\/uploads\/2022\/10\/FTXTM-R_-Tehniline-tabel-300x167.png 300w, https:\/\/ventilatsiooniseade.ee\/wp-content\/uploads\/2022\/10\/FTXTM-R_-Tehniline-tabel-768x427.png 768w, https:\/\/ventilatsiooniseade.ee\/wp-content\/uploads\/2022\/10\/FTXTM-R_-Tehniline-tabel-80x45.png 80w, https:\/\/ventilatsiooniseade.ee\/wp-content\/uploads\/2022\/10\/FTXTM-R_-Tehniline-tabel.png 1341w\" sizes=\"auto, (max-width: 1024px) 100vw, 1024px\" \/><\/a><\/p>\n","protected":false},"excerpt":{"rendered":"<p><strong>Optimized heating IV<\/strong><\/p>\n<p>&#8211; T\u00f6\u00f6tab efektiivselt kuni -25\u00b0C v\u00e4lis\u00f5hu temperatuuril<br \/>\n&#8211; Maks. k\u00fcttev\u00f5imsus -15\u00b0C v\u00e4listemperatuuril (30R\/40R) &#8211; 4.6\/5.0kW<br \/>\n&#8211; Kaminafunktsioon<br \/>\n&#8211; Daikin Flash Streamer \u00f5hupuhastaja \/ ionisaator<br \/>\n&#8211; Sisetemperatuuri reguleerimise v\u00f5imalus 10\u201330\u00b0C<br \/>\n<strong>&#8211; Integreeritud WiFi kontroller<\/strong><br \/>\n&#8211; Kahe t\u00f6\u00f6piirkonnaga nutikas sensor<br \/>\n&#8211; \u00d6ine re\u017eiim s\u00e4\u00e4stab energiat<br \/>\n&#8211; N\u00e4dalataimer<br \/>\n&#8211; P\u00f5hjasoojenduseta v\u00e4lisosa<br \/>\n&#8211; Madal m\u00fcratase<\/p>\n<p>&nbsp;<\/p>\n<p>K\u00fcsi pakkumist!<\/p>\n","protected":false},"featured_media":5217,"comment_status":"closed","ping_status":"closed","template":"","meta":[],"product_brand":[],"product_cat":[73,145,149,152],"product_tag":[],"class_list":{"0":"post-5216","1":"product","2":"type-product","3":"status-publish","4":"has-post-thumbnail","6":"product_cat-ohksoojuspumbad","7":"product_cat-3-0-kw","8":"product_cat-4-0-kw","9":"product_cat-seinamudelid","11":"first","12":"instock","13":"shipping-taxable","14":"product-type-simple"},"_links":{"self":[{"href":"https:\/\/ventilatsiooniseade.ee\/index.php?rest_route=\/wp\/v2\/product\/5216","targetHints":{"allow":["GET"]}}],"collection":[{"href":"https:\/\/ventilatsiooniseade.ee\/index.php?rest_route=\/wp\/v2\/product"}],"about":[{"href":"https:\/\/ventilatsiooniseade.ee\/index.php?rest_route=\/wp\/v2\/types\/product"}],"replies":[{"embeddable":true,"href":"https:\/\/ventilatsiooniseade.ee\/index.php?rest_route=%2Fwp%2Fv2%2Fcomments&post=5216"}],"wp:featuredmedia":[{"embeddable":true,"href":"https:\/\/ventilatsiooniseade.ee\/index.php?rest_route=\/wp\/v2\/media\/5217"}],"wp:attachment":[{"href":"https:\/\/ventilatsiooniseade.ee\/index.php?rest_route=%2Fwp%2Fv2%2Fmedia&parent=5216"}],"wp:term":[{"taxonomy":"product_brand","embeddable":true,"href":"https:\/\/ventilatsiooniseade.ee\/index.php?rest_route=%2Fwp%2Fv2%2Fproduct_brand&post=5216"},{"taxonomy":"product_cat","embeddable":true,"href":"https:\/\/ventilatsiooniseade.ee\/index.php?rest_route=%2Fwp%2Fv2%2Fproduct_cat&post=5216"},{"taxonomy":"product_tag","embeddable":true,"href":"https:\/\/ventilatsiooniseade.ee\/index.php?rest_route=%2Fwp%2Fv2%2Fproduct_tag&post=5216"}],"curies":[{"name":"wp","href":"https:\/\/api.w.org\/{rel}","templated":true}]}}