{"id":4863,"date":"2025-04-15T09:00:41","date_gmt":"2025-04-15T06:00:41","guid":{"rendered":"http:\/\/ventilatsiooniseade.ee\/?product=vutr-250-p2-ec-l-a21"},"modified":"2025-05-30T14:58:02","modified_gmt":"2025-05-30T11:58:02","slug":"vutr-250-p2-ec-l-a21","status":"publish","type":"product","link":"https:\/\/ventilatsiooniseade.ee\/?product=vutr-250-p2-ec-l-a21","title":{"rendered":"VUTR 250 P2 EC L A21"},"content":{"rendered":"<p>Seadme tehnilised n\u00e4itajad:<\/p>\n<table class=\"min-w-full\" data-start=\"105\" data-end=\"2528\">\n<thead data-start=\"105\" data-end=\"206\">\n<tr data-start=\"105\" data-end=\"206\">\n<th data-start=\"105\" data-end=\"153\"><strong data-start=\"107\" data-end=\"121\">Parameeter<\/strong><\/th>\n<th data-start=\"153\" data-end=\"168\"><strong data-start=\"155\" data-end=\"167\">M\u00f5\u00f5t\u00fchik<\/strong><\/th>\n<th data-start=\"168\" data-end=\"206\"><strong data-start=\"170\" data-end=\"195\">VUTR 250 P2E EC L A21<\/strong><\/th>\n<\/tr>\n<\/thead>\n<tbody data-start=\"307\" data-end=\"2528\">\n<tr data-start=\"307\" data-end=\"407\">\n<td class=\"max-w-[calc(var(--thread-content-max-width)*2\/3)]\" data-start=\"307\" data-end=\"355\">\u00dchendatava \u00f5hukanali suurus<\/td>\n<td class=\"max-w-[calc(var(--thread-content-max-width)*2\/3)]\" data-start=\"355\" data-end=\"370\">mm<\/td>\n<td class=\"max-w-[calc(var(--thread-content-max-width)*2\/3)]\" data-start=\"370\" data-end=\"407\">160<\/td>\n<\/tr>\n<tr data-start=\"408\" data-end=\"508\">\n<td class=\"max-w-[calc(var(--thread-content-max-width)*2\/3)]\" data-start=\"408\" data-end=\"456\">Minimaalne toitepinge<\/td>\n<td class=\"max-w-[calc(var(--thread-content-max-width)*2\/3)]\" data-start=\"456\" data-end=\"471\">V<\/td>\n<td class=\"max-w-[calc(var(--thread-content-max-width)*2\/3)]\" data-start=\"471\" data-end=\"508\">230<\/td>\n<\/tr>\n<tr data-start=\"509\" data-end=\"609\">\n<td class=\"max-w-[calc(var(--thread-content-max-width)*2\/3)]\" data-start=\"509\" data-end=\"557\">Maksimaalne toitepinge<\/td>\n<td class=\"max-w-[calc(var(--thread-content-max-width)*2\/3)]\" data-start=\"557\" data-end=\"572\">V<\/td>\n<td class=\"max-w-[calc(var(--thread-content-max-width)*2\/3)]\" data-start=\"572\" data-end=\"609\">230<\/td>\n<\/tr>\n<tr data-start=\"610\" data-end=\"710\">\n<td class=\"max-w-[calc(var(--thread-content-max-width)*2\/3)]\" data-start=\"610\" data-end=\"658\">Toitesagedus<\/td>\n<td class=\"max-w-[calc(var(--thread-content-max-width)*2\/3)]\" data-start=\"658\" data-end=\"673\">Hz<\/td>\n<td class=\"max-w-[calc(var(--thread-content-max-width)*2\/3)]\" data-start=\"673\" data-end=\"710\">50\/60<\/td>\n<\/tr>\n<tr data-start=\"711\" data-end=\"811\">\n<td class=\"max-w-[calc(var(--thread-content-max-width)*2\/3)]\" data-start=\"711\" data-end=\"759\">Nimiv\u00f5imsus<\/td>\n<td class=\"max-w-[calc(var(--thread-content-max-width)*2\/3)]\" data-start=\"759\" data-end=\"774\">W<\/td>\n<td class=\"max-w-[calc(var(--thread-content-max-width)*2\/3)]\" data-start=\"774\" data-end=\"811\">128<\/td>\n<\/tr>\n<tr data-start=\"812\" data-end=\"912\">\n<td class=\"max-w-[calc(var(--thread-content-max-width)*2\/3)]\" data-start=\"812\" data-end=\"860\">Elektrilise j\u00e4relk\u00fctte v\u00f5imsus<\/td>\n<td class=\"max-w-[calc(var(--thread-content-max-width)*2\/3)]\" data-start=\"860\" data-end=\"875\">W<\/td>\n<td class=\"max-w-[calc(var(--thread-content-max-width)*2\/3)]\" data-start=\"875\" data-end=\"912\">700<\/td>\n<\/tr>\n<tr data-start=\"913\" data-end=\"1013\">\n<td class=\"max-w-[calc(var(--thread-content-max-width)*2\/3)]\" data-start=\"913\" data-end=\"961\">T\u00f6\u00f6vool<\/td>\n<td class=\"max-w-[calc(var(--thread-content-max-width)*2\/3)]\" data-start=\"961\" data-end=\"976\">A<\/td>\n<td class=\"max-w-[calc(var(--thread-content-max-width)*2\/3)]\" data-start=\"976\" data-end=\"1013\">4<\/td>\n<\/tr>\n<tr data-start=\"1014\" data-end=\"1114\">\n<td class=\"max-w-[calc(var(--thread-content-max-width)*2\/3)]\" data-start=\"1014\" data-end=\"1062\">Maksimaalne \u00f5huvooluhulk<\/td>\n<td class=\"max-w-[calc(var(--thread-content-max-width)*2\/3)]\" data-start=\"1062\" data-end=\"1077\">m\u00b3\/h<\/td>\n<td class=\"max-w-[calc(var(--thread-content-max-width)*2\/3)]\" data-start=\"1077\" data-end=\"1114\">300<\/td>\n<\/tr>\n<tr data-start=\"1115\" data-end=\"1215\">\n<td class=\"max-w-[calc(var(--thread-content-max-width)*2\/3)]\" data-start=\"1115\" data-end=\"1163\">Helir\u00f5hutase LpA 3 m kaugusel<\/td>\n<td class=\"max-w-[calc(var(--thread-content-max-width)*2\/3)]\" data-start=\"1163\" data-end=\"1178\">dB(A)<\/td>\n<td class=\"max-w-[calc(var(--thread-content-max-width)*2\/3)]\" data-start=\"1178\" data-end=\"1215\">23<\/td>\n<\/tr>\n<tr data-start=\"1216\" data-end=\"1316\">\n<td class=\"max-w-[calc(var(--thread-content-max-width)*2\/3)] min-w-[calc(var(--thread-content-max-width)\/3)]\" data-start=\"1216\" data-end=\"1264\">Soojuse tagastamise kasutegur, maksimaalne<\/td>\n<td class=\"max-w-[calc(var(--thread-content-max-width)*2\/3)]\" data-start=\"1264\" data-end=\"1279\">%<\/td>\n<td class=\"max-w-[calc(var(--thread-content-max-width)*2\/3)]\" data-start=\"1279\" data-end=\"1316\">87<\/td>\n<\/tr>\n<tr data-start=\"1317\" data-end=\"1417\">\n<td class=\"max-w-[calc(var(--thread-content-max-width)*2\/3)]\" data-start=\"1317\" data-end=\"1365\">Soojusvaheti t\u00fc\u00fcp<\/td>\n<td class=\"max-w-[calc(var(--thread-content-max-width)*2\/3)]\" data-start=\"1365\" data-end=\"1380\">&#8211;<\/td>\n<td class=\"max-w-[calc(var(--thread-content-max-width)*2\/3)]\" data-start=\"1380\" data-end=\"1417\">P\u00f6\u00f6rdsoojusvaheti<\/td>\n<\/tr>\n<tr data-start=\"1418\" data-end=\"1518\">\n<td class=\"max-w-[calc(var(--thread-content-max-width)*2\/3)]\" data-start=\"1418\" data-end=\"1466\">Soojusvaheti materjal<\/td>\n<td class=\"max-w-[calc(var(--thread-content-max-width)*2\/3)]\" data-start=\"1466\" data-end=\"1481\">&#8211;<\/td>\n<td class=\"max-w-[calc(var(--thread-content-max-width)*2\/3)]\" data-start=\"1481\" data-end=\"1518\">Alumiinium<\/td>\n<\/tr>\n<tr data-start=\"1519\" data-end=\"1619\">\n<td class=\"max-w-[calc(var(--thread-content-max-width)*2\/3)]\" data-start=\"1519\" data-end=\"1567\">Kaal<\/td>\n<td class=\"max-w-[calc(var(--thread-content-max-width)*2\/3)]\" data-start=\"1567\" data-end=\"1582\">kg<\/td>\n<td class=\"max-w-[calc(var(--thread-content-max-width)*2\/3)]\" data-start=\"1582\" data-end=\"1619\">54<\/td>\n<\/tr>\n<tr data-start=\"1620\" data-end=\"1720\">\n<td class=\"max-w-[calc(var(--thread-content-max-width)*2\/3)]\" data-start=\"1620\" data-end=\"1668\">V\u00e4ljat\u00f5mbe filter<\/td>\n<td class=\"max-w-[calc(var(--thread-content-max-width)*2\/3)]\" data-start=\"1668\" data-end=\"1683\">&#8211;<\/td>\n<td class=\"max-w-[calc(var(--thread-content-max-width)*2\/3)]\" data-start=\"1683\" data-end=\"1720\">G4<\/td>\n<\/tr>\n<tr data-start=\"1721\" data-end=\"1821\">\n<td class=\"max-w-[calc(var(--thread-content-max-width)*2\/3)]\" data-start=\"1721\" data-end=\"1769\">Puhastus\u00f5hu filter<\/td>\n<td class=\"max-w-[calc(var(--thread-content-max-width)*2\/3)]\" data-start=\"1769\" data-end=\"1784\">&#8211;<\/td>\n<td class=\"max-w-[calc(var(--thread-content-max-width)*2\/3)]\" data-start=\"1784\" data-end=\"1821\">G4, F7 (valikuliselt H13)<\/td>\n<\/tr>\n<tr data-start=\"1822\" data-end=\"1922\">\n<td class=\"max-w-[calc(var(--thread-content-max-width)*2\/3)]\" data-start=\"1822\" data-end=\"1870\">Transporditava \u00f5hu temperatuur (maks.)<\/td>\n<td class=\"max-w-[calc(var(--thread-content-max-width)*2\/3)]\" data-start=\"1870\" data-end=\"1885\">\u00b0C<\/td>\n<td class=\"max-w-[calc(var(--thread-content-max-width)*2\/3)]\" data-start=\"1885\" data-end=\"1922\">40<\/td>\n<\/tr>\n<tr data-start=\"1923\" data-end=\"2023\">\n<td class=\"max-w-[calc(var(--thread-content-max-width)*2\/3)]\" data-start=\"1923\" data-end=\"1971\">Transporditava \u00f5hu temperatuur (min.)<\/td>\n<td class=\"max-w-[calc(var(--thread-content-max-width)*2\/3)]\" data-start=\"1971\" data-end=\"1986\">\u00b0C<\/td>\n<td class=\"max-w-[calc(var(--thread-content-max-width)*2\/3)]\" data-start=\"1986\" data-end=\"2023\">-25<\/td>\n<\/tr>\n<tr data-start=\"2024\" data-end=\"2124\">\n<td class=\"max-w-[calc(var(--thread-content-max-width)*2\/3)]\" data-start=\"2024\" data-end=\"2072\">\u00dcmbritseva \u00f5hu minimaalne temperatuur<\/td>\n<td class=\"max-w-[calc(var(--thread-content-max-width)*2\/3)]\" data-start=\"2072\" data-end=\"2087\">\u00b0C<\/td>\n<td class=\"max-w-[calc(var(--thread-content-max-width)*2\/3)]\" data-start=\"2087\" data-end=\"2124\">1<\/td>\n<\/tr>\n<tr data-start=\"2125\" data-end=\"2225\">\n<td class=\"max-w-[calc(var(--thread-content-max-width)*2\/3)]\" data-start=\"2125\" data-end=\"2173\">\u00dcmbritseva \u00f5hu maksimaalne temperatuur<\/td>\n<td class=\"max-w-[calc(var(--thread-content-max-width)*2\/3)]\" data-start=\"2173\" data-end=\"2188\">\u00b0C<\/td>\n<td class=\"max-w-[calc(var(--thread-content-max-width)*2\/3)]\" data-start=\"2188\" data-end=\"2225\">40<\/td>\n<\/tr>\n<tr data-start=\"2226\" data-end=\"2326\">\n<td class=\"max-w-[calc(var(--thread-content-max-width)*2\/3)]\" data-start=\"2226\" data-end=\"2274\">\u00dcmbritseva \u00f5hu maksimaalne niiskus<\/td>\n<td class=\"max-w-[calc(var(--thread-content-max-width)*2\/3)]\" data-start=\"2274\" data-end=\"2289\">%<\/td>\n<td class=\"max-w-[calc(var(--thread-content-max-width)*2\/3)]\" data-start=\"2289\" data-end=\"2326\">80<\/td>\n<\/tr>\n<tr data-start=\"2327\" data-end=\"2427\">\n<td class=\"max-w-[calc(var(--thread-content-max-width)*2\/3)]\" data-start=\"2327\" data-end=\"2375\">Kaitseklass<\/td>\n<td class=\"max-w-[calc(var(--thread-content-max-width)*2\/3)]\" data-start=\"2375\" data-end=\"2390\">&#8211;<\/td>\n<td class=\"max-w-[calc(var(--thread-content-max-width)*2\/3)]\" data-start=\"2390\" data-end=\"2427\">IP22<\/td>\n<\/tr>\n<tr data-start=\"2428\" data-end=\"2528\">\n<td class=\"max-w-[calc(var(--thread-content-max-width)*2\/3)]\" data-start=\"2428\" data-end=\"2476\">Ajami kaitseklass<\/td>\n<td class=\"max-w-[calc(var(--thread-content-max-width)*2\/3)]\" data-start=\"2476\" data-end=\"2491\">&#8211;<\/td>\n<td class=\"max-w-[calc(var(--thread-content-max-width)*2\/3)]\" data-start=\"2491\" data-end=\"2528\">IP44<\/td>\n<\/tr>\n<\/tbody>\n<\/table>\n<p><a href=\"https:\/\/ventilation-system.com\/download\/vutr-pe-ec-manual-2897.pdf\"><span style=\"color: #0000ff;\"><strong><br \/>\nKasutusjuhend<\/strong><\/span><\/a><\/p>\n<p><a href=\"https:\/\/ventilation-system.com\/download\/vutr-pe-ec-manual-1401.pdf\"><strong><span style=\"color: #0000ff;\">Wifiga juhtumise juhend<\/span><\/strong><\/a><\/p>\n<p>Seadme m\u00f5\u00f5dud:<br \/>\n<a href=\"https:\/\/ventilatsiooniseade.ee\/wp-content\/uploads\/2022\/03\/VUTR-250-P2-EC-L-A21.jpeg\"><img loading=\"lazy\" decoding=\"async\" class=\"size-full wp-image-6162 alignleft\" src=\"https:\/\/ventilatsiooniseade.ee\/wp-content\/uploads\/2022\/03\/VUTR-250-P2-EC-L-A21.jpeg\" alt=\"VUTR 250 P2 EC L A21\" width=\"1017\" height=\"380\" srcset=\"https:\/\/ventilatsiooniseade.ee\/wp-content\/uploads\/2022\/03\/VUTR-250-P2-EC-L-A21.jpeg 1017w, https:\/\/ventilatsiooniseade.ee\/wp-content\/uploads\/2022\/03\/VUTR-250-P2-EC-L-A21-470x176.jpeg 470w, https:\/\/ventilatsiooniseade.ee\/wp-content\/uploads\/2022\/03\/VUTR-250-P2-EC-L-A21-300x112.jpeg 300w, https:\/\/ventilatsiooniseade.ee\/wp-content\/uploads\/2022\/03\/VUTR-250-P2-EC-L-A21-768x287.jpeg 768w, https:\/\/ventilatsiooniseade.ee\/wp-content\/uploads\/2022\/03\/VUTR-250-P2-EC-L-A21-80x30.jpeg 80w\" sizes=\"auto, (max-width: 1017px) 100vw, 1017px\" \/><\/a><\/p>\n<p>&nbsp;<\/p>\n<p>&nbsp;<\/p>\n<p>&nbsp;<\/p>\n<p>&nbsp;<\/p>\n<p>&nbsp;<\/p>\n<p>&nbsp;<\/p>\n<p>&nbsp;<\/p>\n<p>&nbsp;<\/p>\n<p>&nbsp;<\/p>\n<div class=\"block-s\"><\/div>\n<div class=\"seria-gallery\"><\/div>\n<p>&nbsp;<\/p>\n","protected":false},"excerpt":{"rendered":"<p><strong>Laekinnitusega<\/strong> ventilatsiooniseade.<\/p>\n<p><img loading=\"lazy\" decoding=\"async\" class=\"\" src=\"https:\/\/ventilation-system.com\/upload\/svg\/0528497001677652493.svg\" alt=\"\" width=\"67\" height=\"67\" \/>\u00a0<img loading=\"lazy\" decoding=\"async\" class=\"\" src=\"https:\/\/ventilation-system.com\/upload\/svg\/0197842001677653286.svg\" alt=\"\" width=\"62\" height=\"62\" \/><\/p>\n<p><strong>Elektrilise j\u00e4relk\u00fctte v\u00f5imsus:<\/strong> 700 W<br \/>\n<strong>Maksimaalne \u00f5huvooluhulk:<\/strong> 300 m\u00b3\/h<br \/>\n<strong>Heli r\u00f5hutase LpA 3 meetri kaugusel:<\/strong> 23 dB(A)<br \/>\n<strong>Soojusvaheti t\u00fc\u00fcp:<\/strong> P\u00f6\u00f6rdsoojusvaheti<br \/>\n<strong>V\u00e4ljat\u00f5mbe filter:<\/strong> G4<br \/>\n<strong>Puhastus\u00f5hu filter:<\/strong> G4, F7<br \/>\n<strong>Heliisolatsioon<\/strong><br \/>\n<strong>Mootori t\u00fc\u00fcp:<\/strong> EC<br \/>\n<strong>J\u00e4relk\u00fctte t\u00fc\u00fcp:<\/strong> Elektriline<br \/>\n<strong>BMS protokoll:<\/strong> ModBus<br \/>\n<strong>Juhtimine:<\/strong> <strong>Nutitelefoniga<br \/>\nKorpuse materjal:<\/strong> Tsingitud teras<br \/>\n<strong>Niiskusandur:<\/strong> Valikuline<br \/>\n<strong>CO\u2082 andur:<\/strong> Valikuline<br \/>\n<strong>VOC andur:<\/strong> Valikuline<br \/>\n<strong>PM2.5 andur:<\/strong> Valikuline<\/p>\n<p><a href=\"https:\/\/ventilation-system.com\/download\/vutr-pe-ec-datasheet-12055.pdf\"><span style=\"color: #0000ff;\"><strong>Lisainfo<\/strong><\/span><\/a><\/p>\n<p>&nbsp;<\/p>\n","protected":false},"featured_media":1471,"comment_status":"closed","ping_status":"closed","template":"","meta":[],"product_brand":[],"product_cat":[13,164,17,41],"product_tag":[],"class_list":{"0":"post-4863","1":"product","2":"type-product","3":"status-publish","4":"has-post-thumbnail","6":"product_cat-ventilatsiooniseadmed","7":"product_cat-vents","8":"product_cat-soojustagastusega-ventilatsiooniseadmed","9":"product_cat-riputatavad-seadmed","11":"first","12":"instock","13":"shipping-taxable","14":"purchasable","15":"product-type-simple"},"_links":{"self":[{"href":"https:\/\/ventilatsiooniseade.ee\/index.php?rest_route=\/wp\/v2\/product\/4863","targetHints":{"allow":["GET"]}}],"collection":[{"href":"https:\/\/ventilatsiooniseade.ee\/index.php?rest_route=\/wp\/v2\/product"}],"about":[{"href":"https:\/\/ventilatsiooniseade.ee\/index.php?rest_route=\/wp\/v2\/types\/product"}],"replies":[{"embeddable":true,"href":"https:\/\/ventilatsiooniseade.ee\/index.php?rest_route=%2Fwp%2Fv2%2Fcomments&post=4863"}],"wp:featuredmedia":[{"embeddable":true,"href":"https:\/\/ventilatsiooniseade.ee\/index.php?rest_route=\/wp\/v2\/media\/1471"}],"wp:attachment":[{"href":"https:\/\/ventilatsiooniseade.ee\/index.php?rest_route=%2Fwp%2Fv2%2Fmedia&parent=4863"}],"wp:term":[{"taxonomy":"product_brand","embeddable":true,"href":"https:\/\/ventilatsiooniseade.ee\/index.php?rest_route=%2Fwp%2Fv2%2Fproduct_brand&post=4863"},{"taxonomy":"product_cat","embeddable":true,"href":"https:\/\/ventilatsiooniseade.ee\/index.php?rest_route=%2Fwp%2Fv2%2Fproduct_cat&post=4863"},{"taxonomy":"product_tag","embeddable":true,"href":"https:\/\/ventilatsiooniseade.ee\/index.php?rest_route=%2Fwp%2Fv2%2Fproduct_tag&post=4863"}],"curies":[{"name":"wp","href":"https:\/\/api.w.org\/{rel}","templated":true}]}}