{"id":4835,"date":"2024-08-05T09:15:41","date_gmt":"2024-08-05T06:15:41","guid":{"rendered":"http:\/\/ventilatsiooniseade.ee\/?product=vue-250-h-mini-a1"},"modified":"2025-12-03T09:50:11","modified_gmt":"2025-12-03T07:50:11","slug":"vue-250-h-mini-a1","status":"publish","type":"product","link":"https:\/\/ventilatsiooniseade.ee\/?product=vue-250-h-mini-a1","title":{"rendered":"VUE 250 H mini A1"},"content":{"rendered":"<p><strong>Seadmega kaasas A1 pult<\/strong><\/p>\n<p>Puldi A1 abil saab ventilatsiooniseadet SISSE\/V\u00c4LJA l\u00fclitada ja reguleerida seadme t\u00f6\u00f6tamise kiirust. Juhtpuldi korpus on valmistatud plastikust.<\/p>\n<p><a href=\"https:\/\/ventilatsiooniseade.ee\/wp-content\/uploads\/2020\/03\/A1.png\"><img loading=\"lazy\" decoding=\"async\" class=\"alignnone size-full wp-image-3169\" src=\"https:\/\/ventilatsiooniseade.ee\/wp-content\/uploads\/2020\/03\/A1.png\" alt=\"A1\" width=\"289\" height=\"289\" srcset=\"https:\/\/ventilatsiooniseade.ee\/wp-content\/uploads\/2020\/03\/A1.png 289w, https:\/\/ventilatsiooniseade.ee\/wp-content\/uploads\/2020\/03\/A1-195x195.png 195w, https:\/\/ventilatsiooniseade.ee\/wp-content\/uploads\/2020\/03\/A1-100x100.png 100w, https:\/\/ventilatsiooniseade.ee\/wp-content\/uploads\/2020\/03\/A1-150x150.png 150w, https:\/\/ventilatsiooniseade.ee\/wp-content\/uploads\/2020\/03\/A1-80x80.png 80w\" sizes=\"auto, (max-width: 289px) 100vw, 289px\" \/><\/a><\/p>\n<p>&nbsp;<\/p>\n<p>&nbsp;<\/p>\n<p><span style=\"text-decoration: underline;\"><strong>Seadme m\u00f5\u00f5dud:<\/strong><\/span><\/p>\n<p><a href=\"https:\/\/ventilatsiooniseade.ee\/wp-content\/uploads\/2022\/03\/vue-250-h-mini.png\"><img loading=\"lazy\" decoding=\"async\" class=\"alignleft size-large wp-image-4836\" src=\"https:\/\/ventilatsiooniseade.ee\/wp-content\/uploads\/2022\/03\/vue-250-h-mini-1024x599.png\" alt=\"Vue 250 H MINI A1\" width=\"1024\" height=\"599\" srcset=\"https:\/\/ventilatsiooniseade.ee\/wp-content\/uploads\/2022\/03\/vue-250-h-mini-1024x599.png 1024w, https:\/\/ventilatsiooniseade.ee\/wp-content\/uploads\/2022\/03\/vue-250-h-mini-470x275.png 470w, https:\/\/ventilatsiooniseade.ee\/wp-content\/uploads\/2022\/03\/vue-250-h-mini-300x175.png 300w, https:\/\/ventilatsiooniseade.ee\/wp-content\/uploads\/2022\/03\/vue-250-h-mini-768x449.png 768w, https:\/\/ventilatsiooniseade.ee\/wp-content\/uploads\/2022\/03\/vue-250-h-mini-80x47.png 80w, https:\/\/ventilatsiooniseade.ee\/wp-content\/uploads\/2022\/03\/vue-250-h-mini.png 1134w\" sizes=\"auto, (max-width: 1024px) 100vw, 1024px\" \/><\/a><\/p>\n<p><span style=\"text-decoration: underline;\"><strong>Seadme parameetrid:<\/strong><\/span><\/p>\n<table style=\"height: 583px;\" width=\"490\">\n<thead>\n<tr>\n<th>Parameeter<\/th>\n<th>VUE 250 V mini<\/th>\n<th>M\u00f5\u00f5t\u00fchik<\/th>\n<\/tr>\n<\/thead>\n<tbody>\n<tr>\n<td data-label=\"Parameter\">Sagedus<\/td>\n<td data-label=\"VUT 250 V mini - \">50\/60<\/td>\n<td data-label=\"Measurement unit\">Hz<\/td>\n<\/tr>\n<tr>\n<td data-label=\"Parameter\">Faas<\/td>\n<td data-label=\"VUT 250 V mini - \">1<\/td>\n<td data-label=\"Measurement unit\">\u02dc<\/td>\n<\/tr>\n<tr>\n<td data-label=\"Parameter\">Pinge<\/td>\n<td data-label=\"VUT 250 V mini - \">230<\/td>\n<td data-label=\"Measurement unit\">V<\/td>\n<\/tr>\n<tr>\n<td data-label=\"Parameter\">Maksimum \u00fchiku v\u00f5imsus<\/td>\n<td data-label=\"VUT 250 V mini - \">126<\/td>\n<td data-label=\"Measurement unit\">W<\/td>\n<\/tr>\n<tr>\n<td data-label=\"Parameter\">Maksimaalne \u00fchiku vool<\/td>\n<td data-label=\"VUT 250 V mini - \">0.6<\/td>\n<td data-label=\"Measurement unit\">A<\/td>\n<\/tr>\n<tr>\n<td data-label=\"Parameter\">Helir\u00f5hutase 3 m kaugusel<\/td>\n<td data-label=\"VUT 250 V mini - \">28-47<\/td>\n<td data-label=\"Measurement unit\">dB\u0410<\/td>\n<\/tr>\n<tr>\n<td data-label=\"Parameter\">\u00d5hi l\u00e4bilaskev\u00f5ime<\/td>\n<td data-label=\"VUT 250 V mini - \">260<\/td>\n<td data-label=\"Measurement unit\">m\u00b3\/h<\/td>\n<\/tr>\n<tr>\n<td data-label=\"Parameter\">RPM<\/td>\n<td data-label=\"VUT 250 V mini - \">2700<\/td>\n<td data-label=\"Measurement unit\">min<sup>-1<\/sup><\/td>\n<\/tr>\n<tr>\n<td data-label=\"Parameter\">Transporiditava \u00f5hu temperatuur<\/td>\n<td data-label=\"VUT 250 V mini - \">-25 &#8230; +40<\/td>\n<td data-label=\"Measurement unit\">\u00b0\u0421<\/td>\n<\/tr>\n<tr>\n<td data-label=\"Parameter\">Korpuse materjal<\/td>\n<td data-label=\"VUT 250 V mini - \">aluzinc<\/td>\n<td data-label=\"Measurement unit\">&#8211;<\/td>\n<\/tr>\n<tr>\n<td data-label=\"Parameter\">Isolatsioon<\/td>\n<td data-label=\"VUT 250 V mini - \">20 mm mineral vill<\/td>\n<td data-label=\"Measurement unit\">&#8211;<\/td>\n<\/tr>\n<tr>\n<td data-label=\"Parameter\">Filter: V\u00e4ljat\u00f5mme<\/td>\n<td data-label=\"VUT 250 V mini - \">G4<\/td>\n<td data-label=\"Measurement unit\">&#8211;<\/td>\n<\/tr>\n<tr>\n<td data-label=\"Parameter\">Filter: Sissepuhke<\/td>\n<td data-label=\"VUT 250 V mini - \">G4, * F8 PM2.5 81 %<\/td>\n<td data-label=\"Measurement unit\">&#8211;<\/td>\n<\/tr>\n<tr>\n<td data-label=\"Parameter\">Soojusvaheti t\u00fc\u00fcp<\/td>\n<td data-label=\"VUT 250 V mini - \">ristivool<\/td>\n<td data-label=\"Measurement unit\">&#8211;<\/td>\n<\/tr>\n<tr>\n<td data-label=\"Parameter\">Soojusvaheti materjal<\/td>\n<td data-label=\"VUT 250 V mini - \">pol\u00fcst\u00fcrool<\/td>\n<td data-label=\"Measurement unit\">&#8211;<\/td>\n<\/tr>\n<tr>\n<td data-label=\"Parameter\">Soojusvaheti<\/td>\n<td data-label=\"VUT 250 V mini - \">entalpia<\/td>\n<td data-label=\"Measurement unit\"><\/td>\n<\/tr>\n<tr>\n<td data-label=\"Parameter\">Kanal<\/td>\n<td data-label=\"VUT 250 V mini - \">\u00dcmmargused kanalid<\/td>\n<td data-label=\"Measurement unit\">&#8211;<\/td>\n<\/tr>\n<tr>\n<td data-label=\"Parameter\">\u00dchenduse l\u00e4bim\u00f5\u00f5t<\/td>\n<td data-label=\"VUT 250 V mini - \">125<\/td>\n<td data-label=\"Measurement unit\">mm<\/td>\n<\/tr>\n<tr>\n<td data-label=\"Parameter\">Paigaldus\/kinnitus<\/td>\n<td data-label=\"VUT 250 V mini - \">P\u00f5randale kinnitus, seinale kinnitus, lakke kinnitus<\/td>\n<td data-label=\"Measurement unit\">&#8211;<\/td>\n<\/tr>\n<\/tbody>\n<\/table>\n","protected":false},"excerpt":{"rendered":"<p>VUE 250 H mini ventilatsiooniseade tagab \u00f5hu filtreerimise, v\u00e4rske \u00f5hu juurdevoolu ja saastunud \u00f5hu v\u00e4ljat\u00f5mbe.<\/p>\n<p>Tema korpus on Heli- ja soojusisoleeritud metallist kestas<\/p>\n<p>Soojustagastus kuni 78%.<\/p>\n<p>Seadme tootlikus 100 Pa kohta om kuni 187 m3\/h<\/p>\n<p><a href=\"https:\/\/ventilation-system.com\/download\/vue-mini-datasheet-12079.pdf\"><span style=\"color: #0000ff;\"><strong>Infoleht<\/strong><\/span><\/a><\/p>\n","protected":false},"featured_media":4838,"comment_status":"closed","ping_status":"closed","template":"","meta":[],"product_brand":[],"product_cat":[121,13,164,17,40],"product_tag":[],"class_list":{"0":"post-4835","1":"product","2":"type-product","3":"status-publish","4":"has-post-thumbnail","6":"product_cat-top-tooted","7":"product_cat-ventilatsiooniseadmed","8":"product_cat-vents","9":"product_cat-soojustagastusega-ventilatsiooniseadmed","10":"product_cat-porandakinnitusega-seadmed","12":"first","13":"instock","14":"shipping-taxable","15":"purchasable","16":"product-type-simple"},"_links":{"self":[{"href":"https:\/\/ventilatsiooniseade.ee\/index.php?rest_route=\/wp\/v2\/product\/4835","targetHints":{"allow":["GET"]}}],"collection":[{"href":"https:\/\/ventilatsiooniseade.ee\/index.php?rest_route=\/wp\/v2\/product"}],"about":[{"href":"https:\/\/ventilatsiooniseade.ee\/index.php?rest_route=\/wp\/v2\/types\/product"}],"replies":[{"embeddable":true,"href":"https:\/\/ventilatsiooniseade.ee\/index.php?rest_route=%2Fwp%2Fv2%2Fcomments&post=4835"}],"wp:featuredmedia":[{"embeddable":true,"href":"https:\/\/ventilatsiooniseade.ee\/index.php?rest_route=\/wp\/v2\/media\/4838"}],"wp:attachment":[{"href":"https:\/\/ventilatsiooniseade.ee\/index.php?rest_route=%2Fwp%2Fv2%2Fmedia&parent=4835"}],"wp:term":[{"taxonomy":"product_brand","embeddable":true,"href":"https:\/\/ventilatsiooniseade.ee\/index.php?rest_route=%2Fwp%2Fv2%2Fproduct_brand&post=4835"},{"taxonomy":"product_cat","embeddable":true,"href":"https:\/\/ventilatsiooniseade.ee\/index.php?rest_route=%2Fwp%2Fv2%2Fproduct_cat&post=4835"},{"taxonomy":"product_tag","embeddable":true,"href":"https:\/\/ventilatsiooniseade.ee\/index.php?rest_route=%2Fwp%2Fv2%2Fproduct_tag&post=4835"}],"curies":[{"name":"wp","href":"https:\/\/api.w.org\/{rel}","templated":true}]}}