{"id":4804,"date":"2026-01-28T12:16:49","date_gmt":"2026-01-28T10:16:49","guid":{"rendered":"http:\/\/ventilatsiooniseade.ee\/?post_type=product&#038;p=4804"},"modified":"2026-01-28T13:26:28","modified_gmt":"2026-01-28T11:26:28","slug":"vents-125-ma","status":"publish","type":"product","link":"https:\/\/ventilatsiooniseade.ee\/?product=vents-125-ma","title":{"rendered":"Vents 125 MA ventilaator"},"content":{"rendered":"<p><a href=\"https:\/\/ventilatsiooniseade.ee\/wp-content\/uploads\/2026\/01\/125-MA-ventilaatori-moodud.jpeg\"><img loading=\"lazy\" decoding=\"async\" class=\"alignnone size-full wp-image-6501\" src=\"https:\/\/ventilatsiooniseade.ee\/wp-content\/uploads\/2026\/01\/125-MA-ventilaatori-moodud.jpeg\" alt=\"\" width=\"525\" height=\"553\" srcset=\"https:\/\/ventilatsiooniseade.ee\/wp-content\/uploads\/2026\/01\/125-MA-ventilaatori-moodud.jpeg 525w, https:\/\/ventilatsiooniseade.ee\/wp-content\/uploads\/2026\/01\/125-MA-ventilaatori-moodud-285x300.jpeg 285w, https:\/\/ventilatsiooniseade.ee\/wp-content\/uploads\/2026\/01\/125-MA-ventilaatori-moodud-470x495.jpeg 470w\" sizes=\"auto, (max-width: 525px) 100vw, 525px\" \/><\/a><\/p>\n","protected":false},"excerpt":{"rendered":"<p>Vannitoa, du\u0161iruumi, k\u00f6\u00f6gi ja muude olmeruumide pidev v\u00f5i perioodiline v\u00e4ljat\u00f5mbeventilatsioon.<br \/>\nL\u00fchikese vahemaa jaoks, madal kuni keskmine \u00f5huvool.<br \/>\nMaksimaalne v\u00f5imsus 185 m3\/h.<br \/>\n\u00dclekuumenemisekaitse.<br \/>\nIP24.<br \/>\nVentilaator on varustatud termoajamiga, mis tagab automaatsete luukide sujuva avanemise ja sulgemise, et v\u00e4ltida tagasit\u00f5mmet.<\/p>\n<p><a href=\"https:\/\/ventilation-system.com\/download\/1528\/\"><span style=\"color: #0000ff;\"><strong>Infoleht<\/strong><\/span><\/a><\/p>\n","protected":false},"featured_media":4806,"comment_status":"closed","ping_status":"closed","template":"","meta":[],"product_brand":[],"product_cat":[11,26],"product_tag":[],"class_list":{"0":"post-4804","1":"product","2":"type-product","3":"status-publish","4":"has-post-thumbnail","6":"product_cat-ventilaatorid","7":"product_cat-telgventilaatorid","9":"first","10":"instock","11":"shipping-taxable","12":"purchasable","13":"product-type-simple"},"_links":{"self":[{"href":"https:\/\/ventilatsiooniseade.ee\/index.php?rest_route=\/wp\/v2\/product\/4804","targetHints":{"allow":["GET"]}}],"collection":[{"href":"https:\/\/ventilatsiooniseade.ee\/index.php?rest_route=\/wp\/v2\/product"}],"about":[{"href":"https:\/\/ventilatsiooniseade.ee\/index.php?rest_route=\/wp\/v2\/types\/product"}],"replies":[{"embeddable":true,"href":"https:\/\/ventilatsiooniseade.ee\/index.php?rest_route=%2Fwp%2Fv2%2Fcomments&post=4804"}],"wp:featuredmedia":[{"embeddable":true,"href":"https:\/\/ventilatsiooniseade.ee\/index.php?rest_route=\/wp\/v2\/media\/4806"}],"wp:attachment":[{"href":"https:\/\/ventilatsiooniseade.ee\/index.php?rest_route=%2Fwp%2Fv2%2Fmedia&parent=4804"}],"wp:term":[{"taxonomy":"product_brand","embeddable":true,"href":"https:\/\/ventilatsiooniseade.ee\/index.php?rest_route=%2Fwp%2Fv2%2Fproduct_brand&post=4804"},{"taxonomy":"product_cat","embeddable":true,"href":"https:\/\/ventilatsiooniseade.ee\/index.php?rest_route=%2Fwp%2Fv2%2Fproduct_cat&post=4804"},{"taxonomy":"product_tag","embeddable":true,"href":"https:\/\/ventilatsiooniseade.ee\/index.php?rest_route=%2Fwp%2Fv2%2Fproduct_tag&post=4804"}],"curies":[{"name":"wp","href":"https:\/\/api.w.org\/{rel}","templated":true}]}}