{"id":4791,"date":"2025-05-30T09:19:44","date_gmt":"2025-05-30T06:19:44","guid":{"rendered":"http:\/\/ventilatsiooniseade.ee\/?product=titon-hrv-1-35-komplekt"},"modified":"2025-06-13T11:17:41","modified_gmt":"2025-06-13T08:17:41","slug":"titon-hrv-1-35-komplekt","status":"publish","type":"product","link":"https:\/\/ventilatsiooniseade.ee\/?product=titon-hrv-1-35-komplekt","title":{"rendered":"Titon HRV 1.35"},"content":{"rendered":"<p><strong>Funktsioonid, mis sisalduvad komplektis:<\/strong><\/p>\n<ul>\n<ul>\n<li>Eestikeelne kasutajas\u00f5bralik juhtpaneel auraSMart wifiga<\/li>\n<li>Filtri uks hingedel.<\/li>\n<li>Intelligentne j\u00e4\u00e4tumisvastane kaitse; j\u00e4rkj\u00e4rguline sissepuhke ventilaatori kiiruse v\u00e4hendamine j\u00e4ise \u00f5hu pealevoolu v\u00e4hendamiseks.<\/li>\n<li>P\u00f5hjamaakliima jaoks\u00a0sisaldab seadme komplekt uue p\u00f5lvkonna intelligentset \u00f5hu eelk\u00fctte kalorifeeri, et seade j\u00e4tkaks t\u00f5rgeteta t\u00f6\u00f6d ka karmi pakasega (Sisaldub hinnas).\u00a0Intelligentne eelk\u00fctte kalorifeer 0 kuni 1,2 kW (kulutab elektrienergiat ca\u00a03\u00a0korda v\u00e4hem v\u00f5rreldes\u00a0 SISSE\/V\u00c4LJA l\u00fclitusega kalorifeeriga).<\/li>\n<li>Intensiivse ventileerimise taimer 0-60 minutit; v\u00f5imalik kasutada v\u00e4list impulssl\u00fclitit, mis maandab \u00e4ra riski, et seade unustatakse t\u00f6\u00f6le v\u00f5imendusega re\u017eiimi.<\/li>\n<li>Niiskustaseme kontroll (Lisafunktsioon, mis sisaldub hinnas).<\/li>\n<li>Sissepuhke ja v\u00e4ljat\u00f5mbe ventilaatorite eraldi reguleerimine; v\u00f5imalik tekitada ruumi \u00fcler\u00f5hku.<\/li>\n<li>Kaminare\u017eiim.<\/li>\n<li>Intelligentne suve\u00f5hu m\u00f6\u00f6davooluklapp suviseks passiivseks jahutuseks\u00a0(Lisafunktsioon, mis sisaldub hinnas).<\/li>\n<li>SummerBoost funktsioon (vt allolevat videot)<\/li>\n<li>Targa maja \u00fchenduse protokoll\u00a0RS485<\/li>\n<\/ul>\n<\/ul>\n<p><iframe loading=\"lazy\" src=\"https:\/\/www.youtube.com\/embed\/o39tIwFmehI\" width=\"683,2\" height=\"384\" frameborder=\"0\" allowfullscreen=\"allowfullscreen\"><\/iframe><\/p>\n<p>&nbsp;<\/p>\n<p><strong>Tehnilised parameetrid:<\/strong><\/p>\n<table width=\"1036\">\n<tbody>\n<tr>\n<td width=\"124\"><strong>Toide<\/strong><\/td>\n<td width=\"912\">230V ~ 50\/60Hz, 3A kaitse<\/td>\n<\/tr>\n<tr>\n<td><strong>Talvine eelsoojendus<\/strong><\/td>\n<td>Intelligentne eelk\u00fctte kalorifeer 0 kuni 1,2 kW (kulutab elektrienergiat ca 4 korda v\u00e4hem v\u00f5rreldes SISSE\/V\u00c4LJA l\u00fclitusega kalorifeeriga)<\/td>\n<\/tr>\n<tr>\n<td><strong>Soojustagastus kuni<\/strong><\/td>\n<td>88%<\/td>\n<\/tr>\n<tr>\n<td><strong>SFP all kuni<\/strong><\/td>\n<td>0,65 W\/l\/s<\/td>\n<\/tr>\n<tr>\n<td><strong>M\u00f5\u00f5dud<\/strong><\/td>\n<td>600mm lai x 430mm k\u00f5rge (ilma portideta) x 285mm s\u00fcgav (295mm koos kinnitusliistuga)<\/td>\n<\/tr>\n<tr>\n<td><strong>\u00dchendusportide m\u00f5\u00f5t<\/strong><\/td>\n<td>125mm<\/td>\n<\/tr>\n<tr>\n<td><strong>Kaal<\/strong><\/td>\n<td>16kg<\/td>\n<\/tr>\n<tr>\n<td><strong>Viimistlus<\/strong><\/td>\n<td>Valge v\u00e4rv<\/td>\n<\/tr>\n<tr>\n<td><strong>Materjalid<\/strong><\/td>\n<td><\/td>\n<\/tr>\n<tr>\n<td>Kest<\/td>\n<td>Tsinkplekk v\u00e4rvitud valgeks<\/td>\n<\/tr>\n<tr>\n<td>Sisu<\/td>\n<td>Paisutatud pol\u00fcprop\u00fcleen (Expanded polypropylene (EPP))<\/td>\n<\/tr>\n<tr>\n<td>Soojusvaheti<\/td>\n<td>Pol\u00fcst\u00fcreen<\/td>\n<\/tr>\n<tr>\n<td>Sisemine isoaltsioon<\/td>\n<td>Suletud mulliga Nitrile vahtkumm, tulekindeluse klass &#8220;O&#8221;<\/td>\n<\/tr>\n<tr>\n<td>Standard filtrid<\/td>\n<td>Klass G3 s\u00fcnteetilised filtrid (v\u00f5imalik G4)<\/td>\n<\/tr>\n<tr>\n<td>Vasak ja paremak\u00e4eline:<\/td>\n<td>Jah<\/td>\n<\/tr>\n<tr>\n<td>BMS \u00fchenduvus:<\/td>\n<td>RS485<\/td>\n<\/tr>\n<\/tbody>\n<\/table>\n<p><a href=\"https:\/\/ventilatsiooniseade.ee\/wp-content\/uploads\/2018\/06\/HRV1.35_tootlikkuse_graafik.jpg\"><img loading=\"lazy\" decoding=\"async\" class=\"size-large wp-image-1329\" src=\"https:\/\/ventilatsiooniseade.ee\/wp-content\/uploads\/2018\/06\/HRV1.35_tootlikkuse_graafik-1024x670.jpg\" alt=\"Soojustagastusega ventilatsiooniseade. Soojustagastusega ventilatsiooniagregaat. Ventilatsooniseade p\u00f5hjamaa kliimasse. Suve\u00f5hu m\u00f6\u00f6davooluklapp. Passiivne jahutus\" width=\"1024\" height=\"670\" srcset=\"https:\/\/ventilatsiooniseade.ee\/wp-content\/uploads\/2018\/06\/HRV1.35_tootlikkuse_graafik-1024x670.jpg 1024w, https:\/\/ventilatsiooniseade.ee\/wp-content\/uploads\/2018\/06\/HRV1.35_tootlikkuse_graafik-470x307.jpg 470w, https:\/\/ventilatsiooniseade.ee\/wp-content\/uploads\/2018\/06\/HRV1.35_tootlikkuse_graafik-300x196.jpg 300w, https:\/\/ventilatsiooniseade.ee\/wp-content\/uploads\/2018\/06\/HRV1.35_tootlikkuse_graafik-768x502.jpg 768w, https:\/\/ventilatsiooniseade.ee\/wp-content\/uploads\/2018\/06\/HRV1.35_tootlikkuse_graafik-80x52.jpg 80w, https:\/\/ventilatsiooniseade.ee\/wp-content\/uploads\/2018\/06\/HRV1.35_tootlikkuse_graafik.jpg 1462w\" sizes=\"auto, (max-width: 1024px) 100vw, 1024px\" \/><\/a><\/p>\n<p><a href=\"https:\/\/ventilatsiooniseade.ee\/wp-content\/uploads\/2018\/06\/HRV1.35_m\u00f5\u00f5dud.jpg\"><img loading=\"lazy\" decoding=\"async\" class=\"size-large wp-image-1326\" src=\"https:\/\/ventilatsiooniseade.ee\/wp-content\/uploads\/2018\/06\/HRV1.35_m\u00f5\u00f5dud-1024x582.jpg\" alt=\"Soojustagastusega kompaktne ventilatsiooniagregaat\" width=\"1024\" height=\"582\" srcset=\"https:\/\/ventilatsiooniseade.ee\/wp-content\/uploads\/2018\/06\/HRV1.35_m\u00f5\u00f5dud-1024x582.jpg 1024w, https:\/\/ventilatsiooniseade.ee\/wp-content\/uploads\/2018\/06\/HRV1.35_m\u00f5\u00f5dud-470x267.jpg 470w, https:\/\/ventilatsiooniseade.ee\/wp-content\/uploads\/2018\/06\/HRV1.35_m\u00f5\u00f5dud-300x170.jpg 300w, https:\/\/ventilatsiooniseade.ee\/wp-content\/uploads\/2018\/06\/HRV1.35_m\u00f5\u00f5dud-768x436.jpg 768w, https:\/\/ventilatsiooniseade.ee\/wp-content\/uploads\/2018\/06\/HRV1.35_m\u00f5\u00f5dud-80x45.jpg 80w, https:\/\/ventilatsiooniseade.ee\/wp-content\/uploads\/2018\/06\/HRV1.35_m\u00f5\u00f5dud.jpg 1306w\" sizes=\"auto, (max-width: 1024px) 100vw, 1024px\" \/><\/a><\/p>\n<p>&nbsp;<\/p>\n<p>N\u00e4ide paigaldatud seadmest eramule:<\/p>\n<div id=\"attachment_1337\" style=\"width: 1034px\" class=\"wp-caption alignleft\"><a href=\"https:\/\/ventilatsiooniseade.ee\/wp-content\/uploads\/2018\/06\/20171222_153827.jpg\"><img loading=\"lazy\" decoding=\"async\" aria-describedby=\"caption-attachment-1337\" class=\"size-large wp-image-1337\" src=\"https:\/\/ventilatsiooniseade.ee\/wp-content\/uploads\/2018\/06\/20171222_153827-1024x576.jpg\" alt=\"Titon HRV1.35 referents\" width=\"1024\" height=\"576\" srcset=\"https:\/\/ventilatsiooniseade.ee\/wp-content\/uploads\/2018\/06\/20171222_153827-1024x576.jpg 1024w, https:\/\/ventilatsiooniseade.ee\/wp-content\/uploads\/2018\/06\/20171222_153827-470x264.jpg 470w, https:\/\/ventilatsiooniseade.ee\/wp-content\/uploads\/2018\/06\/20171222_153827-300x169.jpg 300w, https:\/\/ventilatsiooniseade.ee\/wp-content\/uploads\/2018\/06\/20171222_153827-768x432.jpg 768w, https:\/\/ventilatsiooniseade.ee\/wp-content\/uploads\/2018\/06\/20171222_153827-80x45.jpg 80w\" sizes=\"auto, (max-width: 1024px) 100vw, 1024px\" \/><\/a><p id=\"caption-attachment-1337\" class=\"wp-caption-text\">Titon HRV1.35 Q Plus<\/p><\/div>\n<p>&nbsp;<\/p>\n<p>Siin saab vaadata kuidas n\u00e4eb v\u00e4lja Tition seadmete tootmine. Tootmine asub Inglismaal ja iga toode on eraldi testitud koos unikaalse seerianumbriga. Seda teevad vaid v\u00e4hesed!<\/p>\n<p><iframe loading=\"lazy\" src=\"https:\/\/www.youtube.com\/embed\/m4UehVGV354\" width=\"1024\" height=\"576\" frameborder=\"0\" allowfullscreen=\"allowfullscreen\"><\/iframe><\/p>\n","protected":false},"excerpt":{"rendered":"<p><span style=\"color: #339966;\">P\u00d5HJAMAA KOMPLEKT (ventilatsiooniseade+eelk\u00fcttekalorifeer)<\/span><\/p>\n<p>Soojustagastusega v\u00e4ga kompaktsete m\u00f5\u00f5tudega ventilatsiooniseade korterile v\u00f5i v\u00e4iksemale eramule.<br \/>\nSoovitatav kasutada kuni <strong>125 m2<\/strong> k\u00f6etava pinnaga ruumide ventileerimiseks.<\/p>\n<p>Tootlikkus\u00a0217 m3\/h (60 l\/s) @ 100 Pa<\/p>\n","protected":false},"featured_media":5493,"comment_status":"closed","ping_status":"closed","template":"","meta":[],"product_brand":[],"product_cat":[172,40],"product_tag":[],"class_list":{"0":"post-4791","1":"product","2":"type-product","3":"status-publish","4":"has-post-thumbnail","6":"product_cat-titon-2","7":"product_cat-porandakinnitusega-seadmed","9":"first","10":"instock","11":"shipping-taxable","12":"purchasable","13":"product-type-simple"},"_links":{"self":[{"href":"https:\/\/ventilatsiooniseade.ee\/index.php?rest_route=\/wp\/v2\/product\/4791","targetHints":{"allow":["GET"]}}],"collection":[{"href":"https:\/\/ventilatsiooniseade.ee\/index.php?rest_route=\/wp\/v2\/product"}],"about":[{"href":"https:\/\/ventilatsiooniseade.ee\/index.php?rest_route=\/wp\/v2\/types\/product"}],"replies":[{"embeddable":true,"href":"https:\/\/ventilatsiooniseade.ee\/index.php?rest_route=%2Fwp%2Fv2%2Fcomments&post=4791"}],"wp:featuredmedia":[{"embeddable":true,"href":"https:\/\/ventilatsiooniseade.ee\/index.php?rest_route=\/wp\/v2\/media\/5493"}],"wp:attachment":[{"href":"https:\/\/ventilatsiooniseade.ee\/index.php?rest_route=%2Fwp%2Fv2%2Fmedia&parent=4791"}],"wp:term":[{"taxonomy":"product_brand","embeddable":true,"href":"https:\/\/ventilatsiooniseade.ee\/index.php?rest_route=%2Fwp%2Fv2%2Fproduct_brand&post=4791"},{"taxonomy":"product_cat","embeddable":true,"href":"https:\/\/ventilatsiooniseade.ee\/index.php?rest_route=%2Fwp%2Fv2%2Fproduct_cat&post=4791"},{"taxonomy":"product_tag","embeddable":true,"href":"https:\/\/ventilatsiooniseade.ee\/index.php?rest_route=%2Fwp%2Fv2%2Fproduct_tag&post=4791"}],"curies":[{"name":"wp","href":"https:\/\/api.w.org\/{rel}","templated":true}]}}