{"id":3480,"date":"2020-03-04T11:33:22","date_gmt":"2020-03-04T09:33:22","guid":{"rendered":"http:\/\/ventilatsiooniseade.ee\/?post_type=product&#038;p=3480"},"modified":"2024-06-06T13:30:43","modified_gmt":"2024-06-06T10:30:43","slug":"vents-vue-180-p5-ec-a2","status":"publish","type":"product","link":"https:\/\/ventilatsiooniseade.ee\/?product=vents-vue-180-p5-ec-a2","title":{"rendered":"VUE 180 P5 EC A2"},"content":{"rendered":"<p>Seadme m\u00f5\u00f5dud:<\/p>\n<p><a href=\"https:\/\/ventilatsiooniseade.ee\/wp-content\/uploads\/2020\/01\/VUE-180-P5B-EC.png\"><img loading=\"lazy\" decoding=\"async\" class=\"alignnone size-full wp-image-4373\" src=\"https:\/\/ventilatsiooniseade.ee\/wp-content\/uploads\/2020\/01\/VUE-180-P5B-EC.png\" alt=\"VUE 180 P5(B) EC\" width=\"1311\" height=\"397\" srcset=\"https:\/\/ventilatsiooniseade.ee\/wp-content\/uploads\/2020\/01\/VUE-180-P5B-EC.png 1311w, https:\/\/ventilatsiooniseade.ee\/wp-content\/uploads\/2020\/01\/VUE-180-P5B-EC-470x142.png 470w, https:\/\/ventilatsiooniseade.ee\/wp-content\/uploads\/2020\/01\/VUE-180-P5B-EC-300x91.png 300w, https:\/\/ventilatsiooniseade.ee\/wp-content\/uploads\/2020\/01\/VUE-180-P5B-EC-768x233.png 768w, https:\/\/ventilatsiooniseade.ee\/wp-content\/uploads\/2020\/01\/VUE-180-P5B-EC-1024x310.png 1024w, https:\/\/ventilatsiooniseade.ee\/wp-content\/uploads\/2020\/01\/VUE-180-P5B-EC-80x24.png 80w\" sizes=\"auto, (max-width: 1311px) 100vw, 1311px\" \/><\/a><\/p>\n<p>Seadme tehnilised n\u00e4itajad:<\/p>\n<table width=\"385\">\n<tbody>\n<tr>\n<td width=\"120\">Parameeter<\/td>\n<td width=\"111\">VUE 180 P5<\/td>\n<td width=\"154\">M\u00f5\u00f5t\u00fchik<\/td>\n<\/tr>\n<tr>\n<td width=\"120\" data-label=\"Parameter\">Sagedus<\/td>\n<td width=\"111\" data-label=\"VUE 180 P5 - \">50\/60<\/td>\n<td width=\"154\" data-label=\"Measurement unit\">Hz<\/td>\n<\/tr>\n<tr>\n<td width=\"120\" data-label=\"Parameter\">Faas<\/td>\n<td width=\"111\" data-label=\"VUE 180 P5 - \">1<\/td>\n<td width=\"154\" data-label=\"Measurement unit\">\u02dc<\/td>\n<\/tr>\n<tr>\n<td width=\"120\" data-label=\"Parameter\">Pinge<\/td>\n<td width=\"111\" data-label=\"VUE 180 P5 - \">230<\/td>\n<td width=\"154\" data-label=\"Measurement unit\">V<\/td>\n<\/tr>\n<tr>\n<td width=\"120\" data-label=\"Parameter\">Maksimaalne \u00fchiku v\u00f5imsus<\/td>\n<td width=\"111\" data-label=\"VUE 180 P5 - \">117<\/td>\n<td width=\"154\" data-label=\"Measurement unit\">W<\/td>\n<\/tr>\n<tr>\n<td width=\"120\">Maksimaalne \u00fchikuvool<\/td>\n<td width=\"111\" data-label=\"VUE 180 P5 - \">0.54<\/td>\n<td width=\"154\" data-label=\"Measurement unit\">A<\/td>\n<\/tr>\n<tr>\n<td width=\"120\" data-label=\"Parameter\">\u00d5hu l\u00e4bilaskev\u00f5ime<\/td>\n<td width=\"111\" data-label=\"VUE 180 P5 - \">220<\/td>\n<td width=\"154\" data-label=\"Measurement unit\">m\u00b3\/h<\/td>\n<\/tr>\n<tr>\n<td width=\"120\" data-label=\"Parameter\">RPM<\/td>\n<td width=\"111\" data-label=\"VUE 180 P5 - \">2317<\/td>\n<td width=\"154\" data-label=\"Measurement unit\">min<sup>-1<\/sup><\/td>\n<\/tr>\n<tr>\n<td width=\"120\" data-label=\"Parameter\">Soojuse taaskasutamise efektiivsus<\/td>\n<td width=\"111\" data-label=\"VUE 180 P5 - \">79&#8230;94<\/td>\n<td width=\"154\" data-label=\"Measurement unit\">%<\/td>\n<\/tr>\n<tr>\n<td width=\"120\" data-label=\"Parameter\">Transporditava \u00f5hu temperatuur<\/td>\n<td width=\"111\" data-label=\"VUE 180 P5 - \">-25 &#8230; +60<\/td>\n<td width=\"154\" data-label=\"Measurement unit\">\u00b0\u0421<\/td>\n<\/tr>\n<tr>\n<td width=\"120\" data-label=\"Parameter\">Helir\u00f5hutase 3 m kaugusel<\/td>\n<td width=\"111\" data-label=\"VUE 180 P5 - \">35<\/td>\n<td width=\"154\" data-label=\"Measurement unit\">dB\u0410<\/td>\n<\/tr>\n<tr>\n<td width=\"120\" data-label=\"Parameter\">Korpuse materjal<\/td>\n<td width=\"111\" data-label=\"VUE 180 P5 - \">laiendatud pol\u00fcprop\u00fcleen<\/td>\n<td width=\"154\" data-label=\"Measurement unit\">&#8211;<\/td>\n<\/tr>\n<tr>\n<td width=\"120\" data-label=\"Parameter\">Isolatsioon<\/td>\n<td width=\"111\" data-label=\"VUE 180 P5 - \">EPP 30-15 mm<\/td>\n<td width=\"154\" data-label=\"Measurement unit\">&#8211;<\/td>\n<\/tr>\n<tr>\n<td width=\"120\" data-label=\"Parameter\">Filter: v\u00e4ljat\u00f5mme<\/td>\n<td width=\"111\" data-label=\"VUE 180 P5 - \">G4<\/td>\n<td width=\"154\" data-label=\"Measurement unit\">&#8211;<\/td>\n<\/tr>\n<tr>\n<td width=\"120\" data-label=\"Parameter\">Filter: sissepuhe<\/td>\n<td width=\"111\" data-label=\"VUE 180 P5 - \">G4 (F7*)<\/td>\n<td width=\"154\" data-label=\"Measurement unit\">&#8211;<\/td>\n<\/tr>\n<tr>\n<td width=\"120\" data-label=\"Parameter\">\u00dchendatud \u00f5hukanali l\u00e4bim\u00f5\u00f5t<\/td>\n<td width=\"111\" data-label=\"VUE 180 P5 - \">150<\/td>\n<td width=\"154\" data-label=\"Measurement unit\">mm<\/td>\n<\/tr>\n<tr>\n<td width=\"120\" data-label=\"Parameter\">Kaal<\/td>\n<td width=\"111\" data-label=\"VUE 180 P5 - \">14<\/td>\n<td width=\"154\" data-label=\"Measurement unit\">kg<\/td>\n<\/tr>\n<tr>\n<td width=\"120\" data-label=\"Parameter\">Soojusvaheti t\u00fc\u00fcp<\/td>\n<td width=\"111\" data-label=\"VUE 180 P5 - \">Vastuvool<\/td>\n<td width=\"154\" data-label=\"Measurement unit\">&#8211;<\/td>\n<\/tr>\n<tr>\n<td width=\"120\" data-label=\"Parameter\">Soojusvaheti materjal<\/td>\n<td width=\"111\" data-label=\"VUE 180 P5 - \">entalpia<\/td>\n<td width=\"154\" data-label=\"Measurement unit\">&#8211;<\/td>\n<\/tr>\n<tr>\n<td width=\"120\" data-label=\"Parameter\">SEC klass<\/td>\n<td width=\"111\" data-label=\"VUE 180 P5 - \">D<\/td>\n<td width=\"154\" data-label=\"Measurement unit\">&#8211;<\/td>\n<\/tr>\n<\/tbody>\n<\/table>\n<p>&nbsp;<\/p>\n<p>VUE 180 P5 on varustatud vastuvoolu soojusvahetiga, mille s\u00fcdamikuks on entalpia membraan. K\u00fclmal aastaajal kantakse v\u00e4ljat\u00f5mbe\u00f5hu soojus ja niiskus entalpiamembraani kaudu sissepuhke\u00f5hu voogu. Soojuse taastamine v\u00e4hendab ventilatsioonist tulenevaid soojuskadusid.<\/p>\n<p><a href=\"https:\/\/ventilatsiooniseade.ee\/wp-content\/uploads\/2020\/04\/VUE-180-P5-heat-exchanger-350.png\"><img loading=\"lazy\" decoding=\"async\" class=\"size-full wp-image-3472 aligncenter\" src=\"https:\/\/ventilatsiooniseade.ee\/wp-content\/uploads\/2020\/04\/VUE-180-P5-heat-exchanger-350.png\" alt=\"VUE-180-P5-heat-exchanger-350\" width=\"350\" height=\"180\" srcset=\"https:\/\/ventilatsiooniseade.ee\/wp-content\/uploads\/2020\/04\/VUE-180-P5-heat-exchanger-350.png 350w, https:\/\/ventilatsiooniseade.ee\/wp-content\/uploads\/2020\/04\/VUE-180-P5-heat-exchanger-350-300x154.png 300w, https:\/\/ventilatsiooniseade.ee\/wp-content\/uploads\/2020\/04\/VUE-180-P5-heat-exchanger-350-80x41.png 80w\" sizes=\"auto, (max-width: 350px) 100vw, 350px\" \/><\/a><\/p>\n<p>Seadme komplekti kuulub juhtpult A2<\/p>\n<p><a href=\"https:\/\/ventilatsiooniseade.ee\/wp-content\/uploads\/2020\/04\/pultP2.png\"><img loading=\"lazy\" decoding=\"async\" class=\"alignnone size-full wp-image-3482\" src=\"https:\/\/ventilatsiooniseade.ee\/wp-content\/uploads\/2020\/04\/pultP2.png\" alt=\"pultP2\" width=\"289\" height=\"289\" srcset=\"https:\/\/ventilatsiooniseade.ee\/wp-content\/uploads\/2020\/04\/pultP2.png 289w, https:\/\/ventilatsiooniseade.ee\/wp-content\/uploads\/2020\/04\/pultP2-195x195.png 195w, https:\/\/ventilatsiooniseade.ee\/wp-content\/uploads\/2020\/04\/pultP2-100x100.png 100w, https:\/\/ventilatsiooniseade.ee\/wp-content\/uploads\/2020\/04\/pultP2-150x150.png 150w, https:\/\/ventilatsiooniseade.ee\/wp-content\/uploads\/2020\/04\/pultP2-80x80.png 80w\" sizes=\"auto, (max-width: 289px) 100vw, 289px\" \/><\/a><\/p>\n<p>Juhtpuldist saab seadet sisse\/v\u00e4lja l\u00fclitada ning reguleerida mootori t\u00f6\u00f6d 2 erineval kiirusel.<\/p>\n<p>&nbsp;<\/p>\n<p>Alloleval pildil on \u00e4ra toodud \u00fcks v\u00f5imalikest seadme paigaldamis meetoditest:<\/p>\n<p><a href=\"https:\/\/ventilatsiooniseade.ee\/wp-content\/uploads\/2020\/04\/VUE-P3-A3-A4-application-900-en-1.png\"><img loading=\"lazy\" decoding=\"async\" class=\"alignnone size-full wp-image-3478\" src=\"https:\/\/ventilatsiooniseade.ee\/wp-content\/uploads\/2020\/04\/VUE-P3-A3-A4-application-900-en-1.png\" alt=\"VUE-P3-A3-A4-application-900-en\" width=\"900\" height=\"736\" srcset=\"https:\/\/ventilatsiooniseade.ee\/wp-content\/uploads\/2020\/04\/VUE-P3-A3-A4-application-900-en-1.png 900w, https:\/\/ventilatsiooniseade.ee\/wp-content\/uploads\/2020\/04\/VUE-P3-A3-A4-application-900-en-1-470x384.png 470w, https:\/\/ventilatsiooniseade.ee\/wp-content\/uploads\/2020\/04\/VUE-P3-A3-A4-application-900-en-1-300x245.png 300w, https:\/\/ventilatsiooniseade.ee\/wp-content\/uploads\/2020\/04\/VUE-P3-A3-A4-application-900-en-1-768x628.png 768w, https:\/\/ventilatsiooniseade.ee\/wp-content\/uploads\/2020\/04\/VUE-P3-A3-A4-application-900-en-1-80x65.png 80w\" sizes=\"auto, (max-width: 900px) 100vw, 900px\" \/><\/a><\/p>\n","protected":false},"excerpt":{"rendered":"<p>Soojus- ja niiskustagastusega energiat\u00f5hus ventilatsiooniseade t\u00f6\u00f6kindla EC mootoriga,\u00a0 mis on ehitatud heli- ja soojusisolatsiooniga korpusesse. Tootlikus seadmel on 156<span class=\"tlid-translation translation\" lang=\"et\"><span class=\"\" title=\"\">m\u00b3\/h @ 100Pa. Soojuse taaskasutuse efektiivsus kuni 98%.<\/span><\/span><\/p>\n<p>Graafiku tootlikuse kohta leiad <a href=\"https:\/\/ventilation-system.com\/series\/vut-vue-180-p5#schedule\" target=\"_blank\">siit<\/a>.<\/p>\n","protected":false},"featured_media":3469,"comment_status":"closed","ping_status":"closed","template":"","meta":[],"product_brand":[],"product_cat":[121,13,17,41],"product_tag":[],"class_list":{"0":"post-3480","1":"product","2":"type-product","3":"status-publish","4":"has-post-thumbnail","6":"product_cat-top-tooted","7":"product_cat-ventilatsiooniseadmed","8":"product_cat-soojustagastusega-ventilatsiooniseadmed","9":"product_cat-riputatavad-seadmed","11":"first","12":"instock","13":"shipping-taxable","14":"purchasable","15":"product-type-simple"},"_links":{"self":[{"href":"https:\/\/ventilatsiooniseade.ee\/index.php?rest_route=\/wp\/v2\/product\/3480","targetHints":{"allow":["GET"]}}],"collection":[{"href":"https:\/\/ventilatsiooniseade.ee\/index.php?rest_route=\/wp\/v2\/product"}],"about":[{"href":"https:\/\/ventilatsiooniseade.ee\/index.php?rest_route=\/wp\/v2\/types\/product"}],"replies":[{"embeddable":true,"href":"https:\/\/ventilatsiooniseade.ee\/index.php?rest_route=%2Fwp%2Fv2%2Fcomments&post=3480"}],"wp:featuredmedia":[{"embeddable":true,"href":"https:\/\/ventilatsiooniseade.ee\/index.php?rest_route=\/wp\/v2\/media\/3469"}],"wp:attachment":[{"href":"https:\/\/ventilatsiooniseade.ee\/index.php?rest_route=%2Fwp%2Fv2%2Fmedia&parent=3480"}],"wp:term":[{"taxonomy":"product_brand","embeddable":true,"href":"https:\/\/ventilatsiooniseade.ee\/index.php?rest_route=%2Fwp%2Fv2%2Fproduct_brand&post=3480"},{"taxonomy":"product_cat","embeddable":true,"href":"https:\/\/ventilatsiooniseade.ee\/index.php?rest_route=%2Fwp%2Fv2%2Fproduct_cat&post=3480"},{"taxonomy":"product_tag","embeddable":true,"href":"https:\/\/ventilatsiooniseade.ee\/index.php?rest_route=%2Fwp%2Fv2%2Fproduct_tag&post=3480"}],"curies":[{"name":"wp","href":"https:\/\/api.w.org\/{rel}","templated":true}]}}