{"id":3180,"date":"2022-03-01T12:00:32","date_gmt":"2022-03-01T10:00:32","guid":{"rendered":"http:\/\/ventilatsiooniseade.ee\/?post_type=product&#038;p=3180"},"modified":"2023-06-05T13:02:01","modified_gmt":"2023-06-05T10:02:01","slug":"alpha-innotec-wzs-v-line-inventer-15-13kw","status":"publish","type":"product","link":"https:\/\/ventilatsiooniseade.ee\/?product=alpha-innotec-wzs-v-line-inventer-15-13kw","title":{"rendered":"Maasoojuspump Alpha Innotec WZS V-Line (inventer) 1,5- 6kW"},"content":{"rendered":"<table style=\"height: 152px;\" width=\"390\">\n<tbody>\n<tr>\n<td width=\"181\">Mudel<\/td>\n<td width=\"159\">Hind (sis. KM)<\/td>\n<\/tr>\n<tr>\n<td><\/td>\n<td><\/td>\n<\/tr>\n<tr>\n<td>WZS 62 V-Line<\/td>\n<td>8344.80 eur<\/td>\n<\/tr>\n<tr>\n<td>WZS 92 V-Line<\/td>\n<td>9088.80 eur<\/td>\n<\/tr>\n<tr>\n<td>WZS 122 V-Line<\/td>\n<td>10219.20 eur<\/td>\n<\/tr>\n<\/tbody>\n<\/table>\n<p><a href=\"https:\/\/ventilatsiooniseade.ee\/wp-content\/uploads\/2020\/03\/Alpha-innotec-tabel-hindadega.png\"><img loading=\"lazy\" decoding=\"async\" class=\"alignnone size-full wp-image-3679\" src=\"https:\/\/ventilatsiooniseade.ee\/wp-content\/uploads\/2020\/03\/Alpha-innotec-tabel-hindadega.png\" alt=\"Alpha-innotec-tabel hindadega\" width=\"1304\" height=\"767\" srcset=\"https:\/\/ventilatsiooniseade.ee\/wp-content\/uploads\/2020\/03\/Alpha-innotec-tabel-hindadega.png 1304w, https:\/\/ventilatsiooniseade.ee\/wp-content\/uploads\/2020\/03\/Alpha-innotec-tabel-hindadega-470x276.png 470w, https:\/\/ventilatsiooniseade.ee\/wp-content\/uploads\/2020\/03\/Alpha-innotec-tabel-hindadega-300x176.png 300w, https:\/\/ventilatsiooniseade.ee\/wp-content\/uploads\/2020\/03\/Alpha-innotec-tabel-hindadega-768x452.png 768w, https:\/\/ventilatsiooniseade.ee\/wp-content\/uploads\/2020\/03\/Alpha-innotec-tabel-hindadega-1024x602.png 1024w, https:\/\/ventilatsiooniseade.ee\/wp-content\/uploads\/2020\/03\/Alpha-innotec-tabel-hindadega-80x47.png 80w\" sizes=\"auto, (max-width: 1304px) 100vw, 1304px\" \/><\/a> <a href=\"https:\/\/ventilatsiooniseade.ee\/wp-content\/uploads\/2020\/03\/Alpha-WZS-kirjeldus.png\"><img loading=\"lazy\" decoding=\"async\" class=\"size-full wp-image-3681 aligncenter\" src=\"https:\/\/ventilatsiooniseade.ee\/wp-content\/uploads\/2020\/03\/Alpha-WZS-kirjeldus.png\" alt=\"Alpha WZS kirjeldus\" width=\"541\" height=\"700\" srcset=\"https:\/\/ventilatsiooniseade.ee\/wp-content\/uploads\/2020\/03\/Alpha-WZS-kirjeldus.png 541w, https:\/\/ventilatsiooniseade.ee\/wp-content\/uploads\/2020\/03\/Alpha-WZS-kirjeldus-470x608.png 470w, https:\/\/ventilatsiooniseade.ee\/wp-content\/uploads\/2020\/03\/Alpha-WZS-kirjeldus-232x300.png 232w, https:\/\/ventilatsiooniseade.ee\/wp-content\/uploads\/2020\/03\/Alpha-WZS-kirjeldus-80x104.png 80w, https:\/\/ventilatsiooniseade.ee\/wp-content\/uploads\/2020\/03\/Alpha-WZS-kirjeldus-464x600.png 464w\" sizes=\"auto, (max-width: 541px) 100vw, 541px\" \/><\/a> <a href=\"https:\/\/ventilatsiooniseade.ee\/wp-content\/uploads\/2020\/03\/Alpha-WZS-omadused-1.png\"><img loading=\"lazy\" decoding=\"async\" class=\"size-full wp-image-3689 aligncenter\" src=\"https:\/\/ventilatsiooniseade.ee\/wp-content\/uploads\/2020\/03\/Alpha-WZS-omadused-1.png\" alt=\"Alpha WZS omadused\" width=\"452\" height=\"577\" srcset=\"https:\/\/ventilatsiooniseade.ee\/wp-content\/uploads\/2020\/03\/Alpha-WZS-omadused-1.png 452w, https:\/\/ventilatsiooniseade.ee\/wp-content\/uploads\/2020\/03\/Alpha-WZS-omadused-1-235x300.png 235w, https:\/\/ventilatsiooniseade.ee\/wp-content\/uploads\/2020\/03\/Alpha-WZS-omadused-1-80x102.png 80w\" sizes=\"auto, (max-width: 452px) 100vw, 452px\" \/><\/a><\/p>\n<p><a href=\"https:\/\/ventilatsiooniseade.ee\/wp-content\/uploads\/2020\/03\/Alpha-WZS-varustus-1.png\"><img loading=\"lazy\" decoding=\"async\" class=\"size-full wp-image-3687 aligncenter\" src=\"https:\/\/ventilatsiooniseade.ee\/wp-content\/uploads\/2020\/03\/Alpha-WZS-varustus-1.png\" alt=\"Alpha WZS varustus\" width=\"514\" height=\"731\" srcset=\"https:\/\/ventilatsiooniseade.ee\/wp-content\/uploads\/2020\/03\/Alpha-WZS-varustus-1.png 514w, https:\/\/ventilatsiooniseade.ee\/wp-content\/uploads\/2020\/03\/Alpha-WZS-varustus-1-470x668.png 470w, https:\/\/ventilatsiooniseade.ee\/wp-content\/uploads\/2020\/03\/Alpha-WZS-varustus-1-211x300.png 211w, https:\/\/ventilatsiooniseade.ee\/wp-content\/uploads\/2020\/03\/Alpha-WZS-varustus-1-75x107.png 75w, https:\/\/ventilatsiooniseade.ee\/wp-content\/uploads\/2020\/03\/Alpha-WZS-varustus-1-422x600.png 422w\" sizes=\"auto, (max-width: 514px) 100vw, 514px\" \/><\/a><\/p>\n<p><a href=\"https:\/\/ventilatsiooniseade.ee\/wp-content\/uploads\/2020\/03\/Alpha-innotec-tutvustus.png\"><img loading=\"lazy\" decoding=\"async\" class=\"alignnone size-full wp-image-3187\" src=\"https:\/\/ventilatsiooniseade.ee\/wp-content\/uploads\/2020\/03\/Alpha-innotec-tutvustus.png\" alt=\"Alpha-innotec-tutvustus\" width=\"916\" height=\"419\" srcset=\"https:\/\/ventilatsiooniseade.ee\/wp-content\/uploads\/2020\/03\/Alpha-innotec-tutvustus.png 916w, https:\/\/ventilatsiooniseade.ee\/wp-content\/uploads\/2020\/03\/Alpha-innotec-tutvustus-470x215.png 470w, https:\/\/ventilatsiooniseade.ee\/wp-content\/uploads\/2020\/03\/Alpha-innotec-tutvustus-300x137.png 300w, https:\/\/ventilatsiooniseade.ee\/wp-content\/uploads\/2020\/03\/Alpha-innotec-tutvustus-768x351.png 768w, https:\/\/ventilatsiooniseade.ee\/wp-content\/uploads\/2020\/03\/Alpha-innotec-tutvustus-80x37.png 80w\" sizes=\"auto, (max-width: 916px) 100vw, 916px\" \/><\/a><a href=\"https:\/\/ventilatsiooniseade.ee\/wp-content\/uploads\/2020\/03\/alphav\u00f5imsused.png\"><img loading=\"lazy\" decoding=\"async\" class=\"alignnone size-full wp-image-3189\" src=\"https:\/\/ventilatsiooniseade.ee\/wp-content\/uploads\/2020\/03\/alphav\u00f5imsused.png\" alt=\"alphav\u00f5imsused\" width=\"982\" height=\"864\" srcset=\"https:\/\/ventilatsiooniseade.ee\/wp-content\/uploads\/2020\/03\/alphav\u00f5imsused.png 982w, https:\/\/ventilatsiooniseade.ee\/wp-content\/uploads\/2020\/03\/alphav\u00f5imsused-470x414.png 470w, https:\/\/ventilatsiooniseade.ee\/wp-content\/uploads\/2020\/03\/alphav\u00f5imsused-300x264.png 300w, https:\/\/ventilatsiooniseade.ee\/wp-content\/uploads\/2020\/03\/alphav\u00f5imsused-768x676.png 768w, https:\/\/ventilatsiooniseade.ee\/wp-content\/uploads\/2020\/03\/alphav\u00f5imsused-80x70.png 80w\" sizes=\"auto, (max-width: 982px) 100vw, 982px\" \/><\/a><\/p>\n<p>&nbsp;<\/p>\n<p>&nbsp;<\/p>\n<p>&nbsp;<\/p>\n","protected":false},"excerpt":{"rendered":"<div class=\"et_pb_column et_pb_column_4_4 et_pb_column_1 et_pb_css_mix_blend_mode_passthrough et-last-child\">\n<div class=\"et_pb_module et_pb_text et_pb_text_0 et_pb_text_align_center et_pb_bg_layout_light\">\n<div class=\"et_pb_text_inner\">\n<div class=\"et_pb_column et_pb_column_4_4 et_pb_column_12 et_pb_css_mix_blend_mode_passthrough et-last-child\">\n<div class=\"et_pb_module et_pb_text et_pb_text_5 et_pb_text_align_center et_pb_bg_layout_light\">\n<div class=\"et_pb_text_inner\">\n<p>Alpha innotec Alterra V-Line tooteseeria koondab enda alla vaieldamatult k\u00f5ige laiema valiku erinevaid v\u00f5imsusastmeid.\u00a0V-Line maasoojuspump on saadaval lausa neljas erinevas v\u00f5imsusevahemikus. K\u00f5ik Alpha Innotec maasoojuspumbad on kaugjuhitavad.<\/p>\n<\/div>\n<\/div>\n<\/div>\n<p>Siin on soojuspump inimesele kelle jaoks hea v\u00f5rdub s\u00f5naga keskp\u00e4rane.\u00a0\u00d5nneks ei meeldi ka meile keskp\u00e4rane ning pakume vaid PARIMAT, mida Alpha Innotec V-line soojuspump on!<\/p>\n<div class=\"et_pb_column et_pb_column_2_5 et_pb_column_4 et_pb_css_mix_blend_mode_passthrough\">\n<div class=\"et_pb_module et_pb_text et_pb_text_1 et_pb_text_align_left et_pb_bg_layout_light\">\n<div class=\"et_pb_text_inner\">\n<p>T\u00e4nu kaasaegsele invertertehnoloogiale tagab V-Line maasoojuspump t\u00e4pselt sellise hetkej\u00f5udluse, mida hoone parajasti k\u00fctmiseks v\u00f5i jahutamiseks vajab. Toode on saadaval nii integreeritud boileriga (180 ltr), kui ka ilma.<\/p>\n<p>Uuri t\u00e4psemalt toote lisainfost!<\/p>\n<\/div>\n<\/div>\n<\/div>\n<\/div>\n<\/div>\n<\/div>\n","protected":false},"featured_media":3177,"comment_status":"closed","ping_status":"closed","template":"","meta":[],"product_brand":[],"product_cat":[121,129],"product_tag":[],"class_list":{"0":"post-3180","1":"product","2":"type-product","3":"status-publish","4":"has-post-thumbnail","6":"product_cat-top-tooted","7":"product_cat-maasoojuspump","9":"first","10":"instock","11":"shipping-taxable","12":"purchasable","13":"product-type-simple"},"_links":{"self":[{"href":"https:\/\/ventilatsiooniseade.ee\/index.php?rest_route=\/wp\/v2\/product\/3180","targetHints":{"allow":["GET"]}}],"collection":[{"href":"https:\/\/ventilatsiooniseade.ee\/index.php?rest_route=\/wp\/v2\/product"}],"about":[{"href":"https:\/\/ventilatsiooniseade.ee\/index.php?rest_route=\/wp\/v2\/types\/product"}],"replies":[{"embeddable":true,"href":"https:\/\/ventilatsiooniseade.ee\/index.php?rest_route=%2Fwp%2Fv2%2Fcomments&post=3180"}],"wp:featuredmedia":[{"embeddable":true,"href":"https:\/\/ventilatsiooniseade.ee\/index.php?rest_route=\/wp\/v2\/media\/3177"}],"wp:attachment":[{"href":"https:\/\/ventilatsiooniseade.ee\/index.php?rest_route=%2Fwp%2Fv2%2Fmedia&parent=3180"}],"wp:term":[{"taxonomy":"product_brand","embeddable":true,"href":"https:\/\/ventilatsiooniseade.ee\/index.php?rest_route=%2Fwp%2Fv2%2Fproduct_brand&post=3180"},{"taxonomy":"product_cat","embeddable":true,"href":"https:\/\/ventilatsiooniseade.ee\/index.php?rest_route=%2Fwp%2Fv2%2Fproduct_cat&post=3180"},{"taxonomy":"product_tag","embeddable":true,"href":"https:\/\/ventilatsiooniseade.ee\/index.php?rest_route=%2Fwp%2Fv2%2Fproduct_tag&post=3180"}],"curies":[{"name":"wp","href":"https:\/\/api.w.org\/{rel}","templated":true}]}}