{"id":2768,"date":"2026-02-06T10:25:31","date_gmt":"2026-02-06T08:25:31","guid":{"rendered":"http:\/\/ventilatsiooniseade.ee\/?post_type=product&#038;p=2768"},"modified":"2026-02-06T11:16:13","modified_gmt":"2026-02-06T09:16:13","slug":"vents-vkp-80-mini","status":"publish","type":"product","link":"https:\/\/ventilatsiooniseade.ee\/?product=vents-vkp-80-mini","title":{"rendered":"VKP 80 mini kanali tsentrifugaalventilaator"},"content":{"rendered":"<p>VKP 80 mini on m\u00f5eldud v\u00e4ljat\u00f5mbeventilatsiooniks v\u00e4ikestele ruumidele, seadet on v\u00f5imalik \u00fchendada 80mm \u00fcmarate kanalitega.<\/p>\n<p>T\u00e4nu erinevatele sisselaskeavadele \u00fche seadme kohta, 1-6 ava, v\u00f5imaldab \u00fchendada \u00fcht ventilaatorit mitmest erinevast ruumist \u00f5huv\u00e4ljat\u00f5mbeks, mis muudab ventilatsioonis\u00fcsteemi paigaldamise palju lihtsamaks.<\/p>\n<p><a href=\"https:\/\/ventilatsiooniseade.ee\/wp-content\/uploads\/2020\/02\/Modification.png\"><img loading=\"lazy\" decoding=\"async\" class=\"alignnone size-full wp-image-2775\" src=\"https:\/\/ventilatsiooniseade.ee\/wp-content\/uploads\/2020\/02\/Modification.png\" alt=\"Modification\" width=\"662\" height=\"482\" srcset=\"https:\/\/ventilatsiooniseade.ee\/wp-content\/uploads\/2020\/02\/Modification.png 662w, https:\/\/ventilatsiooniseade.ee\/wp-content\/uploads\/2020\/02\/Modification-470x342.png 470w, https:\/\/ventilatsiooniseade.ee\/wp-content\/uploads\/2020\/02\/Modification-300x218.png 300w, https:\/\/ventilatsiooniseade.ee\/wp-content\/uploads\/2020\/02\/Modification-80x58.png 80w\" sizes=\"auto, (max-width: 662px) 100vw, 662px\" \/><\/a><\/p>\n<p>Applool olevatel piltidel on v\u00e4lja toodud m\u00f5ned v\u00f5imalikud paigaldamise v\u00f5imalused:<\/p>\n<p><a href=\"https:\/\/ventilatsiooniseade.ee\/wp-content\/uploads\/2020\/02\/VKP-mini-3.jpg\"><img loading=\"lazy\" decoding=\"async\" class=\"alignnone size-full wp-image-2777\" src=\"https:\/\/ventilatsiooniseade.ee\/wp-content\/uploads\/2020\/02\/VKP-mini-3.jpg\" alt=\"VKP-mini-3\" width=\"700\" height=\"508\" srcset=\"https:\/\/ventilatsiooniseade.ee\/wp-content\/uploads\/2020\/02\/VKP-mini-3.jpg 700w, https:\/\/ventilatsiooniseade.ee\/wp-content\/uploads\/2020\/02\/VKP-mini-3-470x341.jpg 470w, https:\/\/ventilatsiooniseade.ee\/wp-content\/uploads\/2020\/02\/VKP-mini-3-300x218.jpg 300w, https:\/\/ventilatsiooniseade.ee\/wp-content\/uploads\/2020\/02\/VKP-mini-3-80x58.jpg 80w\" sizes=\"auto, (max-width: 700px) 100vw, 700px\" \/><\/a> <a href=\"https:\/\/ventilatsiooniseade.ee\/wp-content\/uploads\/2020\/02\/VKP-mini.jpg\"><img loading=\"lazy\" decoding=\"async\" class=\"alignnone size-full wp-image-2779\" src=\"https:\/\/ventilatsiooniseade.ee\/wp-content\/uploads\/2020\/02\/VKP-mini.jpg\" alt=\"VKP-mini\" width=\"700\" height=\"554\" srcset=\"https:\/\/ventilatsiooniseade.ee\/wp-content\/uploads\/2020\/02\/VKP-mini.jpg 700w, https:\/\/ventilatsiooniseade.ee\/wp-content\/uploads\/2020\/02\/VKP-mini-470x372.jpg 470w, https:\/\/ventilatsiooniseade.ee\/wp-content\/uploads\/2020\/02\/VKP-mini-300x237.jpg 300w, https:\/\/ventilatsiooniseade.ee\/wp-content\/uploads\/2020\/02\/VKP-mini-80x63.jpg 80w\" sizes=\"auto, (max-width: 700px) 100vw, 700px\" \/><\/a> <a href=\"https:\/\/ventilatsiooniseade.ee\/wp-content\/uploads\/2020\/02\/VKP-5.jpg\"><img loading=\"lazy\" decoding=\"async\" class=\"alignnone size-full wp-image-2781\" src=\"https:\/\/ventilatsiooniseade.ee\/wp-content\/uploads\/2020\/02\/VKP-5.jpg\" alt=\"VKP-5\" width=\"700\" height=\"508\" srcset=\"https:\/\/ventilatsiooniseade.ee\/wp-content\/uploads\/2020\/02\/VKP-5.jpg 700w, https:\/\/ventilatsiooniseade.ee\/wp-content\/uploads\/2020\/02\/VKP-5-470x341.jpg 470w, https:\/\/ventilatsiooniseade.ee\/wp-content\/uploads\/2020\/02\/VKP-5-300x218.jpg 300w, https:\/\/ventilatsiooniseade.ee\/wp-content\/uploads\/2020\/02\/VKP-5-80x58.jpg 80w\" sizes=\"auto, (max-width: 700px) 100vw, 700px\" \/><\/a><\/p>\n<p>Video:<\/p>\n<p><iframe loading=\"lazy\" title=\"Review of VENTS VKP mini compact fan\" width=\"500\" height=\"281\" src=\"https:\/\/www.youtube.com\/embed\/F7eA0clRE6Y?feature=oembed&#038;wmode=opaque\"  allow=\"accelerometer; autoplay; clipboard-write; encrypted-media; gyroscope; picture-in-picture; web-share\" referrerpolicy=\"strict-origin-when-cross-origin\" allowfullscreen><\/iframe><\/p>\n","protected":false},"excerpt":{"rendered":"<p><span class=\"tlid-translation translation\" lang=\"et\"><span class=\"\" title=\"\">Kompaktne tsentrifugaalventilaator terasest korpuses, \u00f5huvooluga kuni 125m\u00b3\/h@ 100Pa juures, p\u00fcsiva \u00f5huvooluga, hoiab s\u00fcsteemis s\u00fcsteemis vahelduvat r\u00f5hku. <\/span><\/span><\/p>\n","protected":false},"featured_media":2787,"comment_status":"closed","ping_status":"closed","template":"","meta":[],"product_brand":[],"product_cat":[11,66],"product_tag":[],"class_list":{"0":"post-2768","1":"product","2":"type-product","3":"status-publish","4":"has-post-thumbnail","6":"product_cat-ventilaatorid","7":"product_cat-tsentrifugaal-ventilaatorid","9":"first","10":"instock","11":"shipping-taxable","12":"purchasable","13":"product-type-simple"},"_links":{"self":[{"href":"https:\/\/ventilatsiooniseade.ee\/index.php?rest_route=\/wp\/v2\/product\/2768","targetHints":{"allow":["GET"]}}],"collection":[{"href":"https:\/\/ventilatsiooniseade.ee\/index.php?rest_route=\/wp\/v2\/product"}],"about":[{"href":"https:\/\/ventilatsiooniseade.ee\/index.php?rest_route=\/wp\/v2\/types\/product"}],"replies":[{"embeddable":true,"href":"https:\/\/ventilatsiooniseade.ee\/index.php?rest_route=%2Fwp%2Fv2%2Fcomments&post=2768"}],"wp:featuredmedia":[{"embeddable":true,"href":"https:\/\/ventilatsiooniseade.ee\/index.php?rest_route=\/wp\/v2\/media\/2787"}],"wp:attachment":[{"href":"https:\/\/ventilatsiooniseade.ee\/index.php?rest_route=%2Fwp%2Fv2%2Fmedia&parent=2768"}],"wp:term":[{"taxonomy":"product_brand","embeddable":true,"href":"https:\/\/ventilatsiooniseade.ee\/index.php?rest_route=%2Fwp%2Fv2%2Fproduct_brand&post=2768"},{"taxonomy":"product_cat","embeddable":true,"href":"https:\/\/ventilatsiooniseade.ee\/index.php?rest_route=%2Fwp%2Fv2%2Fproduct_cat&post=2768"},{"taxonomy":"product_tag","embeddable":true,"href":"https:\/\/ventilatsiooniseade.ee\/index.php?rest_route=%2Fwp%2Fv2%2Fproduct_tag&post=2768"}],"curies":[{"name":"wp","href":"https:\/\/api.w.org\/{rel}","templated":true}]}}