{"id":1567,"date":"2019-12-09T14:06:19","date_gmt":"2019-12-09T12:06:19","guid":{"rendered":"http:\/\/ventilatsiooniseade.ee\/?post_type=product&#038;p=1567"},"modified":"2020-10-22T10:38:22","modified_gmt":"2020-10-22T07:38:22","slug":"vents-vutr-1200-wh-ec-2","status":"publish","type":"product","link":"https:\/\/ventilatsiooniseade.ee\/?product=vents-vutr-1200-wh-ec-2","title":{"rendered":"VUT R 1500 WH EC A17"},"content":{"rendered":"<p>Seadme m\u00f5\u00f5dud:<\/p>\n<p><a href=\"https:\/\/ventilatsiooniseade.ee\/wp-content\/uploads\/2019\/12\/1500.png\"><img loading=\"lazy\" decoding=\"async\" class=\"alignnone size-full wp-image-4410\" src=\"https:\/\/ventilatsiooniseade.ee\/wp-content\/uploads\/2019\/12\/1500.png\" alt=\"1500\" width=\"1181\" height=\"498\" srcset=\"https:\/\/ventilatsiooniseade.ee\/wp-content\/uploads\/2019\/12\/1500.png 1181w, https:\/\/ventilatsiooniseade.ee\/wp-content\/uploads\/2019\/12\/1500-470x198.png 470w, https:\/\/ventilatsiooniseade.ee\/wp-content\/uploads\/2019\/12\/1500-300x127.png 300w, https:\/\/ventilatsiooniseade.ee\/wp-content\/uploads\/2019\/12\/1500-768x324.png 768w, https:\/\/ventilatsiooniseade.ee\/wp-content\/uploads\/2019\/12\/1500-1024x432.png 1024w, https:\/\/ventilatsiooniseade.ee\/wp-content\/uploads\/2019\/12\/1500-80x34.png 80w\" sizes=\"auto, (max-width: 1181px) 100vw, 1181px\" \/><\/a><\/p>\n<p>Seadme tehnilised n\u00e4itajad:<\/p>\n<table width=\"319\">\n<tbody>\n<tr>\n<td width=\"135\">Parameeter<\/td>\n<td width=\"103\">VUTR 1500 WH EC<\/td>\n<td width=\"81\">M\u00f5\u00f5t\u00fchik<\/td>\n<\/tr>\n<tr>\n<td width=\"135\" data-label=\"Parameter\">Sagedus<\/td>\n<td width=\"103\" data-label=\"VUTR 900 WH EC - \">50\/60<\/td>\n<td width=\"81\" data-label=\"Measurement unit\">Hz<\/td>\n<\/tr>\n<tr>\n<td width=\"135\" data-label=\"Parameter\">Faas<\/td>\n<td width=\"103\" data-label=\"VUTR 900 WH EC - \">1<\/td>\n<td width=\"81\" data-label=\"Measurement unit\">\u02dc<\/td>\n<\/tr>\n<tr>\n<td width=\"135\" data-label=\"Parameter\">Pinge<\/td>\n<td width=\"103\" data-label=\"VUTR 900 WH EC - \">230<\/td>\n<td width=\"81\" data-label=\"Measurement unit\">V<\/td>\n<\/tr>\n<tr>\n<td width=\"135\" data-label=\"Parameter\">Maksimaalne ventilatori v\u00f5imsus<\/td>\n<td width=\"103\" data-label=\"VUTR 900 WH EC - \">2 x 222<\/td>\n<td width=\"81\" data-label=\"Measurement unit\">W<\/td>\n<\/tr>\n<tr>\n<td width=\"135\" data-label=\"Parameter\">Helir\u00f5hutase 3m kaugusel<\/td>\n<td width=\"103\" data-label=\"VUTR 900 WH EC - \">62<\/td>\n<td width=\"81\" data-label=\"Measurement unit\">dB\u0410<\/td>\n<\/tr>\n<tr>\n<td width=\"135\" data-label=\"Parameter\">Maksimaalne \u00f5hul\u00e4bilaske v\u00f5ime<\/td>\n<td width=\"103\" data-label=\"VUTR 900 WH EC - \">1500<\/td>\n<td width=\"81\" data-label=\"Measurement unit\">m\u00b3\/h<\/td>\n<\/tr>\n<tr>\n<td>Seadme koguv\u00f5imsus<\/td>\n<td width=\"103\" data-label=\"VUTR 900 WH EC - \">750<\/td>\n<td width=\"81\" data-label=\"Measurement unit\">W<\/td>\n<\/tr>\n<tr>\n<td width=\"135\" data-label=\"Parameter\">Kogu\u00fchiku vool<\/td>\n<td width=\"103\" data-label=\"VUTR 900 WH EC - \">3.2<\/td>\n<td width=\"81\" data-label=\"Measurement unit\">A<\/td>\n<\/tr>\n<tr>\n<td width=\"135\" data-label=\"Parameter\">RPM<\/td>\n<td width=\"103\" data-label=\"VUTR 900 WH EC - \">2000<\/td>\n<td width=\"81\" data-label=\"Measurement unit\">min<sup>-1<\/sup><\/td>\n<\/tr>\n<tr>\n<td width=\"135\" data-label=\"Parameter\">Soojustagastuse efektiivsus<\/td>\n<td width=\"103\" data-label=\"VUTR 900 WH EC - \">72&#8230;95<\/td>\n<td width=\"81\" data-label=\"Measurement unit\">%<\/td>\n<\/tr>\n<tr>\n<td width=\"135\" data-label=\"Parameter\">Transporditava \u00f5hu temperatuur<\/td>\n<td width=\"103\" data-label=\"VUTR 900 WH EC - \">-25 &#8230; +40<\/td>\n<td width=\"81\" data-label=\"Measurement unit\">\u00b0\u0421<\/td>\n<\/tr>\n<tr>\n<td width=\"135\" data-label=\"Parameter\">Korpuse materjal<\/td>\n<td width=\"103\" data-label=\"VUTR 900 WH EC - \">aluzinc<\/td>\n<td width=\"81\" data-label=\"Measurement unit\">&#8211;<\/td>\n<\/tr>\n<tr>\n<td width=\"135\" data-label=\"Parameter\">Isolatsioon<\/td>\n<td width=\"103\" data-label=\"VUTR 900 WH EC - \">20 mm mineraalvill<\/td>\n<td width=\"81\" data-label=\"Measurement unit\">&#8211;<\/td>\n<\/tr>\n<tr>\n<td width=\"135\" data-label=\"Parameter\">Filter: sv\u00e4lja<\/td>\n<td width=\"103\" data-label=\"VUTR 900 WH EC - \">G4<\/td>\n<td width=\"81\" data-label=\"Measurement unit\">&#8211;<\/td>\n<\/tr>\n<tr>\n<td width=\"135\" data-label=\"Parameter\">Filter: sisse<\/td>\n<td width=\"103\" data-label=\"VUTR 900 WH EC - \">G4<\/td>\n<td width=\"81\" data-label=\"Measurement unit\">&#8211;<\/td>\n<\/tr>\n<tr>\n<td width=\"135\" data-label=\"Parameter\">\u00dchendatud toru l\u00e4bim\u00f5\u00f5t<\/td>\n<td width=\"103\" data-label=\"VUTR 900 WH EC - \">315<\/td>\n<td width=\"81\" data-label=\"Measurement unit\">mm<\/td>\n<\/tr>\n<tr>\n<td width=\"135\" data-label=\"Parameter\">Kaal<\/td>\n<td width=\"103\" data-label=\"VUTR 900 WH EC - \">175<\/td>\n<td width=\"81\" data-label=\"Measurement unit\">kg<\/td>\n<\/tr>\n<tr>\n<td width=\"135\" data-label=\"Parameter\">Soojusvaheti t\u00fc\u00fcp<\/td>\n<td width=\"103\" data-label=\"VUTR 900 WH EC - \">rotary<\/td>\n<td width=\"81\" data-label=\"Measurement unit\">&#8211;<\/td>\n<\/tr>\n<tr>\n<td width=\"135\" data-label=\"Parameter\">Soojusvaheti materjal<\/td>\n<td width=\"103\" data-label=\"VUTR 900 WH EC - \">alumiinium<\/td>\n<td width=\"81\" data-label=\"Measurement unit\">&#8211;<\/td>\n<\/tr>\n<\/tbody>\n<\/table>\n<p>Alloleval pildil on \u00e4ra toodud \u00fcks v\u00f5imalikest seadme kasutamise v\u00f5imalustest.<\/p>\n<p>&nbsp;<\/p>\n<p><a href=\"https:\/\/ventilatsiooniseade.ee\/wp-content\/uploads\/2019\/12\/VUTR-EH-WH-EC-application-700-en-11.png\"><img loading=\"lazy\" decoding=\"async\" class=\"alignnone size-full wp-image-1568\" src=\"https:\/\/ventilatsiooniseade.ee\/wp-content\/uploads\/2019\/12\/VUTR-EH-WH-EC-application-700-en-11.png\" alt=\"VUTR-EH-WH-EC-application-700-en\" width=\"700\" height=\"678\" srcset=\"https:\/\/ventilatsiooniseade.ee\/wp-content\/uploads\/2019\/12\/VUTR-EH-WH-EC-application-700-en-11.png 700w, https:\/\/ventilatsiooniseade.ee\/wp-content\/uploads\/2019\/12\/VUTR-EH-WH-EC-application-700-en-11-470x455.png 470w, https:\/\/ventilatsiooniseade.ee\/wp-content\/uploads\/2019\/12\/VUTR-EH-WH-EC-application-700-en-11-300x291.png 300w, https:\/\/ventilatsiooniseade.ee\/wp-content\/uploads\/2019\/12\/VUTR-EH-WH-EC-application-700-en-11-80x77.png 80w\" sizes=\"auto, (max-width: 700px) 100vw, 700px\" \/><\/a><\/p>\n<p>Selle seadmega komplektis <strong>juhtpult A17<\/strong>.<\/p>\n<p><a href=\"https:\/\/ventilatsiooniseade.ee\/wp-content\/uploads\/2019\/12\/A17-1.png\"><img loading=\"lazy\" decoding=\"async\" class=\"alignnone size-full wp-image-1835\" src=\"https:\/\/ventilatsiooniseade.ee\/wp-content\/uploads\/2019\/12\/A17-1.png\" alt=\"A17\" width=\"200\" height=\"200\" srcset=\"https:\/\/ventilatsiooniseade.ee\/wp-content\/uploads\/2019\/12\/A17-1.png 200w, https:\/\/ventilatsiooniseade.ee\/wp-content\/uploads\/2019\/12\/A17-1-195x195.png 195w, https:\/\/ventilatsiooniseade.ee\/wp-content\/uploads\/2019\/12\/A17-1-100x100.png 100w, https:\/\/ventilatsiooniseade.ee\/wp-content\/uploads\/2019\/12\/A17-1-150x150.png 150w, https:\/\/ventilatsiooniseade.ee\/wp-content\/uploads\/2019\/12\/A17-1-80x80.png 80w\" sizes=\"auto, (max-width: 200px) 100vw, 200px\" \/><\/a><\/p>\n<p>Juhtpuldi funktsioonid:<\/p>\n<p>kiiruse reguleerimine<br \/>\nfiltri vahetuse m\u00e4rguanne<br \/>\nveateade<br \/>\ntaimer<\/p>\n<p>Pakume ka sama sarja teisi mudeleid:<\/p>\n<p>VUT R 400 WH EC, VUT R 700 WH EC,VUT R 900 WH EC, VUT R 1200 WH EC,<\/p>\n<p>VUT R 2000 WH EC. (<a href=\"https:\/\/ventilatsiooniseade.ee\/?page_id=27\" target=\"_blank\"><strong><span style=\"color: #ff0000;\">k\u00fcsi meilt lisainfot<\/span><\/strong><\/a>)<\/p>\n","protected":false},"excerpt":{"rendered":"<p>Vee j\u00e4relk\u00fcttega soojus- ja heliisolatsiooniga ventilatsiooniseade.<\/p>\n<p>Tootlikus 1374 m\u00b3\/h@100Pa.\u00a0 Soojuse taaskasutuse efektiivsus kuni 95%.<\/p>\n<p>Graafiku tootlikuse kohta leiad <a href=\"https:\/\/ventilation-system.com\/product\/vut-r-1500-wh-ec#sheet\" target=\"_blank\"><strong><span style=\"color: #ff0000;\">siit<\/span><\/strong><\/a>.<\/p>\n","protected":false},"featured_media":1563,"comment_status":"closed","ping_status":"closed","template":"","meta":[],"product_brand":[],"product_cat":[13,17,41,40],"product_tag":[],"class_list":{"0":"post-1567","1":"product","2":"type-product","3":"status-publish","4":"has-post-thumbnail","6":"product_cat-ventilatsiooniseadmed","7":"product_cat-soojustagastusega-ventilatsiooniseadmed","8":"product_cat-riputatavad-seadmed","9":"product_cat-porandakinnitusega-seadmed","11":"first","12":"instock","13":"shipping-taxable","14":"purchasable","15":"product-type-simple"},"_links":{"self":[{"href":"https:\/\/ventilatsiooniseade.ee\/index.php?rest_route=\/wp\/v2\/product\/1567","targetHints":{"allow":["GET"]}}],"collection":[{"href":"https:\/\/ventilatsiooniseade.ee\/index.php?rest_route=\/wp\/v2\/product"}],"about":[{"href":"https:\/\/ventilatsiooniseade.ee\/index.php?rest_route=\/wp\/v2\/types\/product"}],"replies":[{"embeddable":true,"href":"https:\/\/ventilatsiooniseade.ee\/index.php?rest_route=%2Fwp%2Fv2%2Fcomments&post=1567"}],"wp:featuredmedia":[{"embeddable":true,"href":"https:\/\/ventilatsiooniseade.ee\/index.php?rest_route=\/wp\/v2\/media\/1563"}],"wp:attachment":[{"href":"https:\/\/ventilatsiooniseade.ee\/index.php?rest_route=%2Fwp%2Fv2%2Fmedia&parent=1567"}],"wp:term":[{"taxonomy":"product_brand","embeddable":true,"href":"https:\/\/ventilatsiooniseade.ee\/index.php?rest_route=%2Fwp%2Fv2%2Fproduct_brand&post=1567"},{"taxonomy":"product_cat","embeddable":true,"href":"https:\/\/ventilatsiooniseade.ee\/index.php?rest_route=%2Fwp%2Fv2%2Fproduct_cat&post=1567"},{"taxonomy":"product_tag","embeddable":true,"href":"https:\/\/ventilatsiooniseade.ee\/index.php?rest_route=%2Fwp%2Fv2%2Fproduct_tag&post=1567"}],"curies":[{"name":"wp","href":"https:\/\/api.w.org\/{rel}","templated":true}]}}