{"id":1518,"date":"2025-04-15T08:30:40","date_gmt":"2025-04-15T05:30:40","guid":{"rendered":"http:\/\/ventilatsiooniseade.ee\/?post_type=product&#038;p=1518"},"modified":"2025-04-15T09:26:34","modified_gmt":"2025-04-15T06:26:34","slug":"vents-vutr-700-eh-ec","status":"publish","type":"product","link":"https:\/\/ventilatsiooniseade.ee\/?product=vents-vutr-700-eh-ec","title":{"rendered":"VUT R 700 TN H EC A17 soojuspumbaga ventilatsiooniseade"},"content":{"rendered":"<p>Seadme tehnilised n\u00e4itajad:<\/p>\n<table class=\"min-w-full\" data-start=\"180\" data-end=\"937\">\n<thead data-start=\"180\" data-end=\"212\">\n<tr data-start=\"180\" data-end=\"212\">\n<th data-start=\"180\" data-end=\"190\">N\u00e4itaja<\/th>\n<th data-start=\"190\" data-end=\"201\">M\u00f5\u00f5t\u00fchik<\/th>\n<th data-start=\"201\" data-end=\"212\">V\u00e4\u00e4rtus<\/th>\n<\/tr>\n<\/thead>\n<tbody data-start=\"245\" data-end=\"937\">\n<tr data-start=\"245\" data-end=\"287\">\n<td class=\"max-w-[calc(var(--thread-content-max-width)*2\/3)]\" data-start=\"245\" data-end=\"275\">\u00dchendatava \u00f5hukanali suurus<\/td>\n<td class=\"max-w-[calc(var(--thread-content-max-width)*2\/3)]\" data-start=\"275\" data-end=\"280\">mm<\/td>\n<td class=\"max-w-[calc(var(--thread-content-max-width)*2\/3)]\" data-start=\"280\" data-end=\"287\">250<\/td>\n<\/tr>\n<tr data-start=\"288\" data-end=\"306\">\n<td class=\"max-w-[calc(var(--thread-content-max-width)*2\/3)]\" data-start=\"288\" data-end=\"297\">Faasid<\/td>\n<td class=\"max-w-[calc(var(--thread-content-max-width)*2\/3)]\" data-start=\"297\" data-end=\"301\">&#8211;<\/td>\n<td class=\"max-w-[calc(var(--thread-content-max-width)*2\/3)]\" data-start=\"301\" data-end=\"306\">1<\/td>\n<\/tr>\n<tr data-start=\"307\" data-end=\"342\">\n<td class=\"max-w-[calc(var(--thread-content-max-width)*2\/3)]\" data-start=\"307\" data-end=\"331\">Minimaalne toitepinge<\/td>\n<td class=\"max-w-[calc(var(--thread-content-max-width)*2\/3)]\" data-start=\"331\" data-end=\"335\">V<\/td>\n<td class=\"max-w-[calc(var(--thread-content-max-width)*2\/3)]\" data-start=\"335\" data-end=\"342\">230<\/td>\n<\/tr>\n<tr data-start=\"343\" data-end=\"379\">\n<td class=\"max-w-[calc(var(--thread-content-max-width)*2\/3)]\" data-start=\"343\" data-end=\"368\">Maksimaalne toitepinge<\/td>\n<td class=\"max-w-[calc(var(--thread-content-max-width)*2\/3)]\" data-start=\"368\" data-end=\"372\">V<\/td>\n<td class=\"max-w-[calc(var(--thread-content-max-width)*2\/3)]\" data-start=\"372\" data-end=\"379\">230<\/td>\n<\/tr>\n<tr data-start=\"380\" data-end=\"407\">\n<td class=\"max-w-[calc(var(--thread-content-max-width)*2\/3)]\" data-start=\"380\" data-end=\"396\">Toite sagedus<\/td>\n<td class=\"max-w-[calc(var(--thread-content-max-width)*2\/3)]\" data-start=\"396\" data-end=\"401\">Hz<\/td>\n<td class=\"max-w-[calc(var(--thread-content-max-width)*2\/3)]\" data-start=\"401\" data-end=\"407\">50<\/td>\n<\/tr>\n<tr data-start=\"408\" data-end=\"433\">\n<td class=\"max-w-[calc(var(--thread-content-max-width)*2\/3)]\" data-start=\"408\" data-end=\"422\">Nimiv\u00f5imsus<\/td>\n<td class=\"max-w-[calc(var(--thread-content-max-width)*2\/3)]\" data-start=\"422\" data-end=\"426\">W<\/td>\n<td class=\"max-w-[calc(var(--thread-content-max-width)*2\/3)]\" data-start=\"426\" data-end=\"433\">360<\/td>\n<\/tr>\n<tr data-start=\"434\" data-end=\"455\">\n<td class=\"max-w-[calc(var(--thread-content-max-width)*2\/3)]\" data-start=\"434\" data-end=\"444\">T\u00f6\u00f6vool<\/td>\n<td class=\"max-w-[calc(var(--thread-content-max-width)*2\/3)]\" data-start=\"444\" data-end=\"448\">A<\/td>\n<td class=\"max-w-[calc(var(--thread-content-max-width)*2\/3)]\" data-start=\"448\" data-end=\"455\">5.7<\/td>\n<\/tr>\n<tr data-start=\"456\" data-end=\"492\">\n<td class=\"max-w-[calc(var(--thread-content-max-width)*2\/3)]\" data-start=\"456\" data-end=\"478\">Maksimaalne \u00f5huvool<\/td>\n<td class=\"max-w-[calc(var(--thread-content-max-width)*2\/3)]\" data-start=\"478\" data-end=\"485\">m\u00b3\/h<\/td>\n<td class=\"max-w-[calc(var(--thread-content-max-width)*2\/3)]\" data-start=\"485\" data-end=\"492\">830<\/td>\n<\/tr>\n<tr data-start=\"493\" data-end=\"536\">\n<td class=\"max-w-[calc(var(--thread-content-max-width)*2\/3)]\" data-start=\"493\" data-end=\"522\">Helir\u00f5hu tase 3 m kaugusel<\/td>\n<td class=\"max-w-[calc(var(--thread-content-max-width)*2\/3)]\" data-start=\"522\" data-end=\"530\">dB(A)<\/td>\n<td class=\"max-w-[calc(var(--thread-content-max-width)*2\/3)]\" data-start=\"530\" data-end=\"536\">52<\/td>\n<\/tr>\n<tr data-start=\"537\" data-end=\"558\">\n<td class=\"max-w-[calc(var(--thread-content-max-width)*2\/3)]\" data-start=\"537\" data-end=\"546\">K\u00f5rgus<\/td>\n<td class=\"max-w-[calc(var(--thread-content-max-width)*2\/3)]\" data-start=\"546\" data-end=\"551\">kg<\/td>\n<td class=\"max-w-[calc(var(--thread-content-max-width)*2\/3)]\" data-start=\"551\" data-end=\"558\">103<\/td>\n<\/tr>\n<tr data-start=\"559\" data-end=\"589\">\n<td class=\"max-w-[calc(var(--thread-content-max-width)*2\/3)]\" data-start=\"559\" data-end=\"579\">V\u00e4ljat\u00f5mbe filter<\/td>\n<td class=\"max-w-[calc(var(--thread-content-max-width)*2\/3)]\" data-start=\"579\" data-end=\"583\">&#8211;<\/td>\n<td class=\"max-w-[calc(var(--thread-content-max-width)*2\/3)]\" data-start=\"583\" data-end=\"589\">G4<\/td>\n<\/tr>\n<tr data-start=\"590\" data-end=\"635\">\n<td class=\"max-w-[calc(var(--thread-content-max-width)*2\/3)]\" data-start=\"590\" data-end=\"609\">Sisend\u00f5hu filter<\/td>\n<td class=\"max-w-[calc(var(--thread-content-max-width)*2\/3)]\" data-start=\"609\" data-end=\"613\">&#8211;<\/td>\n<td class=\"max-w-[calc(var(--thread-content-max-width)*2\/3)]\" data-start=\"613\" data-end=\"635\">G4 (F7 valikuline)<\/td>\n<\/tr>\n<tr data-start=\"636\" data-end=\"684\">\n<td class=\"max-w-[calc(var(--thread-content-max-width)*2\/3)]\" data-start=\"636\" data-end=\"673\">Transporditava \u00f5hu max temperatuur<\/td>\n<td class=\"max-w-[calc(var(--thread-content-max-width)*2\/3)]\" data-start=\"673\" data-end=\"678\">\u00b0C<\/td>\n<td class=\"max-w-[calc(var(--thread-content-max-width)*2\/3)]\" data-start=\"678\" data-end=\"684\">40<\/td>\n<\/tr>\n<tr data-start=\"685\" data-end=\"734\">\n<td class=\"max-w-[calc(var(--thread-content-max-width)*2\/3)]\" data-start=\"685\" data-end=\"722\">Transporditava \u00f5hu min temperatuur<\/td>\n<td class=\"max-w-[calc(var(--thread-content-max-width)*2\/3)]\" data-start=\"722\" data-end=\"727\">\u00b0C<\/td>\n<td class=\"max-w-[calc(var(--thread-content-max-width)*2\/3)]\" data-start=\"727\" data-end=\"734\">-10<\/td>\n<\/tr>\n<tr data-start=\"735\" data-end=\"778\">\n<td class=\"max-w-[calc(var(--thread-content-max-width)*2\/3)]\" data-start=\"735\" data-end=\"768\">\u00dcmbritseva \u00f5hu min temperatuur<\/td>\n<td class=\"max-w-[calc(var(--thread-content-max-width)*2\/3)]\" data-start=\"768\" data-end=\"773\">\u00b0C<\/td>\n<td class=\"max-w-[calc(var(--thread-content-max-width)*2\/3)]\" data-start=\"773\" data-end=\"778\">1<\/td>\n<\/tr>\n<tr data-start=\"779\" data-end=\"823\">\n<td class=\"max-w-[calc(var(--thread-content-max-width)*2\/3)]\" data-start=\"779\" data-end=\"812\">\u00dcmbritseva \u00f5hu max temperatuur<\/td>\n<td class=\"max-w-[calc(var(--thread-content-max-width)*2\/3)]\" data-start=\"812\" data-end=\"817\">\u00b0C<\/td>\n<td class=\"max-w-[calc(var(--thread-content-max-width)*2\/3)]\" data-start=\"817\" data-end=\"823\">40<\/td>\n<\/tr>\n<tr data-start=\"824\" data-end=\"863\">\n<td class=\"max-w-[calc(var(--thread-content-max-width)*2\/3)]\" data-start=\"824\" data-end=\"853\">\u00dcmbritseva \u00f5hu max niiskus<\/td>\n<td class=\"max-w-[calc(var(--thread-content-max-width)*2\/3)]\" data-start=\"853\" data-end=\"857\">%<\/td>\n<td class=\"max-w-[calc(var(--thread-content-max-width)*2\/3)]\" data-start=\"857\" data-end=\"863\">80<\/td>\n<\/tr>\n<tr data-start=\"864\" data-end=\"903\">\n<td class=\"max-w-[calc(var(--thread-content-max-width)*2\/3)]\" data-start=\"864\" data-end=\"891\">Kaitseklass (kogu seade)<\/td>\n<td class=\"max-w-[calc(var(--thread-content-max-width)*2\/3)]\" data-start=\"891\" data-end=\"895\">&#8211;<\/td>\n<td class=\"max-w-[calc(var(--thread-content-max-width)*2\/3)]\" data-start=\"895\" data-end=\"903\">IP22<\/td>\n<\/tr>\n<tr data-start=\"904\" data-end=\"937\">\n<td class=\"max-w-[calc(var(--thread-content-max-width)*2\/3)]\" data-start=\"904\" data-end=\"925\">Kaitseklass (ajam)<\/td>\n<td class=\"max-w-[calc(var(--thread-content-max-width)*2\/3)]\" data-start=\"925\" data-end=\"929\">&#8211;<\/td>\n<td class=\"max-w-[calc(var(--thread-content-max-width)*2\/3)]\" data-start=\"929\" data-end=\"937\">IP44<\/td>\n<\/tr>\n<\/tbody>\n<\/table>\n<p>&nbsp;<\/p>\n<p>Seadme m\u00f5\u00f5dud:<br \/>\n<a href=\"https:\/\/ventilatsiooniseade.ee\/wp-content\/uploads\/2019\/12\/VUT-R-700-TN-H-EC-A17-m\u00f5\u00f5dud.jpeg\"><img loading=\"lazy\" decoding=\"async\" class=\"alignleft size-large wp-image-6151\" src=\"https:\/\/ventilatsiooniseade.ee\/wp-content\/uploads\/2019\/12\/VUT-R-700-TN-H-EC-A17-m\u00f5\u00f5dud-1024x405.jpeg\" alt=\"VUT R 700 TN H EC A17 m\u00f5\u00f5dud\" width=\"1024\" height=\"405\" srcset=\"https:\/\/ventilatsiooniseade.ee\/wp-content\/uploads\/2019\/12\/VUT-R-700-TN-H-EC-A17-m\u00f5\u00f5dud-1024x405.jpeg 1024w, https:\/\/ventilatsiooniseade.ee\/wp-content\/uploads\/2019\/12\/VUT-R-700-TN-H-EC-A17-m\u00f5\u00f5dud-470x186.jpeg 470w, https:\/\/ventilatsiooniseade.ee\/wp-content\/uploads\/2019\/12\/VUT-R-700-TN-H-EC-A17-m\u00f5\u00f5dud-300x119.jpeg 300w, https:\/\/ventilatsiooniseade.ee\/wp-content\/uploads\/2019\/12\/VUT-R-700-TN-H-EC-A17-m\u00f5\u00f5dud-768x304.jpeg 768w, https:\/\/ventilatsiooniseade.ee\/wp-content\/uploads\/2019\/12\/VUT-R-700-TN-H-EC-A17-m\u00f5\u00f5dud-80x32.jpeg 80w, https:\/\/ventilatsiooniseade.ee\/wp-content\/uploads\/2019\/12\/VUT-R-700-TN-H-EC-A17-m\u00f5\u00f5dud.jpeg 1121w\" sizes=\"auto, (max-width: 1024px) 100vw, 1024px\" \/><\/a><\/p>\n<p>&nbsp;<\/p>\n<p>Selle seadmega komplektis <strong>juhtpult A17<\/strong>.<\/p>\n<p><a href=\"https:\/\/ventilatsiooniseade.ee\/wp-content\/uploads\/2019\/12\/A17-1.png\"><img loading=\"lazy\" decoding=\"async\" class=\"alignnone size-full wp-image-1835\" src=\"https:\/\/ventilatsiooniseade.ee\/wp-content\/uploads\/2019\/12\/A17-1.png\" alt=\"A17\" width=\"200\" height=\"200\" srcset=\"https:\/\/ventilatsiooniseade.ee\/wp-content\/uploads\/2019\/12\/A17-1.png 200w, https:\/\/ventilatsiooniseade.ee\/wp-content\/uploads\/2019\/12\/A17-1-195x195.png 195w, https:\/\/ventilatsiooniseade.ee\/wp-content\/uploads\/2019\/12\/A17-1-100x100.png 100w, https:\/\/ventilatsiooniseade.ee\/wp-content\/uploads\/2019\/12\/A17-1-150x150.png 150w, https:\/\/ventilatsiooniseade.ee\/wp-content\/uploads\/2019\/12\/A17-1-80x80.png 80w\" sizes=\"auto, (max-width: 200px) 100vw, 200px\" \/><\/a><\/p>\n<p>Juhtpuldi funktsioonid:<\/p>\n<p>&#8211; kiiruse reguleerimine<br \/>\n&#8211; filtri vahetuse m\u00e4rguanne<br \/>\n&#8211; veateade<br \/>\n&#8211; taimer<\/p>\n<p><span style=\"color: #0000ff;\"><a style=\"color: #0000ff;\" href=\"https:\/\/ventilation-system.com\/download\/vutr-th-h-ec-manual-4471.pdf\"><strong>Kasutusjuhend<\/strong><\/a><\/span><\/p>\n","protected":false},"excerpt":{"rendered":"<p><strong>Soojuspumbaga<\/strong> ventilatsiooniseade.<\/p>\n<p><img loading=\"lazy\" decoding=\"async\" class=\"\" src=\"https:\/\/ventilation-system.com\/upload\/svg\/0528497001677652493.svg\" width=\"49\" height=\"49\" \/><\/p>\n<p><strong data-start=\"185\" data-end=\"209\">Maksimaalne \u00f5huvool:<\/strong> 830 m\u00b3\/h<br \/>\n<strong data-start=\"223\" data-end=\"260\">Helir\u00f5hu tase (LpA) 3 m kaugusel:<\/strong> 52 dB(A)<br \/>\n<strong data-start=\"274\" data-end=\"296\">Soojusvaheti t\u00fc\u00fcp:<\/strong> P\u00f6\u00f6rdsoojusvaheti<br \/>\n<strong data-start=\"319\" data-end=\"341\">V\u00e4ljat\u00f5mbe filter:<\/strong> G4<br \/>\n<strong data-start=\"349\" data-end=\"370\">Sisend\u00f5hu filter:<\/strong> G4 (v\u00f5imalik F7 valikuna)<br \/>\n<strong data-start=\"401\" data-end=\"421\">Heliisolatsioon:<\/strong> Olemas<br \/>\n<strong data-start=\"433\" data-end=\"450\">Mootori t\u00fc\u00fcp:<\/strong> EC-mootor<br \/>\n<strong data-start=\"465\" data-end=\"479\">Juhtimine:<\/strong> Kaugjuhtimine<br \/>\n<strong data-start=\"498\" data-end=\"519\">Korpuse materjal:<\/strong> Tsingitud teras<br \/>\n<strong data-start=\"540\" data-end=\"557\">Niiskusandur:<\/strong> Valikuline<br \/>\n<strong data-start=\"573\" data-end=\"587\">CO\u2082 andur:<\/strong> Valikuline<br \/>\n<strong data-start=\"603\" data-end=\"617\">VOC andur:<\/strong> Valikuline<br \/>\n<strong data-start=\"633\" data-end=\"658\">PM2.5 osakeste andur:<\/strong> Valikuline<\/p>\n<p><strong><a href=\"https:\/\/ventilation-system.com\/download\/vutr-th-h-ec-datasheet-1575.pdf\"><span style=\"color: #0000ff;\">Lisainfo<\/span><\/a><\/strong><\/p>\n","protected":false},"featured_media":6155,"comment_status":"closed","ping_status":"closed","template":"","meta":[],"product_brand":[],"product_cat":[13,17,41],"product_tag":[],"class_list":{"0":"post-1518","1":"product","2":"type-product","3":"status-publish","4":"has-post-thumbnail","6":"product_cat-ventilatsiooniseadmed","7":"product_cat-soojustagastusega-ventilatsiooniseadmed","8":"product_cat-riputatavad-seadmed","10":"first","11":"instock","12":"shipping-taxable","13":"purchasable","14":"product-type-simple"},"_links":{"self":[{"href":"https:\/\/ventilatsiooniseade.ee\/index.php?rest_route=\/wp\/v2\/product\/1518","targetHints":{"allow":["GET"]}}],"collection":[{"href":"https:\/\/ventilatsiooniseade.ee\/index.php?rest_route=\/wp\/v2\/product"}],"about":[{"href":"https:\/\/ventilatsiooniseade.ee\/index.php?rest_route=\/wp\/v2\/types\/product"}],"replies":[{"embeddable":true,"href":"https:\/\/ventilatsiooniseade.ee\/index.php?rest_route=%2Fwp%2Fv2%2Fcomments&post=1518"}],"wp:featuredmedia":[{"embeddable":true,"href":"https:\/\/ventilatsiooniseade.ee\/index.php?rest_route=\/wp\/v2\/media\/6155"}],"wp:attachment":[{"href":"https:\/\/ventilatsiooniseade.ee\/index.php?rest_route=%2Fwp%2Fv2%2Fmedia&parent=1518"}],"wp:term":[{"taxonomy":"product_brand","embeddable":true,"href":"https:\/\/ventilatsiooniseade.ee\/index.php?rest_route=%2Fwp%2Fv2%2Fproduct_brand&post=1518"},{"taxonomy":"product_cat","embeddable":true,"href":"https:\/\/ventilatsiooniseade.ee\/index.php?rest_route=%2Fwp%2Fv2%2Fproduct_cat&post=1518"},{"taxonomy":"product_tag","embeddable":true,"href":"https:\/\/ventilatsiooniseade.ee\/index.php?rest_route=%2Fwp%2Fv2%2Fproduct_tag&post=1518"}],"curies":[{"name":"wp","href":"https:\/\/api.w.org\/{rel}","templated":true}]}}