{"id":1493,"date":"2025-05-30T10:00:16","date_gmt":"2025-05-30T07:00:16","guid":{"rendered":"http:\/\/ventilatsiooniseade.ee\/?post_type=product&#038;p=1493"},"modified":"2025-09-23T13:46:25","modified_gmt":"2025-09-23T10:46:25","slug":"vents-vue-300-h2-mini-ec","status":"publish","type":"product","link":"https:\/\/ventilatsiooniseade.ee\/?product=vents-vue-300-h2-mini-ec","title":{"rendered":"VUE 300 H2 mini EC A2"},"content":{"rendered":"<table>\n<thead>\n<tr>\n<th>N\u00e4itaja<\/th>\n<th>M\u00f5\u00f5t\u00fchik<\/th>\n<th>V\u00e4\u00e4rtus<\/th>\n<\/tr>\n<\/thead>\n<tbody>\n<tr>\n<td>\u00dchendatava \u00f5hukanali l\u00e4bim\u00f5\u00f5t<\/td>\n<td>mm<\/td>\n<td>125<\/td>\n<\/tr>\n<tr>\n<td>Minimaalne toitepinge<\/td>\n<td>V<\/td>\n<td>230<\/td>\n<\/tr>\n<tr>\n<td>Maksimaalne toitepinge<\/td>\n<td>V<\/td>\n<td>230<\/td>\n<\/tr>\n<tr>\n<td>Toitesagedus<\/td>\n<td>Hz<\/td>\n<td>50\/60<\/td>\n<\/tr>\n<tr>\n<td>Nimiv\u00f5imsus<\/td>\n<td>W<\/td>\n<td>165<\/td>\n<\/tr>\n<tr>\n<td>T\u00f6\u00f6vool<\/td>\n<td>A<\/td>\n<td>1.3<\/td>\n<\/tr>\n<tr>\n<td>Maksimaalne \u00f5huvool<\/td>\n<td>m\u00b3\/h<\/td>\n<td>300<\/td>\n<\/tr>\n<tr>\n<td>Helir\u00f5hutase 3 m kaugusel<\/td>\n<td>dB(A)<\/td>\n<td>33<\/td>\n<\/tr>\n<tr>\n<td>Maksimaalne soojustagastuse efektiivsus<\/td>\n<td>%<\/td>\n<td>73<\/td>\n<\/tr>\n<tr>\n<td>Soojusvaheti t\u00fc\u00fcp<\/td>\n<td>&#8211;<\/td>\n<td>Ristvool<\/td>\n<\/tr>\n<tr>\n<td>Soojusvaheti materjal<\/td>\n<td>&#8211;<\/td>\n<td>Entalpia<\/td>\n<\/tr>\n<tr>\n<td>Kaal<\/td>\n<td>kg<\/td>\n<td>28<\/td>\n<\/tr>\n<tr>\n<td>V\u00e4ljat\u00f5mbe\u00f5hu filter<\/td>\n<td>&#8211;<\/td>\n<td>G4<\/td>\n<\/tr>\n<tr>\n<td>Siseneva \u00f5hu filter<\/td>\n<td>&#8211;<\/td>\n<td>G4, F8<\/td>\n<\/tr>\n<tr>\n<td>Maksimaalne transporditava \u00f5hu temperatuur<\/td>\n<td>\u00b0C<\/td>\n<td>60<\/td>\n<\/tr>\n<tr>\n<td>Minimaalne transporditava \u00f5hu temperatuur<\/td>\n<td>\u00b0C<\/td>\n<td>-25<\/td>\n<\/tr>\n<tr>\n<td>Minimaalne \u00fcmbritseva \u00f5hu temperatuur<\/td>\n<td>\u00b0C<\/td>\n<td>1<\/td>\n<\/tr>\n<tr>\n<td>Maksimaalne \u00fcmbritseva \u00f5hu temperatuur<\/td>\n<td>\u00b0C<\/td>\n<td>40<\/td>\n<\/tr>\n<tr>\n<td>Maksimaalne \u00fcmbritseva \u00f5hu niiskus<\/td>\n<td>%<\/td>\n<td>80<\/td>\n<\/tr>\n<tr>\n<td>Korpuse kaitseklass<\/td>\n<td>&#8211;<\/td>\n<td>IP22<\/td>\n<\/tr>\n<tr>\n<td>Seadme draivi kaitseklass<\/td>\n<td>&#8211;<\/td>\n<td>IP44<\/td>\n<\/tr>\n<\/tbody>\n<\/table>\n<p>&nbsp;<\/p>\n<p><strong>Seadme m\u00f5\u00f5dud:<\/strong><\/p>\n<p><a href=\"https:\/\/ventilatsiooniseade.ee\/wp-content\/uploads\/2020\/01\/VUE300H2mini.png\"><img loading=\"lazy\" decoding=\"async\" class=\"alignnone size-full wp-image-4353\" src=\"https:\/\/ventilatsiooniseade.ee\/wp-content\/uploads\/2020\/01\/VUE300H2mini.png\" alt=\"VUE300H2mini\" width=\"1343\" height=\"455\" srcset=\"https:\/\/ventilatsiooniseade.ee\/wp-content\/uploads\/2020\/01\/VUE300H2mini.png 1343w, https:\/\/ventilatsiooniseade.ee\/wp-content\/uploads\/2020\/01\/VUE300H2mini-470x159.png 470w, https:\/\/ventilatsiooniseade.ee\/wp-content\/uploads\/2020\/01\/VUE300H2mini-300x102.png 300w, https:\/\/ventilatsiooniseade.ee\/wp-content\/uploads\/2020\/01\/VUE300H2mini-768x260.png 768w, https:\/\/ventilatsiooniseade.ee\/wp-content\/uploads\/2020\/01\/VUE300H2mini-1024x347.png 1024w, https:\/\/ventilatsiooniseade.ee\/wp-content\/uploads\/2020\/01\/VUE300H2mini-80x27.png 80w\" sizes=\"auto, (max-width: 1343px) 100vw, 1343px\" \/><\/a><\/p>\n<p>&nbsp;<\/p>\n<p><a href=\"https:\/\/ventilation-system.com\/download\/vut-mini-ec-manual-1479.pdf\"><span style=\"color: #0000ff;\"><strong>Kasutusjuhend<\/strong><\/span><\/a><\/p>\n","protected":false},"excerpt":{"rendered":"<p>Heli- ja soojusisoleeritud metallist kestas kompaktne soojus-ja niiskustagastusega ventilatsiooniseade.<br \/>\n<img loading=\"lazy\" decoding=\"async\" class=\"\" src=\"https:\/\/ventilation-system.com\/upload\/svg\/0528497001677652493.svg\" alt=\"\" width=\"67\" height=\"67\" \/><\/p>\n<p><strong>Helir\u00f5hutase 3 m kaugusel:<\/strong> 33 dB(A)<br \/>\n<strong>Soojusvaheti t\u00fc\u00fcp:<\/strong> Ristvool<br \/>\n<strong>V\u00e4ljat\u00f5mbe\u00f5hu filter:<\/strong> G4<br \/>\n<strong>Siseneva \u00f5hu filter:<\/strong> G4, F8<br \/>\n<strong>Heliisolatsiooniga korpus<br \/>\nMootori t\u00fc\u00fcp:<\/strong> EC-mootor<br \/>\n<strong>Entalpia soojusvaheti<br \/>\nJuhtimine:<\/strong> Puldiga (kaugjuhtimine)<br \/>\n<strong>Korpuse materjal:<\/strong> Tsingitud teras<br \/>\n<strong>CO\u2082-andur:<\/strong> Valikuline<br \/>\n<strong>VOC-andur:<\/strong> Valikuline<br \/>\n<strong>PM2.5 osakeste andur:<\/strong> Valikuline<\/p>\n<p><a href=\"https:\/\/ventilation-system.com\/download\/vut-mini-ec-datasheet-12056.pdf\"><span style=\"color: #0000ff;\"><strong>Infoleht<\/strong><\/span><\/a><\/p>\n","protected":false},"featured_media":6246,"comment_status":"closed","ping_status":"closed","template":"","meta":[],"product_brand":[],"product_cat":[13,164,17,40,42],"product_tag":[],"class_list":{"0":"post-1493","1":"product","2":"type-product","3":"status-publish","4":"has-post-thumbnail","6":"product_cat-ventilatsiooniseadmed","7":"product_cat-vents","8":"product_cat-soojustagastusega-ventilatsiooniseadmed","9":"product_cat-porandakinnitusega-seadmed","10":"product_cat-porandakinnitusega-seadmed-tsentraalsed-seadmed","12":"first","13":"instock","14":"shipping-taxable","15":"purchasable","16":"product-type-simple"},"_links":{"self":[{"href":"https:\/\/ventilatsiooniseade.ee\/index.php?rest_route=\/wp\/v2\/product\/1493","targetHints":{"allow":["GET"]}}],"collection":[{"href":"https:\/\/ventilatsiooniseade.ee\/index.php?rest_route=\/wp\/v2\/product"}],"about":[{"href":"https:\/\/ventilatsiooniseade.ee\/index.php?rest_route=\/wp\/v2\/types\/product"}],"replies":[{"embeddable":true,"href":"https:\/\/ventilatsiooniseade.ee\/index.php?rest_route=%2Fwp%2Fv2%2Fcomments&post=1493"}],"wp:featuredmedia":[{"embeddable":true,"href":"https:\/\/ventilatsiooniseade.ee\/index.php?rest_route=\/wp\/v2\/media\/6246"}],"wp:attachment":[{"href":"https:\/\/ventilatsiooniseade.ee\/index.php?rest_route=%2Fwp%2Fv2%2Fmedia&parent=1493"}],"wp:term":[{"taxonomy":"product_brand","embeddable":true,"href":"https:\/\/ventilatsiooniseade.ee\/index.php?rest_route=%2Fwp%2Fv2%2Fproduct_brand&post=1493"},{"taxonomy":"product_cat","embeddable":true,"href":"https:\/\/ventilatsiooniseade.ee\/index.php?rest_route=%2Fwp%2Fv2%2Fproduct_cat&post=1493"},{"taxonomy":"product_tag","embeddable":true,"href":"https:\/\/ventilatsiooniseade.ee\/index.php?rest_route=%2Fwp%2Fv2%2Fproduct_tag&post=1493"}],"curies":[{"name":"wp","href":"https:\/\/api.w.org\/{rel}","templated":true}]}}