{"id":1463,"date":"2019-12-05T16:07:41","date_gmt":"2019-12-05T14:07:41","guid":{"rendered":"http:\/\/ventilatsiooniseade.ee\/?post_type=product&#038;p=1463"},"modified":"2020-10-22T11:32:15","modified_gmt":"2020-10-22T08:32:15","slug":"vents-vut-180-pb-ec","status":"publish","type":"product","link":"https:\/\/ventilatsiooniseade.ee\/?product=vents-vut-180-pb-ec","title":{"rendered":"VUT 180 P5B EC A22"},"content":{"rendered":"<p>Seadme m\u00f5\u00f5dud:<\/p>\n<p><a href=\"https:\/\/ventilatsiooniseade.ee\/wp-content\/uploads\/2019\/12\/VUT180P5b.png\"><img loading=\"lazy\" decoding=\"async\" class=\"alignnone size-full wp-image-4346\" src=\"https:\/\/ventilatsiooniseade.ee\/wp-content\/uploads\/2019\/12\/VUT180P5b.png\" alt=\"VUT180P5(b)\" width=\"1185\" height=\"533\" srcset=\"https:\/\/ventilatsiooniseade.ee\/wp-content\/uploads\/2019\/12\/VUT180P5b.png 1185w, https:\/\/ventilatsiooniseade.ee\/wp-content\/uploads\/2019\/12\/VUT180P5b-470x211.png 470w, https:\/\/ventilatsiooniseade.ee\/wp-content\/uploads\/2019\/12\/VUT180P5b-300x135.png 300w, https:\/\/ventilatsiooniseade.ee\/wp-content\/uploads\/2019\/12\/VUT180P5b-768x345.png 768w, https:\/\/ventilatsiooniseade.ee\/wp-content\/uploads\/2019\/12\/VUT180P5b-1024x461.png 1024w, https:\/\/ventilatsiooniseade.ee\/wp-content\/uploads\/2019\/12\/VUT180P5b-80x36.png 80w\" sizes=\"auto, (max-width: 1185px) 100vw, 1185px\" \/><\/a><\/p>\n<p>Ehitus:<\/p>\n<p><a href=\"https:\/\/ventilatsiooniseade.ee\/wp-content\/uploads\/2020\/01\/25DFD36D-040C-4740-866B-1485A8AF661E.jpeg\"><img loading=\"lazy\" decoding=\"async\" class=\"alignnone size-full wp-image-2677\" src=\"https:\/\/ventilatsiooniseade.ee\/wp-content\/uploads\/2020\/01\/25DFD36D-040C-4740-866B-1485A8AF661E.jpeg\" alt=\"25DFD36D-040C-4740-866B-1485A8AF661E\" width=\"855\" height=\"455\" srcset=\"https:\/\/ventilatsiooniseade.ee\/wp-content\/uploads\/2020\/01\/25DFD36D-040C-4740-866B-1485A8AF661E.jpeg 855w, https:\/\/ventilatsiooniseade.ee\/wp-content\/uploads\/2020\/01\/25DFD36D-040C-4740-866B-1485A8AF661E-470x250.jpeg 470w, https:\/\/ventilatsiooniseade.ee\/wp-content\/uploads\/2020\/01\/25DFD36D-040C-4740-866B-1485A8AF661E-300x160.jpeg 300w, https:\/\/ventilatsiooniseade.ee\/wp-content\/uploads\/2020\/01\/25DFD36D-040C-4740-866B-1485A8AF661E-768x409.jpeg 768w, https:\/\/ventilatsiooniseade.ee\/wp-content\/uploads\/2020\/01\/25DFD36D-040C-4740-866B-1485A8AF661E-80x43.jpeg 80w\" sizes=\"auto, (max-width: 855px) 100vw, 855px\" \/><\/a><\/p>\n<p>&nbsp;<\/p>\n<p>Alloleval pildil on v\u00e4lja todud \u00fcks v\u00f5imalikest toote kasutamise v\u00f5imalustest.<\/p>\n<p>T\u00e4psemat infot leiab <strong><span style=\"color: #ff0000;\"><a style=\"color: #ff0000;\" href=\"https:\/\/ventilation-system.com\/product\/vut-180-p5b-ec#description\" target=\"_blank\">siit<\/a><\/span><\/strong>.<a href=\"https:\/\/ventilatsiooniseade.ee\/wp-content\/uploads\/2019\/12\/VUT-VUE-180-P5B-EC-application-800-en-1.png\"><img loading=\"lazy\" decoding=\"async\" class=\"alignnone size-full wp-image-1468\" src=\"https:\/\/ventilatsiooniseade.ee\/wp-content\/uploads\/2019\/12\/VUT-VUE-180-P5B-EC-application-800-en-1.png\" alt=\"VUT-VUE-180-P5B-EC-application-800-en\" width=\"800\" height=\"1101\" srcset=\"https:\/\/ventilatsiooniseade.ee\/wp-content\/uploads\/2019\/12\/VUT-VUE-180-P5B-EC-application-800-en-1.png 800w, https:\/\/ventilatsiooniseade.ee\/wp-content\/uploads\/2019\/12\/VUT-VUE-180-P5B-EC-application-800-en-1-470x647.png 470w, https:\/\/ventilatsiooniseade.ee\/wp-content\/uploads\/2019\/12\/VUT-VUE-180-P5B-EC-application-800-en-1-218x300.png 218w, https:\/\/ventilatsiooniseade.ee\/wp-content\/uploads\/2019\/12\/VUT-VUE-180-P5B-EC-application-800-en-1-768x1057.png 768w, https:\/\/ventilatsiooniseade.ee\/wp-content\/uploads\/2019\/12\/VUT-VUE-180-P5B-EC-application-800-en-1-744x1024.png 744w, https:\/\/ventilatsiooniseade.ee\/wp-content\/uploads\/2019\/12\/VUT-VUE-180-P5B-EC-application-800-en-1-78x107.png 78w, https:\/\/ventilatsiooniseade.ee\/wp-content\/uploads\/2019\/12\/VUT-VUE-180-P5B-EC-application-800-en-1-436x600.png 436w\" sizes=\"auto, (max-width: 800px) 100vw, 800px\" \/><\/a><\/p>\n<p>Seadme komplekti kuulub<strong> juhtpult A22<\/strong>.<\/p>\n<p><a href=\"https:\/\/ventilatsiooniseade.ee\/wp-content\/uploads\/2019\/12\/A14-100-3.png\"><img loading=\"lazy\" decoding=\"async\" class=\"alignnone size-full wp-image-1815\" src=\"https:\/\/ventilatsiooniseade.ee\/wp-content\/uploads\/2019\/12\/A14-100-3.png\" alt=\"A14-100\" width=\"100\" height=\"100\" srcset=\"https:\/\/ventilatsiooniseade.ee\/wp-content\/uploads\/2019\/12\/A14-100-3.png 100w, https:\/\/ventilatsiooniseade.ee\/wp-content\/uploads\/2019\/12\/A14-100-3-80x80.png 80w\" sizes=\"auto, (max-width: 100px) 100vw, 100px\" \/><\/a><\/p>\n<p>Juhtpuldi funktsioonid:<\/p>\n<ul>\n<li style=\"text-align: left;\">seadme sisse\/v\u00e4lja l\u00fclitamine<\/li>\n<li style=\"text-align: left;\">seadme j\u00f5udluse juhtimine (madala, keskmine, v\u00f5i suure kiiruse valimine)<\/li>\n<li style=\"text-align: left;\">m\u00f6\u00f6davoolu klapi avamine ja sulgemine<\/li>\n<li style=\"text-align: left;\">veateade<\/li>\n<li style=\"text-align: left;\">filtri vahetuse teade<\/li>\n<\/ul>\n<p>Sellel sarjal pakkuda ka soojus- ja niiskustagastusega mudel <span class=\"l-item\">VUE 180 P5B EC (<span style=\"color: #ff0000;\"><a style=\"color: #ff0000;\" href=\"https:\/\/ventilatsiooniseade.ee\/?page_id=27\" target=\"_blank\"><strong>k\u00fcsi meilt lisainfot<\/strong><\/a><\/span>)<\/span><\/p>\n<p>&nbsp;<\/p>\n<p>&nbsp;<\/p>\n","protected":false},"excerpt":{"rendered":"<p>Soojustagastusega ventilatsiooniseade<\/p>\n<p>Heli summutav korpus<\/p>\n<p>tootlikus 179 m\u00b3\/h @ 100 Pa. T\u00e4psemat infot tootlikuse kohta leiad <strong><a href=\"https:\/\/ventilation-system.com\/series\/vut-vue-180-p5b-ec#schedule\" target=\"_blank\"><span style=\"color: #ff0000;\">siit<\/span><\/a><a href=\"https:\/\/ventilation-system.com\/series\/vut-vue-180-p5b-ec#schedule\" target=\"_blank\">.<\/a><\/strong><\/p>\n<p>Soojuse taaskasutamise\u00a0 t\u00f5husus kuni 98%<span class=\"l-item\"><br \/>\n<\/span><\/p>\n<div class=\"seria-gallery\"><\/div>\n","protected":false},"featured_media":1464,"comment_status":"closed","ping_status":"closed","template":"","meta":[],"product_brand":[],"product_cat":[121,13,17,41],"product_tag":[],"class_list":{"0":"post-1463","1":"product","2":"type-product","3":"status-publish","4":"has-post-thumbnail","6":"product_cat-top-tooted","7":"product_cat-ventilatsiooniseadmed","8":"product_cat-soojustagastusega-ventilatsiooniseadmed","9":"product_cat-riputatavad-seadmed","11":"first","12":"instock","13":"shipping-taxable","14":"purchasable","15":"product-type-simple"},"_links":{"self":[{"href":"https:\/\/ventilatsiooniseade.ee\/index.php?rest_route=\/wp\/v2\/product\/1463","targetHints":{"allow":["GET"]}}],"collection":[{"href":"https:\/\/ventilatsiooniseade.ee\/index.php?rest_route=\/wp\/v2\/product"}],"about":[{"href":"https:\/\/ventilatsiooniseade.ee\/index.php?rest_route=\/wp\/v2\/types\/product"}],"replies":[{"embeddable":true,"href":"https:\/\/ventilatsiooniseade.ee\/index.php?rest_route=%2Fwp%2Fv2%2Fcomments&post=1463"}],"wp:featuredmedia":[{"embeddable":true,"href":"https:\/\/ventilatsiooniseade.ee\/index.php?rest_route=\/wp\/v2\/media\/1464"}],"wp:attachment":[{"href":"https:\/\/ventilatsiooniseade.ee\/index.php?rest_route=%2Fwp%2Fv2%2Fmedia&parent=1463"}],"wp:term":[{"taxonomy":"product_brand","embeddable":true,"href":"https:\/\/ventilatsiooniseade.ee\/index.php?rest_route=%2Fwp%2Fv2%2Fproduct_brand&post=1463"},{"taxonomy":"product_cat","embeddable":true,"href":"https:\/\/ventilatsiooniseade.ee\/index.php?rest_route=%2Fwp%2Fv2%2Fproduct_cat&post=1463"},{"taxonomy":"product_tag","embeddable":true,"href":"https:\/\/ventilatsiooniseade.ee\/index.php?rest_route=%2Fwp%2Fv2%2Fproduct_tag&post=1463"}],"curies":[{"name":"wp","href":"https:\/\/api.w.org\/{rel}","templated":true}]}}