{"id":125,"date":"2022-03-22T11:00:54","date_gmt":"2022-03-22T09:00:54","guid":{"rendered":"http:\/\/ventilatsiooniseade.ee\/uus\/?post_type=product&#038;p=125"},"modified":"2022-03-22T11:59:12","modified_gmt":"2022-03-22T09:59:12","slug":"vents-micra-60","status":"publish","type":"product","link":"https:\/\/ventilatsiooniseade.ee\/?product=vents-micra-60","title":{"rendered":"VENTS Micra 60 A3"},"content":{"rendered":"<table width=\"470\">\n<tbody>\n<tr>\n<td width=\"278\"><strong>Parameeter<\/strong><\/td>\n<td style=\"text-align: center;\" colspan=\"2\" width=\"128\"><strong>V\u00e4\u00e4rtus<\/strong><\/td>\n<td style=\"text-align: left;\" width=\"64\"><strong>M\u00f5\u00f5t\u00fchik<\/strong><\/td>\n<\/tr>\n<tr>\n<td width=\"278\">Kiirus<\/td>\n<td colspan=\"2\" width=\"128\">\n<p style=\"text-align: center;\">min\u00a0\u00a0\u00a0\u00a0max<\/p>\n<\/td>\n<td width=\"64\"><\/td>\n<\/tr>\n<tr>\n<td width=\"278\">Toitepinge<\/td>\n<td colspan=\"2\" width=\"128\">\n<p style=\"text-align: center;\">100-240<\/p>\n<\/td>\n<td width=\"64\">V<\/td>\n<\/tr>\n<tr>\n<td width=\"278\">V\u00f5imsus<\/td>\n<td colspan=\"2\" width=\"128\">\n<p style=\"text-align: center;\">4.2\u00a0\u00a0\u00a0\u00a015.4<\/p>\n<\/td>\n<td width=\"64\">W<\/td>\n<\/tr>\n<tr>\n<td width=\"278\">Voolutarve<\/td>\n<td colspan=\"2\" width=\"128\">\n<p style=\"text-align: center;\">0.02\u00a0\u00a0\u00a0\u00a00.07<\/p>\n<\/td>\n<td width=\"64\">A<\/td>\n<\/tr>\n<tr>\n<td width=\"278\">Voolusagedus<\/td>\n<td colspan=\"2\" width=\"128\">\n<p style=\"text-align: center;\">50\/60<\/p>\n<\/td>\n<td width=\"64\">Hz<\/td>\n<\/tr>\n<tr>\n<td rowspan=\"5\" width=\"278\">\u00d5huhulgad<\/td>\n<td style=\"text-align: center;\" colspan=\"2\" width=\"128\">30\u00a0\u00a0\u00a0\u00a060<\/td>\n<td width=\"64\">m<sup>3<\/sup>\/h<\/td>\n<\/tr>\n<tr>\n<td style=\"text-align: center;\" colspan=\"2\" width=\"128\">17,67\u00a0\u00a0\u00a0\u00a035,34<\/td>\n<td width=\"64\">CFM<\/td>\n<\/tr>\n<tr>\n<td style=\"text-align: center;\" colspan=\"2\" width=\"128\">8,34\u00a0\u00a0\u00a0\u00a016,68<\/td>\n<td width=\"64\">l\/s<\/td>\n<\/tr>\n<tr>\n<td style=\"text-align: center;\" colspan=\"2\" width=\"128\">0,00834\u00a0\u00a0\u00a0\u00a00,01668<\/td>\n<td width=\"64\">m\u00b3\/s<\/td>\n<\/tr>\n<tr>\n<td colspan=\"2\" width=\"128\">\n<p style=\"text-align: center;\">501\u00a0\u00a0\u00a0\u00a01002<\/p>\n<\/td>\n<td width=\"64\">l\/m<\/td>\n<\/tr>\n<tr>\n<td width=\"278\">P\u00f6\u00f6rlemiskiirus<\/td>\n<td colspan=\"2\" width=\"128\">\n<p style=\"text-align: center;\">1165\u00a0\u00a0\u00a0\u00a02685<\/p>\n<\/td>\n<td width=\"64\">min\u00a0<sup>-1<\/sup><\/td>\n<\/tr>\n<tr>\n<td width=\"278\">Helisurve 3 meetri kaugusel<\/td>\n<td colspan=\"2\" width=\"128\">\n<p style=\"text-align: center;\">22\u00a0\u00a0\u00a0\u00a029<\/p>\n<\/td>\n<td width=\"64\">dBA<\/td>\n<\/tr>\n<tr>\n<td width=\"278\">Soojustagastuse efektiivsus<\/td>\n<td colspan=\"2\" width=\"128\">\n<p style=\"text-align: center;\">79<\/p>\n<\/td>\n<td width=\"64\">kuni %<\/td>\n<\/tr>\n<tr>\n<td width=\"278\">Kaitseklass<\/td>\n<td colspan=\"2\" width=\"128\">\n<p style=\"text-align: center;\">IP 22<\/p>\n<\/td>\n<td width=\"64\">klass<\/td>\n<\/tr>\n<\/tbody>\n<\/table>\n<p>&nbsp;<\/p>\n<p><strong>Seadme m\u00f5\u00f5dud:<\/strong><\/p>\n<p><a href=\"https:\/\/ventilatsiooniseade.ee\/wp-content\/uploads\/2015\/03\/Micra-60-dimensions-400-EN-DE.png\"><img loading=\"lazy\" decoding=\"async\" class=\"alignnone size-full wp-image-4344\" src=\"https:\/\/ventilatsiooniseade.ee\/wp-content\/uploads\/2015\/03\/Micra-60-dimensions-400-EN-DE.png\" alt=\"Micra-60-dimensions-400-EN-DE\" width=\"400\" height=\"421\" srcset=\"https:\/\/ventilatsiooniseade.ee\/wp-content\/uploads\/2015\/03\/Micra-60-dimensions-400-EN-DE.png 400w, https:\/\/ventilatsiooniseade.ee\/wp-content\/uploads\/2015\/03\/Micra-60-dimensions-400-EN-DE-285x300.png 285w, https:\/\/ventilatsiooniseade.ee\/wp-content\/uploads\/2015\/03\/Micra-60-dimensions-400-EN-DE-80x84.png 80w\" sizes=\"auto, (max-width: 400px) 100vw, 400px\" \/><\/a><\/p>\n","protected":false},"excerpt":{"rendered":"<p>Ruumip\u00f5hine soojustagastusega ventilatsiooniseade korterisse, maamajja, sotsiaal- v\u00f5i \u00e4rihoonesse. Ei ole vaja ventilatsioonitorusid laiali vedada. Parim lahendus lihtsalt ja efektiivselt ruumi renoveerimisel.\u00a0Maksimaalne \u00f5huvahetus\u00a0&#8211; 60\u00a0m<sup>3<\/sup>\/h.<\/p>\n","protected":false},"featured_media":128,"comment_status":"closed","ping_status":"closed","template":"","meta":[],"product_brand":[],"product_cat":[20],"product_tag":[],"class_list":{"0":"post-125","1":"product","2":"type-product","3":"status-publish","4":"has-post-thumbnail","6":"product_cat-ruumipohised-seadmed","8":"first","9":"instock","10":"shipping-taxable","11":"purchasable","12":"product-type-simple"},"_links":{"self":[{"href":"https:\/\/ventilatsiooniseade.ee\/index.php?rest_route=\/wp\/v2\/product\/125","targetHints":{"allow":["GET"]}}],"collection":[{"href":"https:\/\/ventilatsiooniseade.ee\/index.php?rest_route=\/wp\/v2\/product"}],"about":[{"href":"https:\/\/ventilatsiooniseade.ee\/index.php?rest_route=\/wp\/v2\/types\/product"}],"replies":[{"embeddable":true,"href":"https:\/\/ventilatsiooniseade.ee\/index.php?rest_route=%2Fwp%2Fv2%2Fcomments&post=125"}],"wp:featuredmedia":[{"embeddable":true,"href":"https:\/\/ventilatsiooniseade.ee\/index.php?rest_route=\/wp\/v2\/media\/128"}],"wp:attachment":[{"href":"https:\/\/ventilatsiooniseade.ee\/index.php?rest_route=%2Fwp%2Fv2%2Fmedia&parent=125"}],"wp:term":[{"taxonomy":"product_brand","embeddable":true,"href":"https:\/\/ventilatsiooniseade.ee\/index.php?rest_route=%2Fwp%2Fv2%2Fproduct_brand&post=125"},{"taxonomy":"product_cat","embeddable":true,"href":"https:\/\/ventilatsiooniseade.ee\/index.php?rest_route=%2Fwp%2Fv2%2Fproduct_cat&post=125"},{"taxonomy":"product_tag","embeddable":true,"href":"https:\/\/ventilatsiooniseade.ee\/index.php?rest_route=%2Fwp%2Fv2%2Fproduct_tag&post=125"}],"curies":[{"name":"wp","href":"https:\/\/api.w.org\/{rel}","templated":true}]}}